-- Table structure for table `kkn_luaran`
--

CREATE TABLE `kkn_luaran` (
  `id` int NOT NULL,
  `mahasiswa_id` int NOT NULL,
  `jenis` enum('artikel_jurnal','artikel_media') NOT NULL,
  `judul` varchar(500) NOT NULL,
  `link_url` text,
  `filename` varchar(255) NOT NULL,
  `uploaded_at` datetime DEFAULT CURRENT_TIMESTAMP
) ENGINE=InnoDB DEFAULT CHARSET=utf8mb4 COLLATE=utf8mb4_0900_ai_ci;

--
-- Dumping data for table `kkn_luaran`
--

INSERT INTO `kkn_luaran` (`id`, `mahasiswa_id`, `jenis`, `judul`, `link_url`, `filename`, `uploaded_at`) VALUES
(1, 1, 'artikel_jurnal', 'Pengabdina', 'https://drive.google.com/file/d/1znzAAjNcpIsHxTcyGmritLW1igCx9AdL/view?usp=sharing', '', '2026-07-28 12:16:28'),
(2, 1, 'artikel_media', 'Pengabdina', 'https://drive.google.com/file/d/1znzAAjNcpIsHxTcyGmritLW1igCx9AdL/view?usp=sharing', '', '2026-07-28 12:17:00'),
(4, 26, 'artikel_media', 'KKN UMUS Brebes Hadirkan Dongeng Animasi Lokal  Artikel ini adalah bagian dari Mitra Promedia Group dan sudah tayang dengan judul \"KKN UMUS Brebes Hadirkan Dongeng Animasi Lokal\"', 'https://www.panturapost.com/pendidikan/2077471420/kkn-umus-brebes-hadirkan-dongeng-animasi-lokal', '', '2026-07-28 12:18:46'),
(5, 209, 'artikel_media', 'Mahasiswa KKN UMUS Brebes Petakan Manajemen UMKM Desa Luwunggede untuk Perkuat Strategi Pengembangan Usaha', 'https://www.panturapost.com/pendidikan/2077471222/mahasiswa-kkn-umus-brebes-petakan-manajemen-umkm-desa-luwunggede-untuk-perkuat-strategi-pengembangan-usaha?page=all', '', '2026-07-28 12:22:50'),
(6, 64, 'artikel_media', 'Cegah Kecanduan Gawai, Mahasiswa KKN UMUS Terapkan Metode Gamifikasi untuk Tingkatkan Numerasi Anak', 'https://www.panturapost.com/pendidikan/2077472073/cegah-kecanduan-gawai-mahasiswa-kkn-umus-terapkan-metode-gamifikasi-untuk-tingkatkan-numerasi-anak?page=all', '', '2026-07-28 12:54:10'),
(8, 83, 'artikel_jurnal', 'Praktik Pemeliharaan Rutin Budidaya Ikan dan      Aquaponik Sederhana Skala Rumah Tangga', 'https://docs.google.com/document/d/1GRd2AfdKrDyS8Hbuz5FbweLRxpk4wpQz/edit?usp=drive_link&ouid=106348163203082910302&rtpof=true&sd=true', '', '2026-07-28 17:54:01'),
(9, 216, 'artikel_media', 'Dari Kampus untuk Desa: KKN UMUS Hadirkan Perencanaan dari mahasiswa umus untuk desa kkn umus hadirkan perencanaan teknis plang arah jalan perkuat tata kelola infrastruktur kebongede', 'https://www.panturapost.com/pendidikan/2077462743/dari-kampus-untuk-desa-kkn-umus-hadirkan-perencanaan-teknis-plang-arah-jalan-perkuat-tata-kelola-infrastruktur-kebon-gede?page=all', '', '2026-07-28 20:21:47'),
(10, 18, 'artikel_media', 'KKN UMUS Brebes Petakan Drainase Desa Luwunggede', 'https://www.panturapost.com/pendidikan/2077472750/kkn-umus-brebes-petakan-drainase-desa-luwunggede', '', '2026-07-28 22:36:25');

-- --------------------------------------------------------

--
-- Table structure for table `kkn_luaran_kelompok`
--

CREATE TABLE `kkn_luaran_kelompok` (
  `id` int NOT NULL,
  `dpl_id` int NOT NULL,
  `ketua_id` int NOT NULL,
  `jenis` enum('rpk','laporan','poster','video') NOT NULL,
  `judul` varchar(500) NOT NULL,
  `filename` varchar(255) DEFAULT NULL,
  `link_url` varchar(1000) DEFAULT NULL,
  `uploaded_at` datetime DEFAULT CURRENT_TIMESTAMP
) ENGINE=InnoDB DEFAULT CHARSET=utf8mb4 COLLATE=utf8mb4_0900_ai_ci;

--
-- Dumping data for table `kkn_luaran_kelompok`
--

INSERT INTO `kkn_luaran_kelompok` (`id`, `dpl_id`, `ketua_id`, `jenis`, `judul`, `filename`, `link_url`, `uploaded_at`) VALUES
(2, 4, 207, 'rpk', '1. Pembuatan tempat pembakaran sampah minim asap sebagai solusi pengelolaan sampah yang ramah lingkungan (Desa Randusari dan Surokidul), 2. Pendampingan Pemasaran UMKM melalui Optimalisasi Branding dan Pemasaran Digital di Desa Randusari dan Desa Surokidul), 3. Pendampingan Bimbingan Belajar bagi Siswa Sekolah Dasar (Desa Randusari dan Surokidul).', NULL, 'https://drive.google.com/drive/folders/1kZZunHAX8c_I7HocQs15HNJioPKzKfBj', '2026-07-06 23:19:52'),
(7, 3, 145, 'rpk', 'Tilik Desa Babakan Cirebon', NULL, 'https://drive.google.com/drive/folders/1i3pbjvEbBiamDHwiJvLMqCe-yI41YTXv', '2026-06-28 15:55:21'),
(8, 6, 170, 'rpk', 'Pengembangan Zona Edukasi Berbasis Digital untuk Meningkatkan Motivasi, Literasi, dan Kemandirian Masyarakat Desa Mulyasari', NULL, 'https://drive.google.com/drive/folders/1WSMJCYBerHczsDA7xM6DV-c6h3TqwQI7', '2026-07-13 09:32:00'),
(10, 12, 35, 'rpk', 'RPK Kecamatan Brebes', NULL, 'https://drive.google.com/drive/folders/1Y-ifOa_V1pI0IN17lTeQFPwEtIk30odi', '2026-06-27 19:45:52'),
(11, 1, 124, 'rpk', 'Rencana Program Kerja (RPK) Kecamatan Bantarbolang', NULL, 'https://drive.google.com/drive/folders/19d-nKq5th1oG7lYoK8rEEbwPuV9xqojB?usp=drive_link', '2026-06-27 20:05:59'),
(12, 5, 162, 'rpk', 'RPK KKN Kec. Warungpring', NULL, 'https://drive.google.com/drive/folders/1uk9ZGQajpmIG5eOG8X0NM-tlsgWK7x_2?usp=sharing', '2026-06-28 14:13:19'),
(13, 2, 186, 'rpk', 'Rencana Program Kerja Kecamatan Moga', NULL, 'https://drive.google.com/drive/folders/1PYiyywXc2RsGXgwTO56HWLtHnDMsLozn', '2026-06-28 20:23:20'),
(14, 9, 53, 'rpk', 'Laporan RPK Kecamatan Larangan', NULL, 'https://1drv.ms/w/c/f63417dc9db74a26/IQDGLBlAOpZ2TrgFIEZF78PJATzKlTfJcmW9XFWdIuCr87A?e=CRLSe5', '2026-07-05 21:58:58'),
(15, 7, 64, 'rpk', 'Pembuatan Barcode (QR Code) Lokasi Fasilitas Desa', NULL, 'https://docs.google.com/document/d/1cQ7UnfV6Fr4A6ptpfBYwFyBSs_N90yME/edit?usp=drivesdk&ouid=115556398518136652259&rtpof=true&sd=true', '2026-06-29 09:26:45'),
(16, 25, 43, 'rpk', 'Pemberdayaan Masyarakat dan Inovasi Desa: Optimalisasi Pertanian Modern, Pengelolaan Limbah Berkelanjutan, dan Peningkatan Edukasi di Desa Rancawuluh dan Cipelem', NULL, 'https://drive.google.com/drive/folders/1rWQ2ox-omrUREfBet0NW875_2uIaQdIP', '2026-07-05 20:39:51'),
(17, 11, 144, 'rpk', 'DIGITALISASI PELAYANAN MASYARAKAT', NULL, 'https://docs.google.com/document/d/1QvlY6uOHqDJkpUPuWRePbWRFaMNlPSCS/edit?usp=drivesdk&ouid=109572498420587326578&rtpof=true&sd=true', '2026-06-29 11:04:16'),
(18, 8, 134, 'rpk', 'RPK JATINEGARA KAB. TEGAL', NULL, 'https://drive.google.com/drive/folders/1whCFipuBpHtydmSvklrhyUlFN19zwaQ-', '2026-07-04 19:03:48'),
(19, 7, 164, 'laporan', 'Pembakaran sampah minim asap', NULL, 'https://docs.google.com/document/d/1UPIHoI2QtGlAKXYDf3Vjheyz0ajRrAfH/edit?usp=drivesdk&ouid=116688688175042455199&rtpof=true&sd=true', '2026-06-29 12:13:06');

-- --------------------------------------------------------

--
-- Table structure for table `kkn_mahasiswa`
--

CREATE TABLE `kkn_mahasiswa` (
  `id` int NOT NULL,
  `user_id` int DEFAULT NULL,
  `nama` varchar(150) NOT NULL,
  `nim` varchar(20) NOT NULL,
  `prodi` varchar(100) NOT NULL,
  `email` varchar(150) NOT NULL,
  `kecamatan` varchar(100) NOT NULL,
  `kabupaten` varchar(100) NOT NULL,
  `dpl_id` int DEFAULT NULL,
  `created_at` datetime DEFAULT CURRENT_TIMESTAMP
) ENGINE=InnoDB DEFAULT CHARSET=utf8mb4 COLLATE=utf8mb4_0900_ai_ci;

--
-- Dumping data for table `kkn_mahasiswa`
--

INSERT INTO `kkn_mahasiswa` (`id`, `user_id`, `nama`, `nim`, `prodi`, `email`, `kecamatan`, `kabupaten`, `dpl_id`, `created_at`) VALUES
(1, 19, 'Kinderboy', '61201240002', 'Manajemen', 'kinderboystory@gmail.com', 'Moga', 'Pemalang', 2, '2026-06-15 19:21:04'),
(2, 107, 'Risca Yulia', '61201230014', 'Manajemen', 'riscayulia04@gmail.com', 'Bantarbolang', 'Pemalang', 1, '2026-06-16 06:33:15'),
(3, 108, 'Siti Nur Baetilah', '88201230007', 'PBSI (Pendidikan Bahasa & Sastra Indonesia)', 'baeti290224@gmail.com', 'Mundu', 'Cirebon', 7, '2026-06-16 06:33:17'),
(4, 106, 'Felis Jiliyanti', '86206230009', 'PGSD (Pendidikan Guru Sekolah Dasar)', 'felisjiliyanti05@gmail.com', 'Jatinegara', 'Tegal', 8, '2026-06-16 06:33:19'),
(5, 105, 'Regira Burma Dewani', '86206230059', 'PGSD (Pendidikan Guru Sekolah Dasar)', 'regiraburma288@gmail.com', 'Bantarbolang', 'Pemalang', 1, '2026-06-16 06:33:21'),
(7, 103, 'Puput Ayu Permatasari', '61201230060', 'Manajemen', 'puputayu368@gmail.com', 'Bulakamba', 'Brebes', 25, '2026-06-16 06:33:24'),
(8, 102, 'Deni Saefulloh', '61201230046', 'Manajemen', 'denisaefulloh405@gmail.com', 'Mundu', 'Cirebon', 7, '2026-06-16 06:33:26'),
(9, 100, 'Rahma Islami Aulia', '86206230057', 'PGSD (Pendidikan Guru Sekolah Dasar)', 'a14300943@gmail.com', 'Warungpring', 'Pemalang', 5, '2026-06-16 06:33:31'),
(10, 99, 'Novita Nur Sa\'adah', '61201230057', 'Manajemen', 'novitanursaadah192@gmail.com', 'Larangan', 'Brebes', 9, '2026-06-16 06:33:33'),
(11, 98, 'Winanti Nur Afwani', '86206230023', 'PGSD (Pendidikan Guru Sekolah Dasar)', 'nurafwani038@gmail.com', 'Moga', 'Pemalang', 2, '2026-06-16 06:33:35'),
(12, 97, 'Aldi Ferdiansyah', '22201230014', 'Teknik Sipil', 'ferdiansyah.aldi1305@gmail.com', 'Pagerbarang', 'Tegal', 4, '2026-06-16 06:33:37'),
(13, 96, 'Laras Ayu Dwi Ningrum', '55201230012', 'Teknik Informatika', 'larasayu314@gmail.com', 'Brebes', 'Brebes', 12, '2026-06-16 06:33:39'),
(14, 95, 'Tri Yani', '61201230052', 'Manajemen', 'triyanityani5@gmail.com', 'Babakan', 'Cirebon', 3, '2026-06-16 06:33:41'),
(15, 94, 'Saefiya Nurkhayati', '62201230006', 'Akuntansi', 'saefiya.11@gmail.com', 'Margasari', 'Tegal', 11, '2026-06-16 06:33:55'),
(16, 93, 'Siti Devi Nur Aliyah', '61201230035', 'Manajemen', 'sitidevinuraliyah1509@gmail.com', 'Brebes', 'Brebes', 12, '2026-06-16 06:33:57'),
(17, 92, 'Mutiara Claudia Sagala', '61201230037', 'Manajemen', 'mutclaudia123@gmail.com', 'Bulakamba', 'Brebes', 25, '2026-06-16 06:33:58'),
(18, 91, 'Agus Susilo', '22201230012', 'Teknik Sipil', 'agussusilo1310@gmail.com', 'Larangan', 'Brebes', 9, '2026-06-16 06:34:00'),
(19, 90, 'Milkhatul Maula', '86206230048', 'PGSD (Pendidikan Guru Sekolah Dasar)', 'milkhatulmaula7@gmail.com', 'Margasari', 'Tegal', 11, '2026-06-16 06:34:02'),
(20, 89, 'Anik Nur Lestari', '61201230055', 'Manajemen', 'nurlestaryanik@gmail.com', 'Babakan', 'Cirebon', 3, '2026-06-16 06:34:04'),
(21, 88, 'Bagas Priwa Wardana', '55201230024', 'Teknik Informatika', 'bagasprima57@gmail.com', 'Mundu', 'Cirebon', 7, '2026-06-16 06:34:06'),
(22, 87, 'Putri Indah Permatasari', '55201230013', 'Teknik Informatika', 'utiipermatasari732@gmail.com', 'Mundu', 'Cirebon', 7, '2026-06-16 06:34:08'),
(23, 86, 'Nurul Riszqi Hidayati', '61201230020', 'Manajemen', 'nurulriszqi2005@gmail.com', 'Brebes', 'Brebes', 12, '2026-06-16 06:34:10'),
(24, 109, 'Ronis Yulianah', '62201230003', 'Akuntansi', 'ronisyulianah68@gmail.com', 'Losari', 'Cirebon', 6, '2026-06-16 06:34:12'),
(25, 85, 'Erniati', '61201250012', 'Manajemen', 'erniaaa01@gmail.com', 'Warungpring', 'Pemalang', 5, '2026-06-16 06:34:14'),
(26, 84, 'Mohamad Afrizal', '86206230034', 'PGSD (Pendidikan Guru Sekolah Dasar)', 'afrizalmohamad86@gmail.com', 'Margasari', 'Tegal', 11, '2026-06-16 06:34:16'),
(27, 83, 'Siti Nur Janah', '61201230008', 'Manajemen', '2019sitinurjanah@gmail.com', 'Bulakamba', 'Brebes', 25, '2026-06-16 06:34:17'),
(28, 82, 'Mutia Dwi Fadika', '61201230003', 'Manajemen', 'mutiyadwifadika@gmail.com', 'Bulakamba', 'Brebes', 25, '2026-06-16 06:34:19'),
(29, 81, 'Muhammad Daffa al-Faruq', '61201250016', 'Manajemen', 'daffa05alfaruq@gmail.com', 'Babakan', 'Cirebon', 3, '2026-06-16 06:34:21'),
(30, 80, 'Alfiyani Nurul Islamiyati', '41203230002', 'ITP (Ilmu dan Teknologi Pangan)', 'alfiyaninurul24@gmail.com', 'Brebes', 'Brebes', 12, '2026-06-16 06:34:26'),
(31, 78, 'Miftah Sidik', '61201230001', 'Manajemen', 'miftahsidik307@gmail.com', 'Losari', 'Cirebon', 6, '2026-06-16 06:34:27'),
(32, 77, 'Achmad Muhajir', '55201250017', 'Teknik Informatika', 'muhajira46@gmail.com', 'Margasari', 'Tegal', 11, '2026-06-16 06:34:31'),
(33, 76, 'Gita Natasya', '86206230050', 'PGSD (Pendidikan Guru Sekolah Dasar)', 'gitanatasya3546@gmail.com', 'Bulakamba', 'Brebes', 25, '2026-06-16 06:34:33'),
(34, 75, 'Alvi Sofwatun Najah', '61201230016', 'Manajemen', 'alfi.sofyatun@gmail.com', 'Larangan', 'Brebes', 9, '2026-06-16 06:34:35'),
(35, 74, 'Agung Laksono', '86206230036', 'PGSD (Pendidikan Guru Sekolah Dasar)', 'agunglaksonox.tkr@gmail.com', 'Brebes', 'Brebes', 12, '2026-06-16 06:34:36'),
(36, 73, 'Akhmad Fatkhul Arifin', '55201230005', 'Teknik Informatika', 'fatkhularif15@gmail.com', 'Larangan', 'Brebes', 9, '2026-06-16 06:34:45'),
(37, 72, 'Arinal Muna Puteri', '86206230030', 'PGSD (Pendidikan Guru Sekolah Dasar)', 'arinalmunaputeri@gmail.com', 'Brebes', 'Brebes', 12, '2026-06-16 06:34:46'),
(38, 71, 'Isni Yuniawati', '61201230029', 'Manajemen', 'isniyuniawati07@gmail.com', 'Bulakamba', 'Brebes', 25, '2026-06-16 06:34:48'),
(39, 70, 'Dwi Cahyani Julianti', '86206230064', 'PGSD (Pendidikan Guru Sekolah Dasar)', 'dwijulianti972@gmail.com', 'Larangan', 'Brebes', 9, '2026-06-16 06:34:50'),
(40, 69, 'Salsabila Azzahrah', '86206230058', 'PGSD (Pendidikan Guru Sekolah Dasar)', 'salsabilla1456@gmail.com', 'Moga', 'Pemalang', 2, '2026-06-16 06:35:18'),
(41, 67, 'Uun Ratmi', '86206230024', 'PGSD (Pendidikan Guru Sekolah Dasar)', 'uunratmi784@gmail.com', 'Losari', 'Cirebon', 6, '2026-06-16 06:35:19'),
(42, 66, 'Heni Safitroh', '86206230044', 'PGSD (Pendidikan Guru Sekolah Dasar)', 'henisafitroh2@gmail.com', 'Pagerbarang', 'Tegal', 4, '2026-06-16 06:35:21'),
(43, 65, 'Alfian Abu Nadzir Mulkhan', '55201230026', 'Teknik Informatika', 'alfianabu87@gmail.com', 'Bulakamba', 'Brebes', 25, '2026-06-16 06:35:25'),
(44, 64, 'Kistanto', '55201220013', 'Teknik Informatika', 'kistnto2@gmail.com', 'Losari', 'Cirebon', 6, '2026-06-16 06:35:26'),
(45, 63, 'Ayatul Maula Elsyam', '62201230005', 'Akuntansi', 'ayatulmaulaelsyam8@gmail.com', 'Babakan', 'Cirebon', 3, '2026-06-16 06:35:27'),
(46, 62, 'Ayuni Dara Gustiandini', '62201240005', 'Akuntansi', 'ayunidara12@gmail.com', 'Babakan', 'Cirebon', 3, '2026-06-16 06:35:29'),
(47, 61, 'Achmad Cahyono', '22201250026', 'Teknik Sipil', 'widicahyo@gmail.com', 'Moga', 'Pemalang', 2, '2026-06-16 06:35:30'),
(48, 60, 'Rifqoh Nur Naafi\'ah', '55201230014', 'Teknik Informatika', 'riifqohna23@gmail.com', 'Bantarbolang', 'Pemalang', 1, '2026-06-16 06:35:32'),
(49, 59, 'Ibnu Fikri Haikal', '55201230020', 'Teknik Informatika', 'ibnufikrihaikal9@gmail.com', 'Moga', 'Pemalang', 2, '2026-06-16 06:35:34'),
(50, 58, 'Faridatunnisa Nabila Septiani', '88201230004', 'PBSI (Pendidikan Bahasa & Sastra Indonesia)', 'faridatunnisanabilas@gmail.com', 'Jatinegara', 'Tegal', 8, '2026-06-16 06:35:37'),
(52, 56, 'Anggi Ni\'matu Maulana', '86206230002', 'PGSD (Pendidikan Guru Sekolah Dasar)', 'angginimatumaulana1209@gmail.com', 'Bulakamba', 'Brebes', 25, '2026-06-16 06:35:40'),
(53, 55, 'Nurul Aeni', '86206230029', 'PGSD (Pendidikan Guru Sekolah Dasar)', 'nurullaeni132@gmail.com', 'Larangan', 'Brebes', 9, '2026-06-16 06:35:42'),
(54, 54, 'Alfi Mutiara', '62201250013', 'Akuntansi', 'alfimutiara951@gmail.com', 'Bulakamba', 'Brebes', 25, '2026-06-16 06:35:45'),
(55, 53, 'Triwulan Dari', '61201250013', 'Manajemen', 'tdari448@gmail.com', 'Warungpring', 'Pemalang', 5, '2026-06-16 06:35:48'),
(56, 52, 'Adi Gunawan Nugroho', '22201250022', 'Teknik Sipil', 'adigunawannugroho@gmail.com', 'Margasari', 'Tegal', 11, '2026-06-16 06:35:54'),
(57, 51, 'Ade Fitriana', '86206230054', 'PGSD (Pendidikan Guru Sekolah Dasar)', 'adefitriana2005@gmail.com', 'Babakan', 'Cirebon', 3, '2026-06-16 06:35:55'),
(58, 50, 'Miftakhussurur', '55201230007', 'Teknik Informatika', 'ulunsurur@gmail.com', 'Bulakamba', 'Brebes', 25, '2026-06-16 06:36:15'),
(59, 49, 'Putri Rahma Aliya', '222012300123', 'Teknik Sipil', 'rahmaaliya2503@gmail.com', 'Bantarbolang', 'Pemalang', 1, '2026-06-16 06:36:17'),
(61, 47, 'Dinar Aulia', '86206230041', 'PGSD (Pendidikan Guru Sekolah Dasar)', 'adinar855@gmail.com', 'Margasari', 'Tegal', 11, '2026-06-16 06:36:23'),
(62, 46, 'Hesty Ratnasari', '88201230011', 'PBSI (Pendidikan Bahasa & Sastra Indonesia)', '88201230011@umus.ac.id', 'Moga', 'Pemalang', 2, '2026-06-16 06:36:27'),
(64, 44, 'Icha Olivia Agatha', '86206230056', 'PGSD (Pendidikan Guru Sekolah Dasar)', 'ichaolivia29@gmail.com', 'Mundu', 'Cirebon', 7, '2026-06-16 06:36:34'),
(65, 43, 'Diki Juliyanto', '22201230013', 'Teknik Sipil', 'dikijuliyanto30@gmail.com', 'Warungpring', 'Pemalang', 5, '2026-06-16 06:36:37'),
(66, 42, 'Dea Alpiyani', '62201230016', 'Akuntansi', 'deaalpiyani10@gmail.com', 'Babakan', 'Cirebon', 3, '2026-06-16 06:36:39'),
(67, 41, 'Tiara Putri Ardhita', '62201250011', 'Akuntansi', 'ardhitatputri@gmail.com', 'Brebes', 'Brebes', 12, '2026-06-16 06:36:40'),
(68, 40, 'Wafiq Mawardah', '86206230033', 'PGSD (Pendidikan Guru Sekolah Dasar)', 'wafiqmdh@gmail.com', 'Bulakamba', 'Brebes', 25, '2026-06-16 06:36:41'),
(69, 38, 'Naella Audy Fira Anggraeni', '61201230032', 'Manajemen', 'naellaaudyfiraanggraeni@gmail.com', 'Jatinegara', 'Tegal', 8, '2026-06-16 06:36:42'),
(70, 37, 'Defia Aini Rindu', '86206230028', 'PGSD (Pendidikan Guru Sekolah Dasar)', 'defiaainirindu@gmail.com', 'Bulakamba', 'Brebes', 25, '2026-06-16 06:36:44'),
(71, 36, 'Dzikra Tsabita Azalea', '86206230035', 'PGSD (Pendidikan Guru Sekolah Dasar)', 'dzikratsabita072@gmail.com', 'Warungpring', 'Pemalang', 5, '2026-06-16 06:36:46'),
(72, 35, 'Windi Indriyani', '62201230007', 'Akuntansi', 'windiindriyani426@gmail.com', 'Jatinegara', 'Tegal', 8, '2026-06-16 06:36:48'),
(73, 33, 'Ayu Dwi Noprianah', '55201220059', 'Teknik Informatika', 'ayudwie4@gmail.com', 'Jatinegara', 'Tegal', 8, '2026-06-16 06:36:50'),
(74, 32, 'Rohmatunnisa', '62201230008', 'Akuntansi', 'rohmatunisa881@gmail.com', 'Pagerbarang', 'Tegal', 4, '2026-06-16 06:36:53'),
(75, 31, 'Anissa Nurul Hidayanti', '62201220037', 'Akuntansi', 'annisaa228@gmail.com', 'Mundu', 'Cirebon', 7, '2026-06-16 06:36:56'),
(77, 29, 'Nazarul Ali Muktar', '55201230045', 'Teknik Informatika', 'nazarulalimuktarr@gmail.com', 'Larangan', 'Brebes', 9, '2026-06-16 06:37:02'),
(78, 28, 'Cantika Sarah Choirunisa', '61201230004', 'Manajemen', 'cantikasarah2005@gmail.com', 'Mundu', 'Cirebon', 7, '2026-06-16 06:37:03'),
(79, 27, 'Tika Ayu Pratiwi', '86206230045', 'PGSD (Pendidikan Guru Sekolah Dasar)', 'tikaayupratiwi50@gmail.com', 'Margasari', 'Tegal', 11, '2026-06-16 06:37:05'),
(80, 26, 'Afifahtul khoiriyah', '22201230022', 'Teknik Sipil', 'afifahtulkhoiriyah12@gmail.com', 'Jatinegara', 'Tegal', 8, '2026-06-16 06:37:07'),
(81, 25, 'Habibah Syakur', '13211230006', 'Gizi', 'Habibahsy014@gmail.com', 'Bantarbolang', 'Pemalang', 1, '2026-06-16 06:37:09'),
(82, 23, 'Siti Fatimah Alya', '13211230005', 'Gizi', 'sitifatimahalya482@gmail.com', 'Mundu', 'Cirebon', 7, '2026-06-16 06:37:10'),
(83, 24, 'Hilmi Ahmad Syauqi', '542012400010', 'Agribisnis', 'hasyau29@gmail.com', 'Jatinegara', 'Tegal', 8, '2026-06-16 06:37:12'),
(84, 22, 'Najma A\'ini Al Hanifah', '86206230001', 'PGSD (Pendidikan Guru Sekolah Dasar)', 'najmahanifah1184@gmail.com', 'Babakan', 'Cirebon', 3, '2026-06-16 06:37:16'),
(85, 21, 'Ayu Novita Rizky', '86206230043', 'PGSD (Pendidikan Guru Sekolah Dasar)', 'ayunovita5612@gmail.com', 'Jatinegara', 'Tegal', 8, '2026-06-16 06:37:18'),
(86, 20, 'M. Hikamul Ma\'aarif', '55201220066', 'Teknik Informatika', 'hikamulmaarif@gmail.com', 'Brebes', 'Brebes', 12, '2026-06-16 06:37:19'),
(87, 110, 'Rizki Amelia Putri', '61201230018', 'Manajemen', 'rizkiameliaputri385@gmail.com', 'Larangan', 'Brebes', 9, '2026-06-16 06:40:07'),
(88, 111, 'Oktavia Dwiyanti', '86206230060', 'PGSD (Pendidikan Guru Sekolah Dasar)', 'oktaviadwiyanti888@gmail.com', 'Warungpring', 'Pemalang', 5, '2026-06-16 06:50:48'),
(90, 121, 'Nur Zahra', '86206230018', 'PGSD (Pendidikan Guru Sekolah Dasar)', 'nzahra9809@gmail.com', 'Margasari', 'Tegal', 11, '2026-06-16 06:53:38'),
(91, 120, 'Nourlinda Rismaya', '61201230049', 'Manajemen', 'risma2887@gmail.com', 'Losari', 'Cirebon', 6, '2026-06-16 06:53:40'),
(92, 119, 'Mizan', '61201250049', 'Manajemen', 'mizan84@gmail.com', 'Jatinegara', 'Tegal', 8, '2026-06-16 06:53:41'),
(93, 118, 'Faisal Huda', '55201230011', 'Teknik Informatika', 'emiresarena.huda476@gmail.com', 'Mundu', 'Cirebon', 7, '2026-06-16 06:53:43'),
(94, 117, 'Umi Atin Nuraeni', '86206230032', 'PGSD (Pendidikan Guru Sekolah Dasar)', 'umiatinnuraini@gmail.com', 'Margasari', 'Tegal', 11, '2026-06-16 06:53:45'),
(95, 116, 'Ma\'rifatun Nisa', '61201230043', 'Manajemen', 'nisamarifatun803@gmail.com', 'Warungpring', 'Pemalang', 5, '2026-06-16 06:53:48'),
(96, 115, 'Izatun Zamzamia', '86206230053', 'PGSD (Pendidikan Guru Sekolah Dasar)', 'izatunzamzamia2@gmail.com', 'Warungpring', 'Pemalang', 5, '2026-06-16 06:53:50'),
(97, 113, 'Arassya Raka Adjiwibowo', '61201250011', 'Manajemen', 'rakadji21@gmail.com', 'Losari', 'Cirebon', 6, '2026-06-16 06:53:52'),
(98, 128, 'Muhammmad Yanuar Rofik', '61201240020', 'Manajemen', 'yanuarrofik885@gmail.com', 'Brebes', 'Brebes', 12, '2026-06-16 06:59:18'),
(99, 127, 'Dwi Syalva Oktavianni', '86206230006', 'PGSD (Pendidikan Guru Sekolah Dasar)', 'syalvavia27@gmail.com', 'Bulakamba', 'Brebes', 25, '2026-06-16 06:59:20'),
(100, 126, 'Laelana Hikmawati', '55201230006', 'Teknik Informatika', 'laelanahikmah95@gmail.com', 'Moga', 'Pemalang', 2, '2026-06-16 06:59:22'),
(101, 125, 'Jaka Kurniawan', '61201230069', 'Manajemen', 'jakakurniawan444@gmail.com', 'Warungpring', 'Pemalang', 5, '2026-06-16 06:59:24'),
(102, 124, 'Rochatun Nasicha', '55201230010', 'Teknik Informatika', 'nanasikhaa123@gmail.com', 'Pagerbarang', 'Tegal', 4, '2026-06-16 06:59:26'),
(103, 123, 'Alfi Rohani Lutfhiana', '88201230014', 'PBSI (Pendidikan Bahasa & Sastra Indonesia)', 'lutfiyanaalfi87@gmail.com', 'Brebes', 'Brebes', 12, '2026-06-16 06:59:27'),
(104, 122, 'Kartika', '61201230011', 'Manajemen', 'kartikaa2905@gmail.com', 'Moga', 'Pemalang', 2, '2026-06-16 06:59:29'),
(105, 129, 'Ahmad Faisal Imaduddin', '86206230061', 'PGSD (Pendidikan Guru Sekolah Dasar)', 'ahmadfaisalimaduddin@gmail.com', 'Losari', 'Cirebon', 6, '2026-06-16 07:01:15'),
(106, 130, 'Sri Murniwati', '13211240018', 'Gizi', 'sri.murniwati92@gmail.com', 'Pagerbarang', 'Tegal', 4, '2026-06-16 07:02:00'),
(107, 131, 'Elsa Dwi Andana Seisa', '62201230013', 'Akuntansi', 'edwi7162@gmail.com', 'Losari', 'Cirebon', 6, '2026-06-16 07:03:13'),
(108, 133, 'Khikam Sururi', '22201230004', 'Teknik Sipil', 'khikamsururi5@gmail.com', 'Moga', 'Pemalang', 2, '2026-06-16 07:07:23'),
(109, 132, 'Slamet Sugiarto', '55201230016', 'Teknik Informatika', 'slametsugiarto2704@gmail.com', 'Jatinegara', 'Tegal', 8, '2026-06-16 07:07:27'),
(110, 134, 'Raihani Maulida', '88201230012', 'PBSI (Pendidikan Bahasa & Sastra Indonesia)', 's115raihanimaulida@gmail.com', 'Moga', 'Pemalang', 2, '2026-06-16 07:07:54'),
(111, 135, 'Jafar Karim', '22201250029', 'Teknik Sipil', 'jafarkarim86@gmail.com', 'Bantarbolang', 'Pemalang', 1, '2026-06-16 07:08:03'),
(112, 139, 'Devi Nurhayati', '22201230007', 'Teknik Sipil', 'devi.nur.01102004@gmail.com', 'Pagerbarang', 'Tegal', 4, '2026-06-16 07:18:12'),
(113, 138, 'Agnia Nur Salsabila', '61201230048', 'Manajemen', 'agnianursalsabila12@gmail.com', 'Larangan', 'Brebes', 9, '2026-06-16 07:18:15'),
(114, 137, 'Miftah Firman Syah', '55201230009', 'Teknik Informatika', 'Miftahfirmansyah@101gmail.com', 'Larangan', 'Brebes', 9, '2026-06-16 07:18:17'),
(115, 136, 'Junizar Zikri Saftomo', '22201250039', 'Teknik Sipil', 'junizarzikri7@gmail.com', 'Warungpring', 'Pemalang', 5, '2026-06-16 07:18:19'),
(116, 144, 'Diyah Sukma Wati', '61201230024', 'Manajemen', 'diyah0164@gmail.com', 'Brebes', 'Brebes', 12, '2026-06-16 07:26:01'),
(117, 143, 'Intan Amelia Oktaviani', '86206230005', 'PGSD (Pendidikan Guru Sekolah Dasar)', 'oktavianiintanamelia@gmail.com', 'Losari', 'Cirebon', 6, '2026-06-16 07:26:03'),
(118, 142, 'Ka Angga Dermawan', '61201230030', 'Manajemen', 'kaanggajo@gmail.com', 'Mundu', 'Cirebon', 7, '2026-06-16 07:26:06'),
(119, 141, 'Ari Gunawan Sagala', '55201230042', 'Teknik Informatika', 'arisagala58@gmail.com', 'Babakan', 'Cirebon', 3, '2026-06-16 07:26:08'),
(121, 150, 'Muamar Sidik', '22201250038', 'Teknik Sipil', 'amarsidik139@gmail.com', 'Moga', 'Pemalang', 2, '2026-06-16 07:30:45'),
(122, 149, 'Aliya Lathifah Mahiza', '62201230014', 'Akuntansi', 'aliyalathifah2005@gmail.com', 'Bulakamba', 'Brebes', 25, '2026-06-16 07:30:49'),
(123, 148, 'Ledy Dwinanda', '61201230026', 'Manajemen', 'ledydwinanda7@gmail.com', 'Margasari', 'Tegal', 11, '2026-06-16 07:30:50'),
(124, 147, 'Luna Audya Faradhila', '55201230004', 'Teknik Informatika', 'audyaluna206@gmail.com', 'Bantarbolang', 'Pemalang', 1, '2026-06-16 07:30:52'),
(125, 146, 'Herlinda Putri', '88201230006', 'PBSI (Pendidikan Bahasa & Sastra Indonesia)', 'herlindaputri47@gmail.com', 'Losari', 'Cirebon', 6, '2026-06-16 07:30:53'),
(126, 145, 'Aprilia Dwi Kartini', '61201230039', 'Manajemen', 'lapri340@gmail.com', 'Bantarbolang', 'Pemalang', 1, '2026-06-16 07:30:54'),
(127, 152, 'Novia Rakhmadhani', '61201230044', 'Manajemen', 'noviarakhmadhani28@gmail.com', 'Mundu', 'Cirebon', 7, '2026-06-16 07:32:01'),
(128, 151, 'Aulia Agnesia Caroline', '86206230040', 'PGSD (Pendidikan Guru Sekolah Dasar)', 'auliaagnesiacaroline@gmail.com', 'Pagerbarang', 'Tegal', 4, '2026-06-16 07:32:03'),
(129, 159, 'Meta Sandi Yuanita', '86206250091', 'PGSD (Pendidikan Guru Sekolah Dasar)', 'kenziebastian2013@gmail.com', 'Losari', 'Cirebon', 6, '2026-06-16 07:41:49'),
(130, 158, 'Nur Firmansyah Zamani', '55201230034', 'Teknik Informatika', 'nurfirmansyah736@gmail.com', 'Bantarbolang', 'Pemalang', 1, '2026-06-16 07:41:50'),
(131, 157, 'Silfi Nur Indah Sari', '41203230003', 'ITP (Ilmu dan Teknologi Pangan)', 'silfinurindah123@gmail.com', 'Bantarbolang', 'Pemalang', 1, '2026-06-16 07:41:51'),
(132, 156, 'Lidia Puput Mentari', '61201230007', 'Manajemen', 'lidiapuputmentari@gmail.com', 'Jatinegara', 'Tegal', 8, '2026-06-16 07:41:52'),
(133, 155, 'Akhyar al Ghozi', '55201220038', 'Teknik Informatika', 'akhyarqwerty@gmail.com', 'Larangan', 'Brebes', 9, '2026-06-16 07:41:53'),
(134, 154, 'Retno Sekarwati', '13211230002', 'Gizi', 'retnoooskr14@gmail.com', 'Jatinegara', 'Tegal', 8, '2026-06-16 07:41:55'),
(135, 153, 'Siti Nur Asih', '61201230009', 'Manajemen', 'asih11447@gmail.com', 'Pagerbarang', 'Tegal', 4, '2026-06-16 07:41:56'),
(136, 164, 'Nisrina Devi Anggraeni', '61201230006', 'Manajemen', 'nisrinadevianggraeni@gmail.com', 'Brebes', 'Brebes', 12, '2026-06-16 07:50:02'),
(137, 163, 'Sadam Saputra', '54201230002', 'Agribisnis', 'sadamsaputraa32@gmail.com', 'Bantarbolang', 'Pemalang', 1, '2026-06-16 07:50:03'),
(138, 162, 'Nabila Nihayati Zakiyah', '61201230023', 'Manajemen', 'nabilazakiyah02@gmail.com', 'Larangan', 'Brebes', 9, '2026-06-16 07:50:06'),
(139, 161, 'Ramadhan Saputra', '55201230001', 'Teknik Informatika', 'saputraramadhan273@gmail.com', 'Moga', 'Pemalang', 2, '2026-06-16 07:50:07'),
(140, 170, 'Aisyatun Munawaroh', '86206230042', 'PGSD (Pendidikan Guru Sekolah Dasar)', 'aisyahbrebes308@gmail.com', 'Margasari', 'Tegal', 11, '2026-06-16 08:02:12'),
(141, 168, 'Rio Pebrian', '61201230019', 'Manajemen', 'riooopebriannn123@gmail.com', 'Losari', 'Cirebon', 6, '2026-06-16 08:02:13'),
(142, 167, 'Giz Hafisyah', '61201230058', 'Manajemen', 'gizhafisyah@gmail.com', 'Mundu', 'Cirebon', 7, '2026-06-16 08:02:14'),
(143, 166, 'Ragilia Avriliani', '86206230047', 'PGSD (Pendidikan Guru Sekolah Dasar)', 'ragiliaavriliani@gmail.com', 'Pagerbarang', 'Tegal', 4, '2026-06-16 08:02:17'),
(144, 165, 'Dwi Rantika Saputri', '62201230011', 'Akuntansi', 'dwirantikasaputri@gmail.com', 'Margasari', 'Tegal', 11, '2026-06-16 08:02:19'),
(145, 172, 'Aulia Ayu Sekarsari', '86206230007', 'PGSD (Pendidikan Guru Sekolah Dasar)', 'ayu091714@gmail.com', 'Babakan', 'Cirebon', 3, '2026-06-16 08:04:33'),
(146, 171, 'Adista Fadilah', '55201230022', 'Teknik Informatika', 'adistafadilah834@gmail.com', 'Losari', 'Cirebon', 6, '2026-06-16 08:04:34'),
(147, 173, 'Stefani Ade Putri', '62201240011', 'Akuntansi', 'fanniputri8@gmail.com', 'Larangan', 'Brebes', 9, '2026-06-16 08:09:15'),
(148, 175, 'Siti Himatun Aliyah', '55201230028', 'Teknik Informatika', 'hmtnnalyh04@gmail.com', 'Margasari', 'Tegal', 11, '2026-06-16 08:14:20'),
(149, 174, 'Nindianna Vania Utami', '62201220045', 'Akuntansi', 'nindiautami305@gmail.com', 'Losari', 'Cirebon', 6, '2026-06-16 08:14:22'),
(150, 176, 'Teguh Irawan', '22201230021', 'Teknik Sipil', 'irawanteguh791@gmail.com', 'Margasari', 'Tegal', 11, '2026-06-16 08:17:38'),
(151, 178, 'Khafidzotun Nafisah', '86206230010', 'PGSD (Pendidikan Guru Sekolah Dasar)', 'khafidzotunnafisah@gmail.com', 'Warungpring', 'Pemalang', 5, '2026-06-16 08:19:08'),
(152, 177, 'Akhmad Roykhan', '22201250028', 'Teknik Sipil', 'akhmadroykhan25@gmail.com', 'Babakan', 'Cirebon', 3, '2026-06-16 08:19:10'),
(153, 179, 'Ahmad Fakih Yahya', '22201250034', 'Teknik Sipil', 'afakihyahya22@gmail.com', 'Bantarbolang', 'Pemalang', 1, '2026-06-16 08:32:06'),
(154, 180, 'Sabrina Mutiara Ramadhani', '86206230038', 'PGSD (Pendidikan Guru Sekolah Dasar)', 'sabrinamutiararamadhani7@gmail.com', 'Jatinegara', 'Tegal', 8, '2026-06-16 08:33:41'),
(155, 182, 'Aisyah Zahrani', '622012030002', 'Akuntansi', 'aisyahzahrani038@gmail.com', 'Mundu', 'Cirebon', 7, '2026-06-16 08:40:47'),
(156, 181, 'Izza Fujiarti', '62201230009', 'Akuntansi', 'izzafujiarti@gmail.com', 'Margasari', 'Tegal', 11, '2026-06-16 08:40:51'),
(157, 183, 'Muhammad Ma\'mun', '22201250015', 'Teknik Sipil', 'muhammadmamun09864@gmail.com', 'Bantarbolang', 'Pemalang', 1, '2026-06-16 08:43:08'),
(158, 184, 'Deliyah', '54201230005', 'Agribisnis', 'deliyahdeliyah95@gmail.com', 'Babakan', 'Cirebon', 3, '2026-06-16 08:46:41'),
(159, 186, 'Dian Fitri Azzahro', '61201230025', 'Manajemen', 'fdian7244@gmail.com', 'Mundu', 'Cirebon', 7, '2026-06-16 08:56:31'),
(161, 189, 'Siskhawati', '22201230030', 'Teknik Sipil', 'Siska.w0506@gmail.com', 'Pagerbarang', 'Tegal', 4, '2026-06-16 09:05:17'),
(162, 188, 'Moh. Alfa Nur Maulid Adzimi', '55201250019', 'Teknik Informatika', 'alfamuhammad44@gmail.com', 'Warungpring', 'Pemalang', 5, '2026-06-16 09:05:18'),
(163, 187, 'Putri Ayu Lestari', '61201230042', 'Manajemen', 'puput2000ayu@gmail.com', 'Warungpring', 'Pemalang', 5, '2026-06-16 09:05:19'),
(164, 190, 'Sinta Nuriyah', '22201230001', 'Teknik Sipil', 'nuriyahsinta436@gmail.com', 'Mundu', 'Cirebon', 7, '2026-06-16 09:15:57'),
(165, 192, 'Meisya Ariya Diningrum', '61201230034', 'Manajemen', 'meisyaariyad@gmail.com', 'Larangan', 'Brebes', 9, '2026-06-16 09:22:15'),
(166, 191, 'Novallul Azzam Bazari', '22201230015', 'Teknik Sipil', 'novallulazzambazari@gmail.com', 'Moga', 'Pemalang', 2, '2026-06-16 09:22:18'),
(167, 193, 'Muhammad Idi Salis', '55201230023', 'Teknik Informatika', 'muhammadidisalis@gmail.com', 'Moga', 'Pemalang', 2, '2026-06-16 09:37:05'),
(168, 194, 'Alvin Muhammad As Zubair', '61201250048', 'Manajemen', 'alvinaszubair27@gmail.com', 'Bantarbolang', 'Pemalang', 1, '2026-06-16 09:55:52'),
(169, 195, 'Nur Rizkiyati Farizeni', '61201250047', 'Manajemen', 'Farizenikiky@gmail.com', 'Moga', 'Pemalang', 2, '2026-06-16 10:07:53'),
(170, 196, 'Zalfa Nurul Izdihar', '22201230008', 'Teknik Sipil', 'z.zalfaizdihar@gmail.com', 'Losari', 'Cirebon', 6, '2026-06-16 10:34:05'),
(171, 199, 'Jaisy Ainun Nazzah', '61201230038', 'Manajemen', 'nazzahjaisy@gmail.com', 'Moga', 'Pemalang', 2, '2026-06-16 11:08:28'),
(172, 198, 'Fhadila Adiansah', '55201230030', 'Teknik Informatika', 'fadil.aja89@gmail.com', 'Larangan', 'Brebes', 9, '2026-06-16 11:08:29'),
(174, 200, 'Mohamad Fadhli Yasir Muttaqin', '55201230008', 'Teknik Informatika', 'fadhlyyasir15@gmail.com', 'Bulakamba', 'Brebes', 25, '2026-06-16 11:10:50'),
(175, 204, 'Yunia Zahra Khaerunisa', '61201230002', 'Manajemen', 'zahrayunia718@gmail.com', 'Moga', 'Pemalang', 2, '2026-06-16 11:20:40'),
(176, 203, 'Moh. Adin Maulana', '61201230021', 'Manajemen', 'adinmaolana2211@gmail.com', 'Pagerbarang', 'Tegal', 4, '2026-06-16 11:20:41'),
(177, 202, 'Rizki Ardiansyah', '55201230017', 'Teknik Informatika', 'ras46alif@gmail.com', 'Mundu', 'Cirebon', 7, '2026-06-16 11:20:42'),
(178, 201, 'Alivia Layinah', '61201230005', 'Manajemen', 'alifiabrebes122@gmail.com', 'Larangan', 'Brebes', 9, '2026-06-16 11:20:44'),
(179, 205, 'Putri Purwanti Hayatin', '62201230001', 'Akuntansi', 'purwantihayatin@gmail.com', 'Jatinegara', 'Tegal', 8, '2026-06-16 12:36:16'),
(180, 206, 'Catur Setiati Prihatini', '88201230002', 'PBSI (Pendidikan Bahasa & Sastra Indonesia)', 'tiacatur76@gmail.com', 'Pagerbarang', 'Tegal', 4, '2026-06-16 14:08:15'),
(181, 208, 'Khoerotun Nisa', '55201230032', 'Teknik Informatika', 'khoerotunnisa536@gmail.com', 'Babakan', 'Cirebon', 3, '2026-06-16 15:36:20'),
(182, 207, 'Muhammad Rizky Effendy', '61241242909', 'Manajemen', 'ikyeffendy87@gmail.com', 'Babakan', 'Cirebon', 3, '2026-06-16 15:36:22'),
(183, 209, 'Izdihar hanifah', '86206230039', 'PGSD (Pendidikan Guru Sekolah Dasar)', 'hanifahizdihar13@gmail.com', 'Jatinegara', 'Tegal', 8, '2026-06-16 15:49:01'),
(184, 212, 'Nabila Rizqi Maulida', '55201230003', 'Teknik Informatika', 'nabilarizqimaulida@gmail.com', 'Moga', 'Pemalang', 2, '2026-06-16 16:22:27'),
(185, 211, 'Ilham Arifin', '86206230031', 'PGSD (Pendidikan Guru Sekolah Dasar)', 'dglilham1404@gmail.com', 'Pagerbarang', 'Tegal', 4, '2026-06-16 16:22:31'),
(186, 210, 'Nur Salma Salsabila', '55201230021', 'Teknik Informatika', 'nursalmasalsabila9@gmail.com', 'Moga', 'Pemalang', 2, '2026-06-16 16:22:33'),
(187, 213, 'Ahmad Zamzami', '61201230059', 'Manajemen', 'zmzmiahmad@gmail.com', 'Warungpring', 'Pemalang', 5, '2026-06-16 16:40:56'),
(188, 215, 'Agus Solehhudin', '55201230031', 'Teknik Informatika', 'agussolehhudin180@gmail.com', 'Brebes', 'Brebes', 12, '2026-06-16 16:48:00'),
(189, 214, 'M. Ezar Azi Pradipa', '55201230015', 'Teknik Informatika', 'ezaraziq25@gmail.com', 'Larangan', 'Brebes', 9, '2026-06-16 16:48:02'),
(190, 216, 'Umi Zahro', '55201240048', 'Teknik Informatika', 'umizahro515@gmail.com', 'Warungpring', 'Pemalang', 5, '2026-06-16 17:18:30'),
(191, 217, 'Ghina Fathir Aulia Utami', '13211230003', 'Gizi', 'ghinghin289@gmail.com', 'Brebes', 'Brebes', 12, '2026-06-16 17:26:59'),
(192, 218, 'Muhammad Lintang Fajar', '86206230069', 'PGSD (Pendidikan Guru Sekolah Dasar)', 'lintangf969@gmail.com', 'Margasari', 'Tegal', 11, '2026-06-16 18:27:43'),
(193, 240, 'Abdurrahman', '86206240095', 'PGSD (Pendidikan Guru Sekolah Dasar)', 'rafilda213@gmail.com', 'Babakan', 'Cirebon', 3, '2026-06-16 18:49:40'),
(194, 239, 'Richa Monica', '61201230050', 'Manajemen', 'richamonica09@gmail.com', 'Mundu', 'Cirebon', 7, '2026-06-16 18:49:41'),
(195, 238, 'Namirah Azahwa', '13211230004', 'Gizi', 'namirahazahwa@gmail.com', 'Babakan', 'Cirebon', 3, '2026-06-16 18:49:42'),
(196, 237, 'Septiani Arlinda', '86206230025', 'PGSD (Pendidikan Guru Sekolah Dasar)', 'septianiktg@gmail.com', 'Bantarbolang', 'Pemalang', 1, '2026-06-16 18:49:43'),
(197, 236, 'Rafi Ardiarta Wijaya', '22201230009', 'Teknik Sipil', 'rafiardiarta175@gmail.com', 'Bulakamba', 'Brebes', 25, '2026-06-16 18:49:44'),
(198, 235, 'Niken Aprilis Tantia', '86206230070', 'PGSD (Pendidikan Guru Sekolah Dasar)', 'bubbleteaaaa84@gmail.com', 'Babakan', 'Cirebon', 3, '2026-06-16 18:49:45'),
(199, 234, 'Muhammad Shofani', '22201230031', 'Teknik Sipil', 'shofyan9991@gmail.com', 'Margasari', 'Tegal', 11, '2026-06-16 18:49:45'),
(200, 233, 'Adnan Yusuf Bakhtiar', '22201230025', 'Teknik Sipil', 'BakhtiarAY.41@gmail.com', 'Losari', 'Cirebon', 6, '2026-06-16 18:49:46'),
(201, 232, 'Ine Febiani', '88201230008', 'PBSI (Pendidikan Bahasa & Sastra Indonesia)', 'inefebiani123@gmail.com', 'Babakan', 'Cirebon', 3, '2026-06-16 18:49:47'),
(202, 231, 'Gesarsy Giova Ditya Illiyyin', '55201220014', 'Teknik Informatika', 'questgimmick@gmail.com', 'Babakan', 'Cirebon', 3, '2026-06-16 18:49:48'),
(203, 230, 'Alfiyyah Wirdiyanti', '86206230011', 'PGSD (Pendidikan Guru Sekolah Dasar)', 'wirdiyantia@gmail.com', 'Warungpring', 'Pemalang', 5, '2026-06-16 18:49:49'),
(204, 241, 'Sandi Saputra', '88201230003', 'PBSI (Pendidikan Bahasa & Sastra Indonesia)', 'sandiii437@gmail.com', 'Mundu', 'Cirebon', 7, '2026-06-16 18:49:50'),
(205, 229, 'Zahwa Ardhy Nur\'aeni', '86206230021', 'PGSD (Pendidikan Guru Sekolah Dasar)', 'zahwaardhy5@gmail.com', 'Jatinegara', 'Tegal', 8, '2026-06-16 18:49:51'),
(206, 227, 'Aisyah Romadona', '22201230010', 'Teknik Sipil', 'aisyahrmdn36@gmail.com', 'Bulakamba', 'Brebes', 25, '2026-06-16 18:49:51'),
(207, 226, 'Ni\'matul Rizqi', '86206230026', 'PBSI (Pendidikan Bahasa & Sastra Indonesia)', 'elrclsthn68@gmail.com', 'Pagerbarang', 'Tegal', 4, '2026-06-16 18:49:52'),
(208, 225, 'Muhammad Irsyad', '22201230017', 'Teknik Sipil', 'adiwerna05@gmail.com', 'Bantarbolang', 'Pemalang', 1, '2026-06-16 18:49:53'),
(209, 224, 'Ahmad Riziq Ramadani', '61201230041', 'Manajemen', 'ramadaniriziq33@gmail.com', 'Larangan', 'Brebes', 9, '2026-06-16 18:49:54'),
(210, 223, 'Natasya', '86206230013', 'PGSD (Pendidikan Guru Sekolah Dasar)', 'natasyasolicha@gmail.com', 'Margasari', 'Tegal', 11, '2026-06-16 18:49:55'),
(211, 222, 'Nila Ayuning Tyas', '13211230007', 'Gizi', 'atyas3704@gmail.com', 'Losari', 'Cirebon', 6, '2026-06-16 18:49:56'),
(212, 221, 'Ali Nur Alif', '86206230073', 'PGSD (Pendidikan Guru Sekolah Dasar)', 'alifmadonna@gmail.com', 'Pagerbarang', 'Tegal', 4, '2026-06-16 18:49:57'),
(213, 220, 'Akhmad Faridin', '55201230002', 'Teknik Informatika', 'faridinkang@gmail.com', 'Jatinegara', 'Tegal', 8, '2026-06-16 18:49:58'),
(214, 219, 'Muhamad Alif Faozi', '22201230020', 'Teknik Sipil', 'mualfa24@gmail.com', 'Pagerbarang', 'Tegal', 4, '2026-06-16 18:49:59'),
(215, 243, 'Arsyida Diva Salsabila', '86206230022', 'PGSD (Pendidikan Guru Sekolah Dasar)', 'arsyidiva24@gmail.com', 'Margasari', 'Tegal', 11, '2026-06-16 18:53:59'),
(216, 246, 'Muhammad Helmi Mustakim', '22201230002', 'Teknik Sipil', 'mustakim130813@gmail.com', 'Bantarbolang', 'Pemalang', 1, '2026-06-16 18:55:57'),
(217, 249, 'Hesti Maurifah', '62201230004', 'Akuntansi', 'hestimaurifah@gmail.com', 'Pagerbarang', 'Tegal', 4, '2026-06-16 19:00:13'),
(218, 251, 'Nurul Khasanah', '86206230037', 'PGSD (Pendidikan Guru Sekolah Dasar)', 'nurullkhasanah20030620@gmail.com', 'Babakan', 'Cirebon', 3, '2026-06-16 19:02:10'),
(219, 252, 'Neni Maryani', '61201230051', 'Manajemen', 'n.maryani51@gmail.com', 'Losari', 'Cirebon', 6, '2026-06-16 19:11:44'),
(220, 253, 'Nur Wasi\'aturrizqiyyah', '22201230011', 'Teknik Sipil', 'nurwasiaturrizqiyyah@gmail.com', 'Moga', 'Pemalang', 2, '2026-06-16 19:14:07'),
(221, 254, 'Nurol Ana', '86206230074', 'PGSD (Pendidikan Guru Sekolah Dasar)', 'nurolana260@gmail.com', 'Mundu', 'Cirebon', 7, '2026-06-16 19:17:01'),
(222, 258, 'Nurhidayatun Nikmah', '61201230031', 'Manajemen', 'nurhidayatunnikmah22@gmail.com', 'Margasari', 'Tegal', 11, '2026-06-16 19:36:35'),
(223, 262, 'Muhamad Mustofa', '88201230010', 'PBSI (Pendidikan Bahasa & Sastra Indonesia)', 'mustofamuhammad112@gmail.com', 'Bantarbolang', 'Pemalang', 1, '2026-06-16 19:47:07'),
(225, 57, 'Diva Ayu', '86206230046', 'PGSD (Pendidikan Guru Sekolah Dasar)', 'divaayu@gmail.com', 'Jatinegara', 'Tegal', 8, '2026-06-16 20:03:21'),
(226, 263, 'Safitri', '88201230001', 'PBSI (Pendidikan Bahasa & Sastra Indonesia)', 'safittry31@gmail.com', 'Warungpring', 'Pemalang', 5, '2026-06-16 20:05:14'),
(227, 271, 'Urbac Faradiba', '86206250090', 'PGSD (Pendidikan Guru Sekolah Dasar)', 'urbachfaradiba@gmail.com', 'Losari', 'Cirebon', 6, '2026-06-17 04:49:19'),
(228, 270, 'Alma Ariz Mustiar', '41203230006', 'ITP (Ilmu dan Teknologi Pangan)', 'almaariz93@gmail.com', 'Warungpring', 'Pemalang', 5, '2026-06-17 04:49:24'),
(229, 269, 'Muhamad Rizal Fadilah', '55201230044', 'Teknik Informatika', 'fadillahrizal924@gmail.com', 'Mundu', 'Cirebon', 7, '2026-06-17 04:49:26'),
(230, 268, 'Agung Afid Maulana', '61201230045', 'Manajemen', 'agungafid7@gmail.com', 'Babakan', 'Cirebon', 3, '2026-06-17 04:49:27'),
(231, 267, 'Rossa Ayu Awaliyah Sari', '62201220042', 'Akuntansi', 'rossaayu1807@gmail.com', 'Losari', 'Cirebon', 6, '2026-06-17 04:49:29'),
(232, 272, 'Handoyo Penasworo', '22201250040', 'Teknik Sipil', 'Handoyopenasworo@gmail.com', 'Bulakamba', 'Brebes', 25, '2026-06-17 09:56:21'),
(233, 273, 'Nurul Faoziyah', '41203230001', 'ITP (Ilmu dan Teknologi Pangan)', 'paooo1534@gmail.com', 'Luar Negeri', 'Internasional', 26, '2026-06-17 10:24:44'),
(234, 274, 'Hamdani Bahtiar', '61201240017', 'Manajemen', 'hh1840801@gmail.com', 'Bulakamba', 'Brebes', 25, '2026-06-17 13:17:27'),
(235, 276, 'Fikri Fauzan Salim', '41203250019', 'ITP (Ilmu dan Teknologi Pangan)', 'fikrifauzan265@gmail.com', 'Luar Negeri', 'Internasional', 26, '2026-06-17 18:06:27'),
(236, 277, 'Billy Syah Reza', '61201230054', 'Manajemen', 'billyganteng637@gmail.com', 'Losari', 'Cirebon', 6, '2026-06-17 19:39:43'),
(237, 280, 'Diana Widiastuti', '62201230012', 'Akuntansi', 'dianawidiasruti@gmail.com', 'Brebes', 'Brebes', 12, '2026-06-17 20:40:07'),
(238, 281, 'Junaedi', '61201230056', 'Manajemen', 'denjunaedi09@gmail.com', 'Babakan', 'Cirebon', 3, '2026-06-17 20:46:17'),
(239, 283, 'Dinda Novi Afiyanti', '54201250006', 'Agribisnis', 'dindanovi638@gmail.com', 'Warungpring', 'Pemalang', 5, '2026-06-18 07:12:53'),
(240, 282, 'Silva Khofiyatun', '13211230001', 'Gizi', 'silvakhofiyatun77@gmail.com', 'Moga', 'Pemalang', 2, '2026-06-18 07:12:54'),
(241, 284, 'Mei Riski Rahmawati', '86206230020', 'PGSD (Pendidikan Guru Sekolah Dasar)', 'meiriski756@gmail.com', 'Bulakamba', 'Brebes', 25, '2026-06-18 07:57:34'),
(242, 285, 'Dodi Jatmiko', '22201250016', 'Teknik Sipil', 'jatmikododi3@gmail.com', 'Moga', 'Pemalang', 2, '2026-06-18 08:46:27'),
(243, 286, 'Tisyafa Eka Najila', '86206230016', 'PGSD (Pendidikan Guru Sekolah Dasar)', 'setisya12@gmail.com', 'Pagerbarang', 'Tegal', 4, '2026-06-18 09:06:57'),
(244, 287, 'Putri Bella Ariyandini', '61201210041', 'Manajemen', 'putribella4884@gmail.com', 'Bantarbolang', 'Pemalang', 1, '2026-06-18 09:19:00'),
(245, 289, 'Ary Mukti', '41203230005', 'ITP (Ilmu dan Teknologi Pangan)', 'muktiary896@gmail.com', 'Pagerbarang', 'Tegal', 4, '2026-06-18 11:14:32'),
(246, 288, 'Khaerul Khanafi', '61201230022', 'Manajemen', 'khaerulkanafi@gmail.com', 'Bantarbolang', 'Pemalang', 1, '2026-06-18 11:14:35'),
(247, 293, 'Tri cahyadi', '22201230019', 'Teknik Sipil', 'chyatri@gmail.com', 'Margasari', 'Tegal', 11, '2026-06-18 12:59:17'),
(248, 294, 'Salsa Laelawati', '61201220092', 'Manajemen', 'salsalaelawati0@gmail.com', 'Mundu', 'Cirebon', 7, '2026-06-18 13:46:40'),
(249, 295, 'Muhammad Husni Husnayain', '55201230039', 'Teknik Informatika', 'husniyain24@gmail.com', 'Jatinegara', 'Tegal', 8, '2026-06-18 15:20:10'),
(250, 296, 'Ahmad Syaefi', '22201250027', 'Teknik Sipil', 'akhmadsyaefi22@gmail.com', 'Brebes', 'Brebes', 12, '2026-06-18 17:52:50'),
(251, 297, 'Wisnu Wicaksana', '61201240050', 'Manajemen', 'wnunu1101@gmail.com', 'Mundu', 'Cirebon', 7, '2026-06-18 22:25:05'),
(252, 298, 'Nur Rizqi Azizah', '86206230015', 'PGSD (Pendidikan Guru Sekolah Dasar)', '19azizah05@gmail.com', 'Moga', 'Pemalang', 2, '2026-06-19 00:45:30'),
(253, 303, 'Listanto', '22201250021', 'Teknik Sipil', 'ltanto32@gmail.com', 'Warungpring', 'Pemalang', 5, '2026-06-19 11:55:09'),
(254, 305, 'Sri Devi Agustini', '61201250025', 'Manajemen', 'devypapinka93@gmail.com', 'Bulakamba', 'Brebes', 25, '2026-06-19 14:33:36'),
(255, 304, 'Dahlia', '86206250165', 'PGSD (Pendidikan Guru Sekolah Dasar)', 'dahliaforwork16@gmail.com', 'Brebes', 'Brebes', 12, '2026-06-19 14:33:38'),
(256, 306, 'Ade is il fanah', '61201230015', 'Manajemen', 'adeisilfanah@gmail.com', 'Brebes', 'Brebes', 12, '2026-06-19 18:10:37'),
(257, 310, 'Risma Sukmaningsih', '13211230008', 'Gizi', 'rismasukman@gmail.com', 'Larangan', 'Brebes', 9, '2026-06-20 05:52:30'),
(258, 309, 'Nur Hikmah', '62201230010', 'Akuntansi', 'vealfarae@gmail.com', 'Larangan', 'Brebes', 9, '2026-06-20 05:52:36'),
(260, 307, 'Umi Rokhaeni', '86206230072', 'PGSD (Pendidikan Guru Sekolah Dasar)', 'umirokhaeni077@gmail.com', 'Larangan', 'Brebes', 9, '2026-06-20 05:52:45'),
(261, 313, 'Hilal syaihani diken', '86206230017', 'PGSD (Pendidikan Guru Sekolah Dasar)', 'hilalsyahhani@gmail.com', 'Pagerbarang', 'Tegal', 4, '2026-06-20 14:56:54'),
(262, 312, 'Ahmad Riski', '22201230016', 'Teknik Sipil', 'riskitegal@gmail.com', 'Jatinegara', 'Tegal', 8, '2026-06-20 14:56:57'),
(263, 311, 'Muh. Zukhruf Atariqi', '61201220075', 'Manajemen', 'riqiata331@gmail.com', 'Brebes', 'Brebes', 12, '2026-06-20 14:57:01'),
(264, 315, 'Alvin Satrio Purnomo', '55201230018', 'Teknik Informatika', 'alvinpurnomo00@gmail.com', 'Jatinegara', 'Tegal', 8, '2026-06-20 19:54:27'),
(265, 314, 'Moch.Maliq Badly Ba\'adilla', '55201230036', 'Teknik Informatika', 'malikbadly85@gmail.com', 'Jatinegara', 'Tegal', 8, '2026-06-20 19:54:29'),
(266, 316, 'Chairul Setiadi', '22201230006', 'Teknik Sipil', 'chairulsetiadi29@gmail.com', 'Pagerbarang', 'Tegal', 4, '2026-06-21 08:52:59'),
(267, 320, 'Nurfendi', '22201230005', 'Teknik Sipil', 'tegalt68@gmail.com', 'Bantarbolang', 'Pemalang', 1, '2026-06-21 09:05:28'),
(268, 319, 'Aldi Fattahillah', '55201230035', 'Teknik Informatika', 'aldifatahilah21@gmail.com', 'Losari', 'Cirebon', 6, '2026-06-21 09:05:30'),
(269, 318, 'Sahid Maulana', '61201240057', 'Manajemen', 'sahidmaulana0110@gmail.com', 'Losari', 'Cirebon', 6, '2026-06-21 09:05:31'),
(270, 317, 'Ilham Saputra', '86206230051', 'PGSD (Pendidikan Guru Sekolah Dasar)', '88888ilhamsaputra@gmail.com', 'Larangan', 'Brebes', 9, '2026-06-21 09:05:32'),
(271, 323, 'Mohamad Faisal', '61201250018', 'Manajemen', 'mohamadfaisal21@gmail.com', 'Babakan', 'Cirebon', 3, '2026-06-21 09:20:41'),
(272, 321, 'Rifqi Muslim', '86206230012', 'PGSD (Pendidikan Guru Sekolah Dasar)', 'rifqimuslim51@gmail.com', 'Warungpring', 'Pemalang', 5, '2026-06-21 09:20:43'),
(273, 324, 'Bagus Hermawan', '61201230047', 'Manajemen', 'bagush329@gmail.com', 'Luar Negeri', 'Internasional', 26, '2026-06-21 09:39:17'),
(274, 325, 'Umi Mualiyah', '86206230062', 'PGSD (Pendidikan Guru Sekolah Dasar)', 'umimualiyah503@gmail.com', 'Warungpring', 'Pemalang', 5, '2026-06-21 09:55:38'),
(275, 332, 'Abdul rokman wahid', '61201250045', 'Manajemen', 'gusdur2867@gmail.com', 'Mundu', 'Cirebon', 7, '2026-06-21 14:57:07'),
(276, 333, 'Fauzan gardapati V.R', '86206230004', 'PGSD (Pendidikan Guru Sekolah Dasar)', 'gardapatifauzan@gmail.com', 'Brebes', 'Brebes', 12, '2026-06-21 17:36:46'),
(277, 334, 'Slamet Riyadi', '41203250018', 'ITP (Ilmu dan Teknologi Pangan)', 'foodtechumus@gmail.com', 'Bantarbolang', 'Pemalang', 1, '2026-06-21 20:49:26'),
(278, 335, 'Aar Nur Agam', '61201230040', 'Manajemen', 'aarnuragam15@gmail.com', 'Mundu', 'Cirebon', 7, '2026-06-22 08:27:55'),
(279, 336, 'Ghani Bagus Prasetio', '55201220036', 'Teknik Informatika', 'ghanya7891@gmail.com', 'Larangan', 'Brebes', 9, '2026-06-23 09:34:12'),
(280, 337, 'Nursyifa Yuniarti', '86206230008', 'PGSD (Pendidikan Guru Sekolah Dasar)', 'Yuniartisyifa38@gmail.com', 'Brebes', 'Brebes', 12, '2026-06-23 10:51:16'),
(281, 339, 'Mohammad Afry Rizky Al Fadhil', '61201220063', 'Manajemen', 'afryrizkyalfadhil2003@gmail.com', 'Margasari', 'Tegal', 11, '2026-06-23 13:20:12'),
(283, 340, 'Gina Salsabila', '86206230014', 'PGSD (Pendidikan Guru Sekolah Dasar)', 'sabilaaa1534@gmail.com', 'Jatinegara', 'Tegal', 8, '2026-06-23 19:06:47');

-- --------------------------------------------------------

--
-- Table structure for table `kkn_monev`
--

CREATE TABLE `kkn_monev` (
  `id` int NOT NULL,
  `nama` varchar(150) NOT NULL,
  `nidn` varchar(20) NOT NULL,
  `email` varchar(150) DEFAULT NULL,
  `user_id` int DEFAULT NULL
) ENGINE=InnoDB DEFAULT CHARSET=utf8mb4 COLLATE=utf8mb4_0900_ai_ci;

--
-- Dumping data for table `kkn_monev`
--

INSERT INTO `kkn_monev` (`id`, `nama`, `nidn`, `email`, `user_id`) VALUES
(1, 'Syariefful Ikhwan, S.T., M.M.', '0620027902', 'syariefful@umus.ac.id', 278),
(2, 'Dedi Romli Triputra, Lc., M.S.I.', '0625078601', 'dediromli@umus.ac.id', 279);

-- --------------------------------------------------------

--
-- Table structure for table `kkn_monev_eval`
--

CREATE TABLE `kkn_monev_eval` (
  `id` int NOT NULL,
  `monev_id` int NOT NULL,
  `logbook_id` int NOT NULL,
  `status_eval` enum('valid','tidak_valid') NOT NULL DEFAULT 'valid',
  `catatan` text,
  `created_at` datetime DEFAULT CURRENT_TIMESTAMP,
  `updated_at` datetime DEFAULT CURRENT_TIMESTAMP ON UPDATE CURRENT_TIMESTAMP
) ENGINE=InnoDB DEFAULT CHARSET=utf8mb4 COLLATE=utf8mb4_0900_ai_ci;

-- --------------------------------------------------------

--
-- Table structure for table `kkn_monev_eval_lapkel`
--

CREATE TABLE `kkn_monev_eval_lapkel` (
  `id` int NOT NULL,
  `monev_id` int NOT NULL,
  `dpl_id` int NOT NULL,
  `nilai_lapkel` decimal(5,2) DEFAULT NULL,
  `catatan` text,
  `created_at` datetime DEFAULT CURRENT_TIMESTAMP,
  `updated_at` datetime DEFAULT CURRENT_TIMESTAMP ON UPDATE CURRENT_TIMESTAMP
) ENGINE=InnoDB DEFAULT CHARSET=utf8mb4 COLLATE=utf8mb4_0900_ai_ci;

-- --------------------------------------------------------

--
-- Table structure for table `kkn_monev_lapkel`
--

CREATE TABLE `kkn_monev_lapkel` (
  `id` int NOT NULL,
  `monev_id` int NOT NULL,
  `kecamatan` varchar(100) NOT NULL
) ENGINE=InnoDB DEFAULT CHARSET=utf8mb4 COLLATE=utf8mb4_0900_ai_ci;

--
-- Dumping data for table `kkn_monev_lapkel`
--

INSERT INTO `kkn_monev_lapkel` (`id`, `monev_id`, `kecamatan`) VALUES
(1, 1, 'Babakan'),
(2, 1, 'Bantarbolang'),
(3, 1, 'Brebes'),
(4, 1, 'Margasari'),
(5, 1, 'Pagerbarang'),
(6, 1, 'Warungpring'),
(7, 2, 'Bulakamba'),
(8, 2, 'Jatinegara'),
(9, 2, 'Larangan'),
(10, 2, 'Losari'),
(11, 2, 'Moga'),
(12, 2, 'Mundu');

-- --------------------------------------------------------

--
-- Table structure for table `kkn_monev_luaran`
--

CREATE TABLE `kkn_monev_luaran` (
  `id` int NOT NULL,
  `monev_id` int NOT NULL,
  `mhs_id` int NOT NULL,
  `jenis_luaran` enum('jurnal','media','laporan_kelompok') NOT NULL,
  `status_eval` enum('valid','tidak_valid') NOT NULL DEFAULT 'valid',
  `catatan` text,
  `created_at` datetime DEFAULT CURRENT_TIMESTAMP,
  `updated_at` datetime DEFAULT CURRENT_TIMESTAMP ON UPDATE CURRENT_TIMESTAMP
) ENGINE=InnoDB DEFAULT CHARSET=utf8mb4 COLLATE=utf8mb4_0900_ai_ci;

-- --------------------------------------------------------

--
-- Table structure for table `kkn_monev_mhs`
--

CREATE TABLE `kkn_monev_mhs` (
  `id` int NOT NULL,
  `monev_id` int NOT NULL,
  `nim` varchar(20) NOT NULL
) ENGINE=InnoDB DEFAULT CHARSET=utf8mb4 COLLATE=utf8mb4_0900_ai_ci;

--
-- Dumping data for table `kkn_monev_mhs`
--

INSERT INTO `kkn_monev_mhs` (`id`, `monev_id`, `nim`) VALUES
(1, 1, '55201230032'),
(2, 1, '62201230016'),
(3, 1, '54201230005'),
(4, 1, '61201230014'),
(5, 1, '61201210041'),
(6, 1, '61201250048'),
(7, 1, '61201230015'),
(8, 1, '13211230003'),
(9, 1, '41203230002'),
(10, 1, '22201230009'),
(11, 1, '86206230002'),
(12, 1, '55201230008'),
(13, 1, '22201230022'),
(14, 1, '55201220059'),
(15, 1, '86206230009'),
(16, 1, '61201230057'),
(17, 1, '55201230005'),
(18, 1, '22201230012'),
(19, 1, '62201230013'),
(20, 1, '86206230024'),
(21, 1, '61201230054'),
(22, 1, '55201250017'),
(23, 1, '22201250022'),
(24, 1, '86206230045'),
(25, 1, '86206230023'),
(26, 1, '88201230011'),
(27, 1, '55201230006'),
(28, 1, '55201230013'),
(29, 1, '61201230025'),
(30, 1, '55201230024'),
(31, 1, '88201230002'),
(32, 1, '22201230007'),
(33, 1, '61201230021'),
(34, 1, '86206230035'),
(35, 1, '61201230043'),
(36, 1, '61201250013'),
(37, 2, '86206240095'),
(38, 2, '61201250018'),
(39, 2, '55201220014'),
(40, 2, '61201230039'),
(41, 2, '61201210041'),
(42, 2, '61201250048'),
(43, 2, '41203230002'),
(44, 2, '61201230020'),
(45, 2, '86206250165'),
(46, 2, '55201230007'),
(47, 2, '22201250040'),
(48, 2, '62201250013'),
(49, 2, '62201230007'),
(50, 2, '62201230001'),
(51, 2, '86206230009'),
(52, 2, '86206230072'),
(53, 2, '22201230012'),
(54, 2, '55201230045'),
(55, 2, '61201230054'),
(56, 2, '61201240057'),
(57, 2, '88201230006'),
(58, 2, '22201230021'),
(59, 2, '62201230011'),
(60, 2, '62201230009'),
(61, 2, '55201230006'),
(62, 2, '55201230020'),
(63, 2, '61201250047'),
(64, 2, '55201230013'),
(65, 2, '61201230030'),
(66, 2, '62201220037'),
(67, 2, '86206230044'),
(68, 2, '62201230004'),
(69, 2, '86206230040'),
(70, 2, '86206230010'),
(71, 2, '86206230057'),
(72, 2, '41203230006'),
(73, 1, '61201240002');

-- --------------------------------------------------------

--
-- Table structure for table `kkn_nilai_desa`
--

CREATE TABLE `kkn_nilai_desa` (
  `id` int NOT NULL,
  `dpl_id` int NOT NULL,
  `mahasiswa_id` int NOT NULL,
  `input_by` int NOT NULL,
  `n1` tinyint DEFAULT '0',
  `n2` tinyint DEFAULT '0',
  `n3` tinyint DEFAULT '0',
  `n4` tinyint DEFAULT '0',
  `n5` tinyint DEFAULT '0',
  `total` tinyint DEFAULT '0',
  `link_bukti` varchar(500) DEFAULT NULL,
  `status` enum('pending','disetujui','ditolak') DEFAULT 'pending',
  `catatan_dpl` text,
  `validated_at` datetime DEFAULT NULL,
  `created_at` datetime DEFAULT CURRENT_TIMESTAMP,
  `updated_at` datetime DEFAULT CURRENT_TIMESTAMP ON UPDATE CURRENT_TIMESTAMP
) ENGINE=InnoDB DEFAULT CHARSET=utf8mb4 COLLATE=utf8mb4_0900_ai_ci;

-- --------------------------------------------------------

--
-- Table structure for table `kkn_penilaian`
--

CREATE TABLE `kkn_penilaian` (
  `id` int NOT NULL,
  `mahasiswa_id` int NOT NULL,
  `dpl_id` int NOT NULL,
  `k1_1` decimal(5,2) DEFAULT NULL COMMENT 'Persentase kehadiran',
  `k1_2` decimal(5,2) DEFAULT NULL COMMENT 'Kelengkapan logbook',
  `k2_1` decimal(5,2) DEFAULT NULL COMMENT 'Kelengkapan data observasi',
  `k2_2` decimal(5,2) DEFAULT NULL COMMENT 'Jumlah masalah teridentifikasi',
  `k3_1` decimal(5,2) DEFAULT NULL COMMENT 'Realisasi peserta',
  `k3_2` decimal(5,2) DEFAULT NULL COMMENT 'Kelengkapan dokumentasi',
  `k4_1` decimal(5,2) DEFAULT NULL COMMENT 'Artikel jurnal pengabdian',
  `k4_2` decimal(5,2) DEFAULT NULL COMMENT 'Artikel media massa',
  `k4_3` decimal(5,2) DEFAULT '0.00' COMMENT 'Bonus: produk inovasi',
  `k4_4` decimal(5,2) DEFAULT '0.00' COMMENT 'Bonus: digitalisasi layanan',
  `k5_1` decimal(5,2) DEFAULT NULL COMMENT 'Kemampuan komunikasi',
  `k5_2` decimal(5,2) DEFAULT NULL COMMENT 'Berpikir kritis & problem solving',
  `nilai_k1` decimal(5,2) DEFAULT '0.00',
  `nilai_k2` decimal(5,2) DEFAULT '0.00',
  `nilai_k3` decimal(5,2) DEFAULT '0.00',
  `nilai_k4` decimal(5,2) DEFAULT '0.00',
  `nilai_k5` decimal(5,2) DEFAULT '0.00',
  `nilai_akhir` decimal(5,2) DEFAULT '0.00',
  `catatan` text,
  `updated_at` datetime DEFAULT CURRENT_TIMESTAMP ON UPDATE CURRENT_TIMESTAMP
) ENGINE=InnoDB DEFAULT CHARSET=utf8mb4 COLLATE=utf8mb4_0900_ai_ci;

--
-- Dumping data for table `kkn_penilaian`
--

INSERT INTO `kkn_penilaian` (`id`, `mahasiswa_id`, `dpl_id`, `k1_1`, `k1_2`, `k2_1`, `k2_2`, `k3_1`, `k3_2`, `k4_1`, `k4_2`, `k4_3`, `k4_4`, `k5_1`, `k5_2`, `nilai_k1`, `nilai_k2`, `nilai_k3`, `nilai_k4`, `nilai_k5`, `nilai_akhir`, `catatan`, `updated_at`) VALUES
(1, 235, 26, NULL, NULL, NULL, NULL, NULL, NULL, NULL, NULL, 0.00, 0.00, NULL, NULL, 0.00, 0.00, 0.00, 0.00, 0.00, 0.00, '', '2026-06-17 19:30:35');

-- --------------------------------------------------------

--
-- Table structure for table `kkn_proker_individu`
--

CREATE TABLE `kkn_proker_individu` (
  `id` int NOT NULL,
  `mahasiswa_id` int NOT NULL,
  `judul` varchar(500) DEFAULT NULL,
  `deskripsi` text,
  `target` text,
  `target_luaran` text,
  `sasaran` varchar(200) DEFAULT NULL,
  `created_at` datetime DEFAULT CURRENT_TIMESTAMP,
  `updated_at` datetime DEFAULT CURRENT_TIMESTAMP ON UPDATE CURRENT_TIMESTAMP
) ENGINE=InnoDB DEFAULT CHARSET=utf8mb4 COLLATE=utf8mb4_0900_ai_ci;

--
-- Dumping data for table `kkn_proker_individu`
--

INSERT INTO `kkn_proker_individu` (`id`, `mahasiswa_id`, `judul`, `deskripsi`, `target`, `target_luaran`, `sasaran`, `created_at`, `updated_at`) VALUES
(1, 42, 'EDUKASI AREA PRIVASI PADA ANAK', '1.) apa yang dilakukan\r\nMengenalkan konsep area privasi tubuh kepada anak.\r\nTujuan \r\n-  Meningkatkan pemahaman anak tentang bagian tubuh yang harus dijaga.\r\n- Melatih anak untuk berani menolak sentuhan yang tidak pantas.\r\n-  Menumbuhkan kesadaran anak untuk melapor kepada orang tua atau guru \r\njika mengalami situasi yang membuat tidak nyaman.\r\nPersiapan\r\n - Menyusun materi edukasi area privasi.\r\n - Menyiapkan media pembelajaran (poster, \r\n gambar, video, atau lembar \r\nkerja).\r\n\r\n2.)  Pelaksanaan\r\n - Pembukaan dan pengenalan materi.\r\n - Penyampaian materi tentang area privasi tubuh.\r\n - Diskusi dan tanya jawab.\r\n - Permainan / ice breaking tentang privasi tubuh \r\n\r\n3.  hasil yang diharapkan.\r\n\r\nAnak mampu menyebutkan area privasi tubuh yang harus di jaga', 'Siswa sekolah dasar', 'Anak mampu menerapkan langkah perlindungan diri, seperti berkata \"tidak\", menjauh, dan melapor kepada orang dewasa yang dipercaya.', NULL, '2026-06-21 09:37:43', '2026-06-23 21:09:40'),
(2, 180, 'Keterampilan Menulis Kreatif Sastra', 'Melakukan pendekatan dengan sasaran, memetakan minat menulis siswa SD maupun SMP, serta memberikan pengenalan dasar mengenai dunia sastra dan cerita pendek (cerpen).\r\nPemberian materi inti mengenai perbedaan antara \'telling\' dan \'showing\' disertai contoh-contoh yang mudah dipahami oleh anak anak. Sesi diisi dengan latihan interaktif mengubah kalimat \'tell\' yang membosankan menjadi paragraf \'show\' yang kaya deskripsi.\r\n\r\nAnak-anak mulai merancang ide cerita, menyusun plot, dan menulis cerpen mereka sendiri dengan bimbingan intensif dari mahasiswa. Fokus pendampingan diarahkan pada penerapan teknik yang telah dipelajari.\r\n\r\nMengumpulkan naskah cerpen dari setiap peserta, melakukan proses penyuntingan bersama anak-anak untuk perbaikan tata bahasa dan struktur cerita, serta mulai menyusun tata letak (layout) buku antologi.\r\n\r\nMelakukan finalisasi pencetakan/penggandaan buku antologi cerpen dan mengadakan sesi peluncuran mini sebagai bentuk apresiasi atas karya yang telah diselesaikan oleh anak-anak.', 'Siswa SD maupun SMP', 'Buku Fiksi', NULL, '2026-06-21 09:40:58', '2026-06-21 09:40:58'),
(4, 271, 'Pelatihan pengembangan usaha bahan bangunan menggunakan sistem penjualan mengikuti perkembangan yang terbaru', 'Sistem penjualan yang baik itu bukan hanya menggunakan komputerisasi saja tapi harus ada pembagian tugas untuk memperkuat pengembangan usaha mulai dari SDM yang menjadi team pengelolaan usaha bahan bangunam', '5 toko bahan bangunan', 'Pelatihan/Workshop', NULL, '2026-06-21 09:50:08', '2026-06-21 09:50:08'),
(6, 242, 'Pengidentitasan tempat-tempat tertentu ( rambu-rambu )', 'Pendekatan dan mensosialisasikan terkait dengan rambu-rambu', 'RTH, TPA, WILAYAH-WILAYAH YG BERPOTENSI BERBAHAYA', 'Pemahaman tentang pengenalan rambu-rambu suatu tempat', NULL, '2026-06-21 10:09:39', '2026-06-21 10:09:39'),
(7, 167, 'Pemanfaatan Teknologi Artificial Intelligence (AI) untuk Meningkatkan Kreativitas dan Keterampilan Siswa sebagai Konten Kreator Clipper Media Sosial di SMA Negeri 1 Moga Kabupaten Pemalang.', 'Kegiatan ini berupa pelatihan pemanfaatan teknologi Artificial Intelligence (AI) bagi siswa SMA Negeri 1 Moga Kabupaten Pemalang untuk meningkatkan kreativitas dan keterampilan sebagai konten kreator clipper media sosial. Pelaksanaan dilakukan melalui penyampaian materi mengenai dasar-dasar AI, demonstrasi penggunaan aplikasi AI untuk pembuatan naskah, subtitle, dan editing video, dilanjutkan dengan praktik langsung membuat konten pendek menggunakan bantuan AI. Hasil yang diharapkan adalah siswa memiliki pemahaman tentang pemanfaatan AI secara bijak, mampu membuat konten media sosial yang kreatif dan berkualitas, serta meningkatnya keterampilan digital yang dapat dimanfaatkan sebagai bekal di dunia pendidikan maupun industri kreatif.', 'Siswa SMA NEGERI 1 MOGA', 'Pelatihan/Workshop', NULL, '2026-06-21 10:33:44', '2026-06-21 10:33:44'),
(8, 149, 'Edukasi Menabung untuk Anak-anak Sekolah Dasar di Desa Mulyasari', 'Fokus pada Kreativitas & Praktik (Menarik)\r\n​\"Celengan Impianku, Belajar Menabung dengan Menyenangkan\"\r\nProgram edukasi interaktif yang mengajak anak-anak SD Desa Mulyasari untuk menabung melalui praktik pembuatan celengan kreatif, dilengkapi dengan simulasi pengelolaan uang saku agar anak lebih termotivasi untuk menyisihkan uang secara rutin. Dan hasil yang di harapkan supaya anak lebih gemar menabung sejak dini', 'Anak-anak SD dari kelas 3, 4, 5 dan 6', 'Produk/Kerajinan', NULL, '2026-06-21 10:37:47', '2026-06-21 10:37:47'),
(10, 103, 'Pengenalan emosi dan regulasi emosi pada siswa sekolah dasar', 'Program ini diharapkan dapat meningkatkan kemampuan siswa dalam mengenali dan mengekspresikan perasaan secara sehat, mengembangkan empati terhadap teman, mengurangi perilaku agresif maupun sikap menutup diri, serta menciptakan lingkungan belajar yang lebih nyaman dan harmonis. Dengan dukungan guru, orang tua, dan pihak sekolah, program ini menjadi salah satu upaya untuk mendukung perkembangan sosial dan emosional siswa secara optimal.', 'Siswa sekolah dasar', 'Modul/Buku Panduan', NULL, '2026-06-21 11:05:09', '2026-06-21 11:05:09'),
(12, 128, 'Edukasi dan Kreasi Batik untuk Anak melalui Seni Kolase', 'Tujuan: (1) Meningkatkan pengetahuan anak tentang batik sebagai warisan budaya Indonesia. (2) Menumbuhkan rasa cinta dan kepedulian terhadap budaya lokal. (3) Mengembangkan kreativitas dan keterampilan motorik halus anak melalui kegiatan seni kolase.\r\nMetode/Tahapan: (1) Identifikasi peserta dan persiapan alat serta bahan. (2) Pemberian materi mengenai sejarah dan motif batik Indonesia. (3) Demonstrasi pembuatan kolase motif batik. (4) Pelaksanaan praktik pembuatan kolase oleh peserta. (5) Evaluasi hasil karya dan pemberian apresiasi kepada peserta.\r\nHarapan:	Terlaksananya kegiatan edukasi batik melalui seni kolase, terciptanya karya kolase bertema batik oleh peserta, serta meningkatnya pemahaman, kreativitas, dan kecintaan anak terhadap budaya Indonesia.', 'Siswa Sekolah Dasar (SD) di Desa Pagerbarang, khususnya kelas III, sebagai peserta kegiatan edukasi dan praktik pembuatan kolase bertema batik.', 'Terwujudnya karya kolase bertema batik yang dibuat oleh siswa kelas III SD sebagai media pengenalan budaya batik dan pengembangan kreativitas anak.', NULL, '2026-06-21 11:09:58', '2026-06-23 22:59:03'),
(17, 12, 'Peningkatan Kualitas Kebersihan, Kenyamanan, dan Kerapihan Sarana Prasarana di Masjid', 'Kegiatan ini berupa pembersihan menyeluruh ruang salat, teras, dan tempat wudhu, serta penataan perlengkapan ibadah agar rapi dan terawat. Dilaksanakan setiap hari Minggu dengan berkoordinasi bersama pengurus masjid. Diharapkan tercipta suasana masjid yang bersih, nyaman, aman, dan tertib bagi seluruh jamaah maupun pengunjung.', 'Pengurus masjid, jamaah, warga sekitar, serta pengunjung masjid', 'Terwujudnya masjid yang bersih, rapi, aman, dan nyaman untuk beribadah', NULL, '2026-06-21 12:32:39', '2026-06-21 12:32:39'),
(18, 25, 'Pelatihan Pembuatan CV dan Persiapan Dunia Kerja', 'Pelatihan Penyusunan CV dan Persiapan Dunia Kerja merupakan kegiatan edukasi untuk meningkatkan kesiapan memasuki dunia kerja. Kegiatan dilaksanakan melalui penyampaian materi tentang CV yang baik, teknik melamar pekerjaan, tips wawancara kerja, serta praktik langsung menyusun CV menggunakan HP atau laptop. Peserta akan didampingi dalam membuat CV yang sesuai dengan standar rekrutmen. Hasil yang diharapkan adalah meningkatnya pemahaman peserta mengenai dunia kerja serta tersusunnya CV yang siap digunakan untuk melamar pekerjaan atau melanjutkan pendidikan ke jenjang yang lebih tinggi.', '15-20 pemuda Desa Cibuyur & Mereng, khususnya siswa/i SMA/SMK kelas akhir, lulusan sekolah, dan anggota Karang Taruna yang sedang mempersiapkan diri untuk memasuki dunia kerja.', 'Modul/Buku Panduan', NULL, '2026-06-21 12:44:54', '2026-06-21 12:44:54'),
(19, 155, 'Proker warkshop laporan keuangan bulanan UMKMdigital', 'umkm di desa mundu pesisir, kecamatan mundo kabupaten cirebon merupakan kegiatan usaha masyarkat yang memanfaatkan potensi beal desa terutama hasil perikanan dan kelautan mogoritas masyarakat bekerja sebagai nelayan sehingga banyak umkm bergerak poda sektor Pengolahan hasil laut', '10 peserta masyarakat pengembangan UMKM desa mundu pesisir adalah Masyarakat yang memiliki usaha mikro dan dan kecil serta warga yang berpotensi menjadi wirausaha baru meningkat sebagian besar penduduk bekerja sebagai nelayan dan pedagang program', 'Pelatihan/Workshop', NULL, '2026-06-21 13:01:20', '2026-06-21 13:01:20'),
(20, 81, 'Edukasi Gizi Seimbang dan Pemanfaatan Pangan Lokal Berbasis Jagung sebagai Pemberian Makanan Tambahan (PMT)', 'Kegiatan ini berupa penyuluhan gizi seimbang kepada ibu-ibu menggunakan media Isi Piringku, dilanjutkan dengan demo pengolahan Pemberian Makanan Tambahan (PMT) berbahan dasar jagung sebagai pemanfaatan pangan lokal. Pelaksanaan diawali dengan koordinasi bersama kader posyandu, kemudian penyampaian materi gizi seimbang secara interaktif, dilanjutkan praktik langsung pembuatan PMT berbasis jagung. Kegiatan ini diharapkan dapat menghasilkan peningkatan pemahaman ibu-ibu tentang prinsip Isi Piringku serta tersedianya alternatif olahan PMT bergizi, terjangkau dan berbasis potensi pangan lokal jagung yang dapat diterapkan secara mandiri di rumah', 'Ibu balita, ibu hamil', 'Produk/Leaflet', NULL, '2026-06-21 16:22:11', '2026-06-25 16:27:02'),
(21, 131, 'Pemanfaatan Limbah Rambut Jagung Menjadi Teh Celup Herbal di Desa Peguyangan, Kecamatan Bantarbolang, Kabupaten Pemalang, Jawa Tengah', 'Kegiatan ini dilakukan dengan mengolah limbah rambut jagung yang melimpah di Desa Peguyangan menjadi teh celup herbal, dikombinasikan dengan jahe merah bubuk dan serai bubuk. Pelaksanaannya diawali dengan sosialisasi manfaat rambut jagung kepada KWT, Ibu-ibu PKK, dan UMKM, dilanjutkan dengan demonstrasi pembuatan teh celup serta praktik pengemasan menggunakan tea bag, stiker label produk, dan ziplock alumunium foil. Kegiatan ini diharapkan menghasilkan produk teh herbal siap konsumsi yang higienis dan menarik, sekaligus meningkatkan keterampilan masyarakat dalam mengolah limbah pertanian menjadi produk pangan bernilai jual.', '5 Kelompok Wanita Tani (KWT), 15 Ibu-ibu PKK, dan 5 pelaku UMKM Desa Peguyangan', 'Pelatihan/Workshop', NULL, '2026-06-21 17:20:52', '2026-06-21 17:20:52'),
(22, 48, 'SOSIALISASI DAN PELATIHAN PENGGUNAAN WEBSITE DESA SEBAGAI MEDIA INFORMASI DAN LAYANAN DIGITAL BAGI MASYARAKAT', 'Kegiatan yang dilakukan adalah sosialisasi dan pelatihan penggunaan website desa sebagai media informasi dan layanan digital bagi masyarakat. Pelaksanaan kegiatan dilakukan melalui penyampaian materi mengenai fungsi dan manfaat website desa, demonstrasi penggunaan fitur-fitur website, serta praktik langsung mengakses informasi dan layanan desa menggunakan smartphone maupun laptop. Hasil yang diharapkan adalah meningkatnya pemahaman dan keterampilan masyarakat dalam memanfaatkan website desa sehingga informasi desa dapat diakses dengan mudah, serta layanan publik menjadi lebih cepat, efektif, dan transparan.', 'Perangkat Desa, Ketua RT/RW, Karang Taruna, dan masyarakat Desa.', 'Pelatihan/Workshop', NULL, '2026-06-21 17:39:11', '2026-06-21 17:39:11'),
(24, 277, 'Pembuatan Tea Bag untuk Kemasan Sekunder Limbah Rambut Jagung Menjadi Teh Celup Herbal', 'pembuatan teh celup serta praktik pengemasan menggunakan tea bag, stiker label produk, dan ziplock alumunium foil. Kegiatan ini diharapkan menghasilkan produk teh herbal siap konsumsi yang higienis dan menarik, sekaligus menciptakan ekonomi sirkular melalui keterampilan masyarakat dalam mengolah limbah pertanian menjadi produk pangan bernilai jual.', 'PKK dan Kelompok Tani Wanita Desa', 'Produk/Kerajinan', NULL, '2026-06-21 21:01:30', '2026-06-21 21:01:30'),
(26, 47, 'Plogging Walk sebagai Gerakan Jalan Sehat Berbasis Pengolahan Sampah, Titik Genangan dan Drainase serta Konservasi Air Biopori untuk Revitalisasi Ruang Terbuka Hijau Desa Moga', 'Jalan sehat sambil memungut sampah dilanjutkan edukasi pemilahan sampah dengan Tempat Sampah Terpilah, Tempat Sampah Botol dan Sistem Biopori serta penyusunan dokumen titik genangan, sebaran sampah dan kondisi drainase untuk Revitalisasi Ruang Terbuka Hijau Desa Moga. Hasilnya meningkatnya budaya hidup sehat, partisipasi warga masyarakat dan kesadaran dalam pengolahan sampah serta menjaga kebersihan lingkungan serta terawatnya kembali  Ruang Terbuka Hijau di Desa Moga. Bagi Pemerintah Desa Moga akan memiliki dokumen lingkungan untuk Ruang Terbuka Hijau Desa Moga.', '50 orang peserta', 'Non Fisik (Kegiatan Jalan Sehat Sambil Memungut Sampah & Edukasi Pemilahan Sampah) Fisik (Tempah Sampah Terpilah, Tempat Sampah Botol, Biopori dan Dokumen Lingkungan RTH)', NULL, '2026-06-21 21:24:35', '2026-07-27 15:50:10'),
(27, 21, 'Pelatihan Digital Marketing Media Sosial & E-Commerce untuk UMKM', 'Program ini merupakan pelatihan pemasaran digital (media sosial dan e-commerce) bagi 5 pelaku UMKM. Pelaksanaannya dilakukan secara bertahap selama 6 minggu, meliputi: observasi awal, pembuatan dan optimalisasi akun bisnis, pelatihan fotografi produk dan copywriting, hingga praktik langsung mengelola operasional toko online. Melalui pendampingan ini, hasil yang diharapkan adalah minimal 5 pelaku UMKM mampu memanfaatkan platform digital secara optimal untuk memperluas jangkauan promosi dan meningkatkan penjualan produk mereka.', '5 pelaku UMKM di desa mundu pesisir', '5 pelaku UMKM mampu memanfaatkan media sosial dan e-commerce secara optimal berbasis digital marketing.', NULL, '2026-06-21 23:19:21', '2026-06-29 09:21:26'),
(28, 6, 'Ikan Asin Mundu Cirebon Go Digital', 'UMKM Ikan Asin Mundu Go Digital yakni sebuah program yang menjadi langkah nyata untuk meningkatkan kapasitas UMKM lokal melalui pencatatan keuangan sederhana dan pemanfaatan pemasaran digital. Dengan adanya pelatihan, pendampingan branding, serta simulasi penjualan online, UMKM di Mundu diharapkan mampu lebih mandiri, profesional, dan siap bersaing di pasar yang lebih luas. Program ini tidak hanya memberi manfaat jangka pendek selama KKN, tetapi juga membuka peluang keberlanjutan usaha masyarakat secara berkelanjutan.', 'Umkm lokal yang akan di latih, didampingi, di berdayakan agar usaha mereka lebih profesional dan berkelanjutan', 'Membuat grup whatsaap untuk berbagi tips sebagai media komunikasi antar UMKM', NULL, '2026-06-22 07:01:14', '2026-06-22 07:01:14'),
(29, 127, 'Sosialisasi dan Fasilitasi Legalitas Usaha melalui Pembuatan NIB bagi Masyarakat Desa Mundu Pesisir', '1. Observasi dan Pendataan Mengidentifikasi pelaku usaha yang belum memiliki NIB.\r\n2. Sosialisasi Memberikan materi mengenai pengertian, manfaat, dan tata cara pembuatan NIB.\r\n3. Pendampingan Membantu masyarakat menyiapkan persyaratan yang diperlukan.\r\n4. Fasilitasi Pembuatan NIB Mendampingi proses pendaftaran melalui sistem OSS hingga NIB diterbitkan.\r\n5. Evaluasi Mengevaluasi hasil kegiatan dan jumlah NIB yang berhasil dibuat.', '5 sampai 10 pelaku usaha mikro kecil menengah', 'Pelatihan/Workshop', NULL, '2026-06-22 08:36:04', '2026-06-23 14:47:11'),
(30, 5, 'Pengembangan dan Implementasi Media Pembelajaran Interaktif pada Materi Hak dan Kewajiban Siswa di SDN 01 Peguyangan', 'Kegiatan ini bertujuan mengembangkan dan menerapkan media pembelajaran interaktif pada materi hak dan kewajiban siswa di SDN 01 Peguyangan. Kegiatan diawali dengan pemberian pre-test untuk mengetahui pemahaman awal siswa. Selanjutnya dilakukan penyampaian materi, penggunaan media pembelajaran interaktif, diskusi, dan pengerjaan LKPD. Setelah kegiatan selesai, siswa diberikan post-test untuk mengukur peningkatan pemahaman. Kegiatan ini diharapkan dapat meningkatkan pemahaman siswa mengenai hak dan kewajiban serta menciptakan pembelajaran yang lebih aktif dan menarik.', 'Siswa-siswi kelas 4 SDN 01 Peguyangan, kec bantarbolang', 'Media Pembelajaran, Modul ajar/LKPD', NULL, '2026-06-22 09:24:50', '2026-06-22 09:24:50'),
(31, 126, 'pendampingan pembuatan logo dan kemasan produk bagi umkm desa paguyangan', 'memberikan sosialisasi kepada ibu ibu,khusunya ibu pkk yang ada didesa paguyangan agar bisa membuat logo dan kemasan yang bisa menarik daya beli konsumen,sehingga produknya bisa terkenal atau dikenal kalangan sekitar maupun kalangan luar', 'UMKM Desa Paguyangan Pemalang', 'Pelatihan/Workshop', NULL, '2026-06-22 09:30:35', '2026-06-22 09:30:35'),
(32, 14, 'Pendampingan Pelatihan Pembuatan Identitas Visual Sebagai Strategi Penguatan Branding Pada UMKM', 'Memberikan Pendampingan pelatihan dalam membuat identitas visual, seperti logo, warna merek, tipografi, kemasan, dan media promosi yang mencerminkan karakter usaha.Dilakukan melalui observasi kebutuhan UMKM, diskusi dan konsultasi, perancangan identitas visual, revisi berdasarkan masukan pelaku usaha, serta pelatihan penggunaan identitas visual pada berbagai media pemasaran.UMKM memiliki identitas visual yang konsisten dan profesional, meningkatkan daya tarik serta kepercayaan konsumen, memperkuat citra merek (branding), dan membantu meningkatkan daya saing usaha di pasar.', '5 pelaku UMKM', 'Pelatihan Pembuatan Identitas Visual', NULL, '2026-06-22 09:37:29', '2026-07-04 15:42:08'),
(33, 196, 'Pembiasaan Karakter dan Disiplin Siswa melalui Penerapan Hak dan Kewajiban Siswa di SDN 01 Peguyangan', 'Melakukan observasi kepada sekolah dan guru kelas terkait, melakukan pembelajaran dengan menggunakan media yang interaktif agar dapat meningkatkan pemahaman siswa tentang hak dan kewajiban di sekolah, menumbuhkan sikap disiplin, tanggung jawab, dan peduli lingkungan, membiasakan perilaku positif dalam kehidupan sehari-hari, dan mendukung penguatan pendidikan karakter di sekolah', 'Peserta didik kelas 4 SDN 01 Peguyangan', 'Modul Ajar dan Media Pembelajaran Interaktif', NULL, '2026-06-22 09:39:06', '2026-06-22 09:39:06'),
(35, 255, 'Mengajar Calistung kelas 1-3 SD', 'Mengajar membaca, menulis dan berhitung pada anak kelas 1-3 SD yang masih tertinggal, ini dilakukan di luar jam sekolah sebagai tambahan belajar bagi mereka secara gratis. Harapannya semoga hal ini dapat membantu mereka bisa membaca, menulis dan berhitung dan tidak lagi tertinggal', 'Anak SD yang masih kesulitan dalam membaca, menulis dan berhitung', 'Modul/Buku Panduan', NULL, '2026-06-22 11:33:55', '2026-06-22 11:33:55'),
(36, 64, 'Pendampingan Numerasi Berbasis Gamifikasi untuk Meningkatkan Kemampuan Berhitung Anak Kelas Rendah SD', 'Program ini merupakan kegiatan pendampingan numerasi bagi anak SD kelas 2/3 melalui metode pembelajaran berbasis gamifikasi. Kegiatan diawali dengan pre-test, dilanjutkan pembelajaran berhitung dasar menggunakan permainan edukatif seperti flashcard angka, kartu soal, permainan berhitung, dan ranking 1 matematika sederhana, kemudian diakhiri dengan post-test dan pemberian penghargaan. Program ini diharapkan dapat meningkatkan kemampuan berhitung dasar, keaktifan, serta motivasi belajar anak melalui suasana belajar yang menyenangkan.', 'Anak SD kelas 2/3 di Desa Mundu Pesisir (target 15–20 anak)', 'Buku Aktivitas Numerasi dan media pembelajaran numerasi berbasis gamifikasi.', NULL, '2026-06-22 13:15:01', '2026-06-26 11:39:24'),
(38, 115, 'Pemetaan dan Inventalisir Data Rumah Tidak Layak Huni (RTLH)', 'Pemetaan dan Inventarisasi Data Rumah Tidak Layak Huni (RTLH) adalah program kerja yang bertujuan untuk mengidentifikasi, mengukur, dan memetakan kondisi fisik hunian warga yang belum memenuhi standar kelayakan dan keselamatan bangunan (structural safety). Melalui pendekatan disiplin Ilmu Teknik Sipil, kegiatan ini menghasilkan basis data spasial (peta) dan visual yang akurat sebagai rekomendasi teknis bagi pemerintah desa dalam menentukan prioritas program bantuan rehabilitasi rumah.', '10 Rumah Tidak Layak Huni', 'Database Digital Terstruktur (By Name, By Address)', NULL, '2026-06-22 15:14:36', '2026-07-04 12:10:20'),
(40, 65, 'Penyusunan Dokumen Perencanaan Teknis Sebagai Pendukung Usulan  Pembangunan Desa', '1. Koordinasi dengan pemerintah desa terkait kebutuhan pembangunan. 2. Survei lapangan dan identifikasi lokasi prioritas. 3. Pengumpulan data teknis. 4. Penyusunan gambar kerja sederhana. 5. Perhitungan volume dan RAB. 6. Penyusunan proposal teknis pembangunan. 7. Penyerahan dokumen kepada pemerintah desa', 'Pemerintah Desa, BPD, dan masyarakat Desa Cibuyur', 'Dokumen Teknis Perencanaan terdiri dari Gambar DED, RAB, dan Proposal Kebutuhan Desa', NULL, '2026-06-22 15:32:26', '2026-06-22 15:32:26'),
(42, 22, 'Pembuatan Barcode (QR Code) Lokasi Fasilitas Desa', 'Kegiatan ini bertujuan untuk membuat barcode (QR Code) lokasi fasilitas desa seperti kantor desa, tempat ibadah, sekolah, dan fasilitas umum lainnya. Proses pelaksanaan dilakukan dengan mendata lokasi, menentukan titik koordinat menggunakan Google Maps, lalu membuat QR Code yang terhubung ke lokasi tersebut. QR Code kemudian dicetak dan ditempel di area strategis. Hasil yang diharapkan adalah memudahkan masyarakat dan pengunjung dalam dan luar menemukan lokasi fasilitas desa secara cepat dan akurat.', 'Masyarakat Desa, Perangkat Desa, Pendatang/Pengunjung luar,Pelaku UMKM, Pemuda desa/Karang Taruna Desa', 'Aplikasi/Website', NULL, '2026-06-22 17:16:58', '2026-06-22 17:16:58'),
(43, 57, 'Pemberdayaan Kreativitas Siswa Sekolah Dasar melalui Pembuatan Kipas Hias Berbahan Barang Bekas', 'Kegiatan ini bertujuan memberikan edukasi kepada siswa sekolah dasar mengenai pemanfaatan barang bekas melalui pembuatan kipas hias dari kardus bekas dan stik es krim. Pelaksanaan dilakukan melalui pre-test, pemberian materi, demonstrasi pembuatan, pendampingan praktik, serta post-test dan evaluasi. Hasil yang diharapkan adalah meningkatnya kreativitas siswa, kepedulian terhadap lingkungan, dan terciptanya karya kipas hias dari bahan bekas.', 'Siswa Kelas V Sekolah Dasar', 'Menghasilkan kipas hias dari barang bekas dan meningkatkan kreativitas serta kepedulian lingkungan siswa.', NULL, '2026-06-22 17:45:24', '2026-07-26 23:09:45'),
(44, 248, 'Pendampingan Pengelolaan Stok dan Penyimpanan Terasi', 'Minggu 1: Kunjungan ke pengrajin, amati tempat penyimpanan terasi, dan tanya kendala yang sering dihadapi.\r\n• Minggu 2: Berikan contoh format catatan stok sederhana, ajarkan cara mencatat jumlah terasi yang masuk dan keluar.\r\n• Minggu 3: Jelaskan cara penyimpanan yang benar, tempat kering, sirkulasi udara baik, tumpukan yang rapi, dan hindari kelembapan berlebih.\r\n• Minggu 4–5: Dampingi langsung praktik mencatat stok dan perbaiki cara penyimpanan yang masih kurang tepat.\r\n• Minggu 6: Lakukan pengecekan pemahaman, evaluasi singkat, dan penutupan kegiatan.', '6–10 orang pengrajin terasi di Desa Mundu/Bandengan', 'Modul/Buku Panduan', NULL, '2026-06-22 18:39:48', '2026-06-22 18:39:48'),
(45, 142, 'Pendampingan dan Pembuatan Catalog Produk di Desa Mundu Pesisir', 'Program ini bertujuan untuk mendigitalisasi pelaku UMKM di desa mundu pesisir melalui pembuatan katalog produk. Pelaksanaannya dimulai dengan observasi serta wawancara pemilik usaha untuk mengumpulkan data produk seperti (bahan yang digunakan, harga yang dipatok, dan kontak pemesanan). Selanjutnya dilakukan pelatihan foto produk dan edukasi mengenai pembuatan katalog produk kepada ibu-ibu PKK pelaku UMKM. Setelah semua data terkumpul, dilakukan proses desain, penyusunan, serta review bersama sebelum katalog produk diserahkan. Hasil yang diharapkan yaitu adanya katalog produk digital (PDF) yang dapat mengenalkan produk unggulan secara lengkap sekaligus meningkatkan daya saing pasar modern.', 'Ibu-ibu PKK pelaku UMKM', 'Untuk meningkatan ketrampilan mitra (SDM) serta Perluasan jangkauan pasar (Brand awerreness)', NULL, '2026-06-22 18:49:40', '2026-07-13 08:48:07'),
(46, 75, 'DESA MELEK KEUANGAN DIGITAL (DELIKAT): Edukasi Pengelolaan dan Pencatatan Keuangan Digital bagi Pelaku UMKM Menggunakan Aplikasi Money Lover', 'Program DESA MELEK KEUANGAN DIGITAL (DELIKAT) merupakan kegiatan edukasi bagi pelaku UMKM mengenai pengelolaan keuangan dan pencatatan keuangan digital menggunakan aplikasi Money Lover. Kegiatan diawali dengan pre-test, dilanjutkan penyampaian materi, praktik langsung penggunaan aplikasi, pendampingan peserta, serta diakhiri dengan post-test untuk mengukur peningkatan pemahaman dan keterampilan peserta dalam mengelola keuangan usaha secara lebih tertib, efektif, dan berbasis digital.', 'Pelaku UMKM', 'Meningkatnya kemampuan pelaku UMKM dalam mengelola dan mencatat keuangan usaha secara digital menggunakan aplikasi Money Lover, yang dibuktikan melalui penerapan pencatatan keuangan digital dan peningkatan hasil post-test peserta.Money Lover', NULL, '2026-06-22 18:57:59', '2026-07-23 19:48:51'),
(47, 8, 'Pendampingan Digitalisasi UMKM melalui pembuatan QRIS', '1.Observasi dan pendataan UMKM (minggu 1) 2. Sosialisasi digitalisasi UMKM dan QRIS3 (minggu 2) 3. Pendampingan pembuatan dan pendaftaran QRIS. (minggu 3-4) 4.Aktivasi serta pemasangan QRIS pada tempat usaha. (minggu 4). 5. Monitoring dan evaluasi penggunaan QRIS (minggu 5 )', 'pelaku UMKM,di desa  lokus belum memiliki atau belum menggunakan QRIS sebagai metode pembayaran non-tunai dalam kegiatan usahanya.', 'Barqode Qris yang diprint dan dilaminating serta pelatihan/ sosialisasi kepada umkm di desa lokus', NULL, '2026-06-22 19:04:22', '2026-06-28 19:22:03'),
(48, 93, 'Pelatihan Pembuatan Video 3D Menggunakan Canva untuk Media Promosi Digital', 'Banyak masyarakat, dan pemuda desa belum memiliki keterampilan membuat media promosi digital yang menarik. Canva menyediakan fitur pembuatan video 3D yang mudah digunakan untuk meningkatkan kualitas promosi produk, kegiatan desa, maupun konten media sosial.', 'masyarakat Desa & umkm', 'Pelatihan', NULL, '2026-06-22 19:11:58', '2026-07-16 19:59:23'),
(49, 77, 'Sistem Peminjaman Sarana Prasarana Desa Berbasis Web', 'Program kerja \"Sistem Peminjaman Sarana Prasarana Desa Berbasis Web\" dilakukan dengan mengembangkan sistem berbasis web untuk membantu pengelolaan peminjaman sarana dan prasarana desa, seperti proyektor, kursi, sound system, dan perlengkapan lainnya. Sistem ini dirancang untuk memudahkan proses pencatatan data sarana, pengajuan peminjaman, persetujuan peminjaman, serta pemantauan jadwal penggunaan dan pengembalian barang.\r\n\r\nPelaksanaan kegiatan diawali dengan melakukan observasi dan wawancara kepada perangkat desa untuk mengetahui kebutuhan dan kendala dalam proses peminjaman sarana yang selama ini masih dilakukan secara manual. Selanjutnya dilakukan perancangan dan pengembangan sistem berbasis web, dilanjutkan dengan uji coba sistem untuk memastikan seluruh fitur dapat berjalan dengan baik. Setelah sistem selesai dibuat, dilakukan sosialisasi dan pelatihan kepada perangkat desa mengenai cara penggunaan sistem, kemudian dilakukan serah terima agar sistem dapat dimanfaatkan secara berkelanjutan.\r\n\r\nHasil yang diharapkan dari kegiatan ini adalah tersedianya sistem peminjaman sarana desa yang lebih efektif, terstruktur, dan mudah digunakan, sehingga dapat mengurangi kesalahan pencatatan, mencegah benturan jadwal peminjaman, meningkatkan kualitas pelayanan kepada masyarakat, serta memudahkan perangkat desa dalam mengelola dan memantau penggunaan sarana desa.', 'Pemerintah Desa sebagai pengelola aset serta masyarakat yang pemanfaatan fasilitas desa.', 'Aplikasi/Website', NULL, '2026-06-22 19:25:25', '2026-07-20 23:27:45'),
(50, 70, 'Edukasi Area Privasi Anak untuk Pencegahan Kekerasan dan Pelecehan pada Anak', 'Edukasi Area Privasi Anak untuk Pencegahan Kekerasan dan Pelecehan pada Anak merupakan kegiatan penyuluhan yang bertujuan memberikan pemahaman kepada anak-anak mengenai bagian tubuh yang bersifat pribadi (area privasi), pentingnya menjaga batasan diri, serta cara melindungi diri dari tindakan yang tidak pantas. Kegiatan dilaksanakan melalui metode yang menyenangkan dan sesuai dengan usia anak, seperti penyampaian materi menggunakan poster atau gambar edukatif, permainan interaktif, diskusi, dan tanya jawab.\r\n\r\nDalam pelaksanaannya, peserta akan dikenalkan pada konsep area privasi tubuh, perbedaan sentuhan yang aman dan tidak aman, pentingnya berkata \"tidak\" terhadap tindakan yang membuat tidak nyaman, serta keberanian untuk melapor kepada orang tua, guru, atau orang dewasa terpercaya. Selain itu, peserta akan mengikuti kuis dan simulasi sederhana untuk memperkuat pemahaman mereka terhadap materi yang diberikan.\r\n\r\nMelalui kegiatan ini diharapkan minimal 25 anak memiliki pengetahuan yang lebih baik tentang perlindungan diri, mampu mengenali situasi yang berpotensi membahayakan, serta memiliki keberanian untuk mencari bantuan apabila menghadapi tindakan kekerasan atau pelecehan. Dokumentasi dan media edukasi yang digunakan juga dapat dimanfaatkan sebagai sarana pembelajaran berkelanjutan bagi anak-anak di lingkungan sekitar.', 'Anak - anak SD Kelas 3-6 di Desa Rancawuluh', 'Penyuluhan/Edukasi', NULL, '2026-06-22 20:30:43', '2026-06-29 08:39:14'),
(51, 147, 'Inventarisasi, Perhitungan Penyusutan, dan Edukasi Pengelolaan \" Tabungan Aset Tetap \" pada UMKM', 'Program ini menginventarisasi aset tetap UMKM dan menghitung nilai penyusutannya secara manual. Pelaksanaannya dilakukan melalui pendampingan langsung menggunakan buku kontrol fisik dan wadah khusus bernama \"Tabungan Aset Tetap\" untuk menyisihkan dana cadangan secara berkala. Hasil yang diharapkan adalah meningkatnya tertib administrasi akuntansi serta kedisiplinan finansial pemilik usaha dalam mengamankan dana peremajaan alat demi keberlanjutan UMKM di masa depan.', '1-3 pelaku UMKM di desa Slatri', 'Buku kontrol tabungan aset tetap beserta tempat penyimpanan uang', NULL, '2026-06-22 21:06:15', '2026-07-11 06:55:42'),
(52, 66, 'Pelatihan dan Pendampingan Pembukuan Sederhana Menggunakan Aplikasi Catatan Keuangan untuk Mendukung Pengelolaan Usaha dan Keuangan Rumah Tangga', 'Kegiatan ini berupa pelatihan dan pendampingan pelaku usaha dan masyarakat dalam mencatat setiap pemasukan dan pengeluaran kas. Pelaksanaannya dilakukan melalui pemberian materi mengenai pentingnya pembukuan, pengenalan format pencatatan kas, serta praktik langsung mencatat pemasukan dan pengeluaran sesuai kondisi usaha dan keuangan rumah tangga peserta, kemudian dilakukan evaluasi dan pemberian masukan untuk memastikan pemahaman peserta. Untuk ke depannya diharapkan pelaku usaha dan masyarakat mampu menyusun dan menerapkan pembukuan sederhana secara mandiri, tertib dan berkelanjutan.', 'UMKM Desa dan masyarakat', 'Pelatihan/Workshop', NULL, '2026-06-22 21:32:04', '2026-06-27 09:06:01'),
(53, 124, 'Digitalisasi Informasi Layanan Administrasi Surat Desa Kebon Gede Berbasis Website', 'Menyediakan informasi layanan administrasi surat desa Kebon Gede secara digital melalui website. Kegiatan meliputi pendataan jenis-jenis surat beserta persyaratannya, pengembangan halaman layanan surat dengan fitur pencarian, filter kategori, dan tampilan persyaratan interaktif, serta pembuatan panduan alur pengurusan surat. Hasil yang diharapkan adalah masyarakat dapat mengakses informasi persyaratan surat kapan saja tanpa harus datang ke kantor desa terlebih dahulu.', 'Perangkat desa dan masyarakat Desa Kebongede.', 'Aplikasi/Website', NULL, '2026-06-22 22:34:50', '2026-06-23 12:16:39'),
(54, 225, '\"sampahku, karyaku\" Pemanfaatan Sampah Plastik Menjadi Karya Kolase Kreatif bagi Siswa SD', 'Sampah plastik merupakan salah satu masalah lingkungan yang sering dijumpai di sekitar sekolah dan masyarakat. Di sisi lain, siswa SD perlu diberikan pembelajaran yang dapat mengembangkan kreativitas sekaligus menanamkan kepedulian terhadap lingkungan. Melalui kegiatan pembuatan kolase dari sampah plastik, siswa dapat belajar mengolah sampah menjadi karya seni yang bermanfaat.', 'Siswa SD', 'Produk/Kerajinan', NULL, '2026-06-23 06:05:30', '2026-06-29 08:00:44'),
(55, 111, 'Perencanaan Broncaptering Sumber Mata Air', 'Sumber mata air merupakan salah satu sumber air bersih yang penting bagi masyarakat desa. Namun, belum adanya bangunan broncaptering yang memadai dapat menyebabkan kualitas air menurun dan debit air tidak termanfaatkan secara optimal. Oleh karena itu, diperlukan perencanaan broncaptering untuk melindungi sumber mata air serta mendukung penyediaan air bersih bagi masyarakat.', 'Pemerintah Desa. Kelompok pengelola air bersih. Masyarakat pengguna sumber mata air.', 'Gambar Rencana Broncaptering dan RAB Sederhana', NULL, '2026-06-23 07:41:17', '2026-06-23 07:41:17'),
(56, 236, 'PEMBUATAN QRIS BAGI PELAKU UMKM  DESA', '1. Pendataan UMKM yang belum memiliki \r\nQRIS. 2. Sosialisasi manfaat pembayaran \r\ndigital dan QRIS. 3. Pendampingan \r\npersiapan dokumen (KTP, nomor HP, \r\nrekening bank/e-wallet). 4. Pendampingan \r\nproses pendaftaran QRIS melalui bank atau \r\npenyelenggara jasa pembayaran. 5. Edukasi \r\npenggunaan QRIS dan pencatatan transaksi \r\ndigital. 6. Monitoring penggunaan QRIS \r\nsetelah aktivasi.', '20 umkm', 'Aplikasi/Website', NULL, '2026-06-23 09:34:13', '2026-06-23 09:34:13'),
(57, 78, 'Pelatihan Pembukaan Akun Seller Pada Market Place Untuk Pedagang UMKM Bagi Masyarakat Mundu Pesisir', 'Memberikan pemahaman kepada pelaku UMKM tentang pemasaran Digital melalui marketplace, identifikasi dan pendataan UMKM yang belum memiliki akun seller marketplace, Meningkatkan kemampuan UMKM dalam memasarkan produk secara online.', '20-30 UMKM Desa Mundu Pesisir', 'Pelatihan/Workshop', NULL, '2026-06-23 09:38:23', '2026-06-23 09:38:23'),
(58, 2, 'Pelatihan Digitalisasi UMKM Melalui Digital Marketing Sederhana Bagi Pelaku UMKM', 'Kegiatan ini bertujuan untuk memberikan pelatihan kepada pelaku UMKM dalam memanfaatkan digital marketing sederhana sebagai upaya digitalisasi usaha. Pelaksanaan dilakukan melalui sosialisasi dan praktik langsung penggunaan WhatsApp Business, pembuatan katalog produk, serta pelatihan pembuatan konten promosi. Kegiatan ini diharapkan dapat meningkatkan kemampuan pelaku UMKM dalam memasarkan produk secara digital sehingga jangkauan pasar dan penjualan meningkat.', 'UMKM Desa Peguyangan', 'Pelatihan/Workshop', NULL, '2026-06-23 09:41:55', '2026-06-23 09:41:55'),
(59, 108, 'Merancang Desain dan Menghitung RAB Untuk Pembangunan Sarana dan Prasarana Berupa Jalan Desa Sebagai Acuan Pelaksanaan Teknisnya', '1. Koordinasi dengan pemerintah desa dan pemangku kepentingan.\r\n2. Survei dan Identifikasi Lapangan. \r\n3. Penyusunan Dokumen Teknis\r\n4. Presentasi hasil desain kepada pemerintah desa.\r\n5. Finalisasi dokumen perencanaan.', 'Hasil dari tersusunya dokumen teknis tersebut bisa untuk pengajuan anggaran ke pemerintah dan Menjadi pedoman pada saat pelaksanaan teknis dilapangan.', 'Modul/Buku Panduan', NULL, '2026-06-23 10:16:58', '2026-07-05 12:36:31'),
(60, 31, 'Pendampingan Sertifikasi Halal bagi UMKM Desa Kalirahayu', 'Kegiatan Pendampingan Sertifikasi Halal bagi UMKM Desa Kalirahayu dilaksanakan dengan memberikan edukasi dan pendampingan kepada pelaku UMKM mengenai pentingnya sertifikasi Halal sebagai bentuk legalitas produk dan jaminan kehalalan bagi konsumen. Pelaksanaan kegiatan diawali dengan identifikasi dan pendataan UMKM yang belum memiliki sertifikasi Halal, kemudian dilanjutkan dengan sosialisasi terkait manfaat, persyaratan, prosedur pengajuan sertifikasi Halal. Setelah itu, dilakukan pendampingan dalam pengumpulan dokumen dan proses pendaftaran sertifikasi Halal sesuai dengan ketentuan yang berlaku.\r\nHasil yang diharapkan dari kegiatan ini adalah meningkatnya pengetahuan dan kesadaran pelaku UMKM mengenai pentingnya sertifikasi halal, bertambahnya jumlah UMKM yang mengajukan sertifikasi halal, serta meningkatnya daya saing produk UMKM Desa Kalirahayu di pasar yang lebih luas.', '15-20 UMKM Desa Kalirahayu', 'Dokumen sertifikasi Halal, data UMKM sasaran, dan materi edukasi Sertifikasi Halal', NULL, '2026-06-23 10:19:29', '2026-06-23 10:19:29'),
(61, 80, 'Pembuatan denah sederhana dan rencana anggaran biaya fasilitas umum desa', 'Desa sering membutuhkan gambar rencana dan perkiraan anggaran biaya untuk mengajukan pembangunan atau renovasi fasilitas umum, adapun tahapannya yg utama yaitu menanyakan perangkat desa dan survei lokasi yang ditunjukkan perangkat desa tersebut', 'Pemerintah desa dan fasilitas umum desa', 'Gambar denah dan RAB sederhana serta dokumentasi', NULL, '2026-06-23 10:24:56', '2026-07-03 09:39:54'),
(62, 137, 'Pemanfaatan limbah galon bekas sebagai media budidaya ikan lele dan tanaman kangkung', 'Melakukan sosialisasi tentang pentingnya pemanfaatan limbah sebagai sarana produktif perikanan dan pertanian ramah lingkungan', 'Masyarakat umum desa kebongede', 'Produk/Kerajinan', NULL, '2026-06-23 10:48:13', '2026-06-23 10:48:13'),
(63, 275, 'Effiliate maeketing', 'Memberikan UMKM.pemahan marketing dasar dan mempunyai jangkauan luas', '20 pelaku umkm', '100.000', NULL, '2026-06-23 11:17:41', '2026-06-23 11:17:41'),
(64, 38, 'Sosialisasi pemanfaatan limbah pertanian sebagai bahan pembuatan arang briket bernilai ekonomis', 'Untuk mengurangi limbah petani, dan membuat penghasilan atau umkm, memberi pemahaman pada warga desa maupun petani. Dengan hasil limbah petani bisa menjadi nilai penghasilan', 'Para warga dan petani', 'Modul/Buku Panduan', NULL, '2026-06-23 11:36:00', '2026-06-23 11:36:43'),
(65, 37, 'praktek pembuatan ecobrick bersama peserta didik', 'pemanfaatan sampah plastik menjadi meja atau kursi yang dimasukan kedalam botol plastik', 'peserta didik', 'Modul/Buku Panduan', NULL, '2026-06-23 11:47:03', '2026-06-23 11:47:03'),
(66, 191, 'Genting\" (Gerakan Edukasi Cegah Stunting) Melalui MP-ASI Lokal', 'Meningkatkan pengetahuan kader posyandu dan ibu balita mengenai pemenuhan gizi seimbang berbasis pangan lokal.\r\nMengenalkan dan menerapkan prinsip higiene sanitasi (keamanan pangan sederhana) dalam mengolah makanan anak/PMT guna mencegah infeksi berulang', 'Kader Posyandu dan Ibu yang memiliki balita di daerah lokus', 'Pelatihan/Workshop', NULL, '2026-06-23 11:48:52', '2026-07-11 10:54:56'),
(67, 23, 'Pendampingan Pembuatan Akun Google Maps Business bagi Usaha Kuliner Desa Krasak', 'Pendampingan pembuatan dan pengelolaan akun Google Maps Business bagi Usaha kuliner di Desa Krasak melalui sosialisasi, pelatihan, dan praktik langsung. Kegiatan ini bertujuan meningkatkan promosi online dan memudahkan pelanggan menemukan lokasi usaha.', '10-15 pelaku Usaha Kuliner di desa Krasak', 'Aplikasi/Website', NULL, '2026-06-23 12:03:06', '2026-06-23 12:03:06'),
(68, 28, 'Perancangan Logo sebagai Identitas Visual dalam Upaya Penguatan Branding Produk UMKM', 'Kegiatan ini bertujuan membantu UMKM dalam membangun identitas visual produk melalui perancangan logo yang sesuai dengan karakter usaha. Kegiatan dilakukan melalui observasi, penyusunan konsep desain, pembuatan logo, dan revisi. Hasil yang diharapkan adalah tersedianya logo yang dapat mendukung branding dan promosi produk UMKM.', '5-10 pelaku UMKM di desa Cipelem', 'Desain Logo sebagai Identitas Visual Produk UMKM', NULL, '2026-06-23 12:03:47', '2026-06-29 16:41:28'),
(69, 7, '\"Perancangan Poster Promosi sebagai Upaya Peningkatan Daya Tarik Produk UMKM\".', 'Program ini bertujuan membuat desain poster iklan untuk produk usaha kecil menengah agar lebih menarik dan diketahui oleh masyarakat. Pelaksanaannya dilakukan dengan tahap-tahap seperti mengidentifikasi kebutuhan dan karakteristik produk, membuat konsep desain, menggambar poster menggunakan aplikasi desain, serta melakukan revisi bersama pengusaha UMKM hingga desain tersebut siap digunakan. Hasil yang diinginkan adalah adanya poster promosi yang menarik perhatian, memberikan informasi yang jelas, dan efektif dalam meningkatkan daya tarik produk serta mendukung pembuatan strategi pemasaran UMKM.', '5-10 UMKM didesa cipelem', 'Dibuatnya poster promosi UMKM yang menarik, jelas, dan bisa langsung digunakan sebagai alat pemasaran untuk meningkatkan ketertarikan dan promosi produk usaha UMKM.', NULL, '2026-06-23 12:05:05', '2026-06-23 21:25:15'),
(70, 136, 'Pendampingan Branding Usaha Kuliner Melalui Pembuatan Logo dan Desain Daftar Menu sebagai Identitas Usaha di Desa Krasak', 'Kegiatan ini bertujuan membantu pelaku usaha kuliner di Desa Krasak dalam membangun identitas usaha melalui pembuatan logo dan desain daftar menu. Pelaksanaan dilakukan melalui observasi kebutuhan usaha, pendampingan penyusunan konsep logo, serta pembuatan desain daftar menu yang menarik dan informatif. Diharapkan kegiatan ini dapat meningkatkan pemahaman pelaku usaha mengenai pentingnya branding, memperkuat identitas usaha, serta meningkatkan daya tarik usaha kuliner kepada konsumen.', '10 pelaku usaha kuliner di Desa Krasak (warung makan, mi ayam, seblak, bakso, jajanan, dan usaha kuliner lainnya).', 'Produk/Kerajinan', NULL, '2026-06-23 12:11:05', '2026-06-23 12:11:05'),
(71, 130, 'Pembuatan Website Profil Desa Kebongede', 'Merancang dan membangun website profil desa berbasis web yang menampilkan informasi potensi desa, data demografi, serta produk UMKM lokal. Website dikembangkan menggunakan teknologi modern dengan tampilan responsif (mobile-friendly). Kegiatan meliputi analisis kebutuhan, desain interface, pengembangan sistem, migrasi konten, serta dokumentasi teknis. Hasil berupa website aktif yang dapat diakses publik untuk meningkatkan visibilitas dan transparansi informasi desa.', 'Perangkat desa dan masyarakat Desa Kebongede', 'Aplikasi/Website', NULL, '2026-06-23 12:21:07', '2026-07-20 14:09:46'),
(74, 11, 'Kreasi Peduli Lingkungan Bagi Siswa Sekolah Dasar Melalui Kegiatan Daur Ulang Sampah Plastik Menjadi Kolase', 'Program ini dilaksanakan melalui pembelajaran interaktif berbasis praktik langsung yang melibatkan satu kelas dengan sasaran hasil karya menyesuaikan jumlah siswa-siswi yang ada di kelas tersebut.\r\nTahapan pelaksanaan program sebagai berikut:\r\n1.	Koordinasi dengan pihak sekolah. Pelaksana berkoordinasi dengan kepala sekolah dan guru kelas mengenai jadwal, tempat pelaksanaan, jumlah peserta, serta teknis pelaksanaan kegiatan.\r\n2.	Pengenalan materi. Guru memberikan materi menggunakan media pembelajaran interaktif mengenai jenis-jenis sampah (organik dan anorganik), dampak sampah terhadap lingkungan, serta pentingnya menerapkan prinsip 3R (Reduce, Reuse, Recycle) dalam kehidupan sehari-hari.\r\n3.	Persiapan alat dan bahan. Sebelum sesi pengerjaan tugas, guru menyampaikan kepada siswa untuk membawa sampah plastik kering yang bersih dan aman dari rumah, seperti bungkus makanan ringan. Selain itu, setiap siswa diminta membawa gunting dan lem sebagai alat untuk membuat kolase.\r\n4.	Pembagian kelompok dan pemeriksaan bahan. Siswa dibagi menjadi beberapa kelompok menyesuaikan jumlah siswa yang ada. Guru memeriksa sampah plastik yang dibawa siswa untuk memastikan bahan dalam keadaan bersih, kering, tidak berbau, serta bebas dari benda tajam atau bahan berbahaya.\r\n5.	Kegiatan pembuatan kolase. Guru membagikan lembar kerja yang telah memiliki gambar dasar, seperti gambar pohon, hewan, bunga, dan gambar lainnya untuk siswa. Siswa menggunting sampah plastik sesuai arahan, kemudian menempelkannya pada gambar hingga menjadi karya kolase. \r\n6.	Presentasi hasil karya dan refleksi. Setelah kegiatan selesai, setiap kelompok menunjukkan hasil karya anggotanya. Guru memberikan apresiasi dan penguatan mengenai pentingnya menjaga kebersihan lingkungan serta memanfaatkan kembali sampah menjadi karya yang bermanfaat. Seluruh karya kolase kemudian dikumpulkan sebagai bentuk apresiasi terhadap kreativitas siswa.\r\n7.	Prosedur keamanan. Sebelum kegiatan dimulai, guru menjelaskan cara menggunakan gunting dan lem dengan aman. Penggunaan alat dilakukan di bawah pengawasan guru. Sampah yang digunakan harus berupa sampah plastik kering yang telah dibersihkan, tidak mengandung benda tajam, kaca, atau limbah berbahaya. Setelah kegiatan selesai, siswa membersihkan area kerja dan mencuci tangan untuk menjaga kebersihan dan kesehatan.', 'SDN 05 Banyumudal atau tempat sekitar Banyumudal. Jumlah siswa-siswi dalam satu kelas.', 'Target luaran fisik yaitu karya (kolase)', NULL, '2026-06-23 12:35:46', '2026-07-22 10:53:11'),
(75, 178, 'Pengembangan Identitas Visual usaha kuliner melalui Pembuatan Logo dan Daftar Menu Usaha', 'Program ini bertujuan membantu pelaku usaha kuliner dalam membangun identitas usaha melalui pembuatan logo dan daftar menu yang lebih menarik dan profesional. Kegiatan dilaksanakan dengan melakukan pendataan kebutuhan usaha kuliner, konsultasi mengenai konsep branding, kemudian merancang logo dan desain daftar menu sesuai karakter usaha. Hasil yang diharapkan adalah Usaha Kuliner memiliki identitas visual yang lebih jelas sehingga dapat meningkatkan daya tarik produk, kepercayaan konsumen, dan mendukung pemasaran usaha.', '5 -10 Pelaku usaha kuliner, seperti warung makan, seblak, bakso, mie ayam, dan usaha kuliner sejenis.', 'Produk/Kerajinan', NULL, '2026-06-23 13:08:35', '2026-07-03 19:02:09'),
(76, 270, 'Pendidikan Rumah Calistung Ceria ( Di desa Luwung gede)', 'Pendidikan Rumah Calistung Ceria merupakan program kegiatan pendidikan yang bertujuan untuk membantu anak-anak dalam meningkatkan kemampuan dasar membaca, menulis, dan berhitung melalui metode pembelajaran yang menyenangkan, kreatif, dan interaktif. Kegiatan ini dirancang sebagai tempat belajar nonformal yang memberikan suasana nyaman sehingga anak-anak lebih mudah memahami materi tanpa merasa terbebani.', 'Sasaran anak-anak sd', 'Pelatihan/Workshop', NULL, '2026-06-23 14:15:56', '2026-06-28 13:02:49'),
(77, 123, 'Pemberdayaan UMKM Melalui Pemanfaatan E-Commerce dan Optimalisasi Lokasi Pada Google Maps Untuk Meningkatkan Daya Saing Produk Lokal di Desa Dukuh Tengah', 'Mahasiswa KKN melaksanakan program kerja pemberdayaan UMKM yang diawali dengan kegiatan sosialisasi kepada pelaku UMKM di Desa Dukuh Tengah. Sosialisasi dilakukan dengan mengumpulkan pelaku UMKM untuk memberikan edukasi mengenai pentingnya digitalisasi usaha melalui pemanfaatan e-commerce dan Google Maps. Materi yang disampaikan meliputi manfaat pemasaran digital, cara memperluas jangkauan pasar melalui marketplace, serta pentingnya mendaftarkan lokasi usaha di Google Maps agar lebih mudah ditemukan oleh konsumen. Kegiatan berlangsung secara interaktif melalui penyampaian materi dan sesi tanya jawab untuk menggali kendala yang dihadapi pelaku UMKM. Selanjutnya, mahasiswa melakukan pendampingan secara door to door ke rumah atau tempat usaha masing-masing pelaku UMKM. Kegiatan tersebut meliputi sosialisasi pemanfaatan e-commerce dan pendaftaran lokasi usaha di Google Maps. Melalui pendampingan secara langsung, pelaku UMKM memperoleh pemahaman dan keterampilan dalam memanfaatkan platform digital sebagai sarana promosi dan pengembangan usaha sehingga diharapkan mampu meningkatkan daya saing produk lokal.', 'Pelaku Usaha Mikro, Kecil, dan Menengah (UMKM) di Desa Dukuh Tengah, Kecamatan Margasari, Kabupaten Tegal yang belum memiliki lokasi usaha pada Google Maps.', 'Lokasi Usaha Terdaftar di Google Maps, Meningkatnya Literasi Pemasaran Digital, dan Dokumentasi Kegiatan', NULL, '2026-06-23 14:40:26', '2026-07-13 22:41:06'),
(78, 116, 'Pendampingan Pembuatan Nomor Induk Berusaha (NIB) Berbasis OSS Terintegrasi di Desa krasak', '1. Berkoordinasi dengan perangkat Desa Krasak untuk memperoleh data pelaku UMKM yang belum memiliki Nomor Induk Berusaha (NIB).\r\n2. Melakukan pendataan dan identifikasi pelaku usaha yang berpotensi untuk didaftarkan dalam sistem OSS.\r\n3. Mengunjungi pelaku UMKM secara langsung dari rumah ke rumah untuk memberikan informasi mengenai pentingnya legalitas usaha dan NIB.\r\n4. Memberikan penjelasan mengenai manfaat NIB, persyaratan pendaftaran, serta prosedur pengurusan melalui sistem Online Single Submission (OSS).\r\n5. Membantu pelaku usaha dalam pembuatan akun OSS, pengisian data usaha, hingga proses penerbitan NIB menggunakan laptop atau smartphone.\r\n6. Membantu mengunduh, mencetak, dan menyerahkan NIB yang telah terbit kepada pelaku usaha.\r\n7. Melakukan evaluasi terhadap jumlah NIB yang berhasil diterbitkan serta mendokumentasikan seluruh rangkaian kegiatan sebagai laporan KKN.', '5-10 Pelaku UMKM, pedagang kecil, usaha rumahan, dan masyarakat yang memiliki atau akan memulai usaha di Desa Krasak.', 'Dokumen NIB', NULL, '2026-06-23 14:44:25', '2026-06-23 14:44:25'),
(79, 175, 'Edukasi Menabung dan Pengelolaan Uang Saku bagi Anak Usia Sekolah Dasar', '1. Koordinasi dengan pemerintah desa, RT/RW, dan orang tua untuk pelaksanaan kegiatan (minggu 1). 2. Sosialisasi dan pengenalan pentingnya menabung melalui penyampaian materi interaktif (minggu 2). 3. Permainan edukatif \"Kebutuhan atau Keinginan\" dan diskusi kelompok (minggu 2). 4. Simulasi pengelolaan uang saku dan pembuatan target tabungan pribadi (minggu 2). 5. Pembagian buku saku literasi keuangan serta evaluasi pemahaman peserta (minggu 2).', '10 - 20 Anak Usia Sekolah Dasar', 'Modul/Buku Panduan', NULL, '2026-06-23 14:47:11', '2026-06-23 14:47:11'),
(80, 199, 'Perencanaan Teknis Infrastruktur Desa Melalui Survei Lapangan dan Penyusunan Rencana Anggaran Biaya (RAB)', 'Kegiatan ini dilakukan dengan melaksanakan survei lapangan untuk mengidentifikasi kondisi infrastruktur desa, seperti jalan lingkungan, drainase dan talud.\r\nPelaksanaan kegiatan meliputi pengukuran, pendokumentasian kondisi eksisting, serta pengumpulan data teknis yang diperlukan. Data yang diperoleh kemudian dianalisis untuk menyusun desain perbaikan dan estimasi biaya (RAB) sederhana. Hasil yang diharapkan berupa tersedianya data kondisi infrastruktur, gambar rencana, dan dokumen RAB yang dapat menjadi bahan pertimbangan pemerintah desa dalam merencanakan pembangunan dan perbaikan infrastruktur secara tepat sasaran.', 'Pemerintah Desa, Masyarakat pengguna jalan, dan RT/RW setempat', 'Modul/Buku Panduan', NULL, '2026-06-23 15:44:41', '2026-06-23 15:44:41');
INSERT INTO `kkn_proker_individu` (`id`, `mahasiswa_id`, `judul`, `deskripsi`, `target`, `target_luaran`, `sasaran`, `created_at`, `updated_at`) VALUES
(81, 84, 'Implementasi Media Pembelajaran Interaktif dan Edukatif pada Materi Hak dan Kewajiban untuk Meningkatkan Keaktifan Belajar Siswa Kelas 4 SD', 'Kegiatan ini bertujuan mengimplementasikan media pembelajaran interaktif dan edukatif pada mata pelajaran PPKn materi Hak dan Kewajiban untuk siswa kelas 4 SD. Pelaksanaan dilakukan melalui pre-test, penyampaian materi menggunakan PowerPoint interaktif, diskusi dan tanya jawab, penggunaan media edukatif berupa papan interaktif hak dan kewajiban, kuis edukatif berbasis ZEP Quiz, serta post-test dan evaluasi. Melalui papan interaktif, siswa berpartisipasi secara langsung dengan mencocokkan dan mengelompokkan contoh hak dan kewajiban dalam kehidupan sehari-hari. Hasil yang diharapkan adalah meningkatnya pemahaman, keaktifan, dan partisipasi siswa dalam proses pembelajaran serta kemampuan siswa dalam menerapkan hak dan kewajiban secara bertanggung jawab dalam kehidupan sehari-hari.', 'Siswa Sekolah Dasar Kelas 4 SD (±20 anak).', 'Media pembelajaran interaktif dan edukatif', NULL, '2026-06-23 15:53:22', '2026-07-20 00:43:24'),
(86, 68, 'Pelatihan Pembuatan Celengan dari Botol Plastik Bekas untuk Meningkatkan Kreativitas dan Menumbuhkan Kebiasaan Menabung pada Anak', 'Program ini dilaksanakan melalui pelatihan pembuatan celengan dari botol plastik bekas yang ditujukan kepada anak-anak SD. Kegiatan diawali dengan sosialisasi tentang pentingnya menabung dan pemanfaatan barang bekas, kemudian dilanjutkan dengan praktik membuat serta menghias celengan sesuai kreativitas masing-masing peserta. Pelaksanaan dilakukan secara langsung dengan pendampingan selama proses pembuatan. Hasil yang diharapkan adalah meningkatnya kreativitas anak, keterampilan memanfaatkan limbah plastik, serta tumbuhnya kebiasaan menabung sejak dini melalui penggunaan celengan yang telah dibuat.', 'Anak-anak usia SD kelas 1–6 di lingkungan sekitar lokasi KKN', 'Hasil kreativitas kerajinan tangan (celengan)', NULL, '2026-06-23 17:43:10', '2026-06-23 17:43:10'),
(87, 125, 'Pohon Kosakata: Media Kreatif untuk Meningkatkan Penguasaan Kosakata Anak', 'Program ini bertujuan membantu meningkatkan kemampuan berbahasa anak melalui pengenalan dan pengembangan kosakata secara kreatif. Kegiatan ini dilaksanakan pada peserta Bimbingan Belajar Gratis di Posko KKN dengan memanfaatkan media Pohon Kosakata yang dibuat pada buku gambar. Melalui program ini, peserta diajak menuliskan kosakata baru berdasarkan tema tertentu, memahami maknanya, serta menggunakannya dalam kalimat sederhana. Selain meningkatkan penguasaan kosakata, program ini juga bertujuan menumbuhkan minat belajar, kreativitas, dan literasi bahasa anak melalui kegiatan yang menyenangkan dan interaktif.', '± 10 Anak usia sekolah dasar yang mengikuti bimbel gratis di posko KKN', 'Pengembangan Literasi Bahasa Anak melalui Media Pohon Kosakata', NULL, '2026-06-23 18:01:07', '2026-06-23 18:01:07'),
(89, 150, 'Perencanaan pembangunan tempat penyimpanan sampah', '1. Survei lokasi. 2. Pengukuran lahan. 3. Pembuatan gambar desain.  4. Penyusunan RAB', 'Masyarakat setempat', '1. Denah dan gambar tampak TPS. 2. RAB pembangunan TPS', NULL, '2026-06-23 18:51:18', '2026-07-14 13:05:51'),
(90, 54, 'Peningkatan Literasi Keuangan melalui Edukasi Pengelolaan Keuangan Keluarga bagi Ibu Rumah Tangga', 'Kegiatan ini bertujuan meningkatkan literasi keuangan ibu rumah tangga melalui edukasi pengelolaan keuangan keluarga yang sederhana dan mudah dipahami. Pelaksanaan diawali dengan survei kebutuhan peserta, kemudian dilanjutkan dengan sosialisasi mengenai pentingnya pengelolaan keuangan yang baik. Materi yang disampaikan meliputi penyusunan anggaran keluarga, pencatatan pemasukan dan pengeluaran, serta pentingnya menabung untuk kebutuhan masa depan. Selain penyampaian materi, peserta juga diberikan praktik langsung melalui studi kasus dan latihan membuat catatan keuangan sederhana. Kegiatan diakhiri dengan sesi diskusi dan evaluasi. Hasil yang diharapkan adalah meningkatnya pemahaman peserta serta kemampuan mengelola keuangan keluarga secara lebih terencana, efektif, dan berkelanjutan.', '20 Ibu rumah tangga di lingkungan desa/kelurahan lokasi KKN.', 'Modul/Buku Panduan', NULL, '2026-06-23 18:54:17', '2026-06-23 18:54:17'),
(94, 283, 'Kreasi Belajar Cerdas Literasi dan Numerasi Bersama Siswa Berbasis Permainan Edukatif dan Pemasangan Poster Di Lingkungan Sekolah Dasar', 'Program kerja “Kreasi Belajar Cerdas Literasi dan Numerasi Bersama Siswa Berbasis Permainan Edukatif dan Pemasangan Poster di Lingkungan Sekolah Dasar” bertujuan meningkatkan kemampuan literasi dan numerasi siswa melalui kegiatan belajar yang interaktif dan menyenangkan. Program dilaksanakan melalui observasi kebutuhan sekolah, pembuatan serta penggunaan permainan edukatif, pendampingan belajar siswa, dan pemasangan poster literasi-numerasi di area strategis sekolah. Hasil yang diharapkan adalah meningkatnya minat baca, kemampuan berhitung, dan partisipasi siswa dalam pembelajaran, serta tersedianya media edukatif yang dapat dimanfaatkan secara berkelanjutan oleh guru dan siswa di sekolah', 'Siswa Sekolah Dasar salah satu SD di Desa sumbarang serta guru kelas yang terlibat dalam kegiatan pembelajaran', 'Satu Modul sederhana dan Kurang lebih 10 Poster literasi dan numerasi', NULL, '2026-06-23 19:36:23', '2026-06-29 08:02:23'),
(95, 90, 'Pengembangan Media Pembelajaran Animasi Berbasis Dongeng Lokal Desa Margasari untuk Penguatan Literasi di Sekolah Dasar', 'Mengubah dongeng menjadi media animasi edukatif melalui penyusunan storyboard, produksi video, validasi, dan implementasi dalam pembelajaran. Selain itu memberikan pelatihan kepada Guru SD.', 'Guru dan siswa sekolah dasar.', 'Video animasi pembelajaran dan panduan penggunaan media', NULL, '2026-06-23 19:38:07', '2026-07-05 21:25:36'),
(96, 99, 'Pelatihan dan Pendampingan Kolase Biji-bijian untuk Meningkatkan Kreativitas Anak SD Kelas 1-3', 'Mengembangkan kreativitas dan keterampilan motorik halus anak melalui kegiatan kolase biji-bijian sebagai media pembelajaran yang menarik.', 'Kurang lebih 30 Siswa', 'Produk/Kerajinan', NULL, '2026-06-23 19:42:12', '2026-06-23 19:42:12'),
(97, 27, 'Pendampingan Digitalisasi Pemasaran UMKM melalui Pemanfaatan Instagram sebagai Media Promosi Produk', 'Program ini bertujuan membantu pelaku UMKM dalam meningkatkan pemasaran produk melalui pemanfaatan Instagram sebagai media promosi. Kegiatan dilakukan dengan memberikan pendampingan pembuatan akun Instagram bisnis, penyusunan profil usaha, pembuatan konten promosi berupa foto dan desain sederhana, serta edukasi mengenai cara mengunggah produk dan berinteraksi dengan konsumen. Melalui kegiatan ini diharapkan pelaku UMKM mampu memanfaatkan media digital secara mandiri sehingga jangkauan pemasaran dan daya saing produk semakin meningkat.', '5-10 pelaku UMKM desa Cipelem', 'Pelatihan/Workshop', NULL, '2026-06-23 19:43:58', '2026-06-23 19:43:58'),
(98, 4, 'Bimbel omah sinau aksara', 'pendampingan belajar tambahan bagi anak-anak yang membutuhkan dukungan dalam penguasaan calistung.\r\n1. Sosialisasi program kepada perangkat desa, orang tua, dan calon peserta didik.\r\n2. Pelaksanaan asesmen awal kemampuan membaca, menulis, dan berhitung (calistung).\r\n3. Pelaksanaan bimbingan belajar menggunakan modul sederhana, buku bacaan anak, lembar kerja, permainan edukatif, serta media pembelajaran interaktif.\r\n4. Pelaksanaan asesmen akhir untuk mengetahui perkembangan kemampuan peserta didik serta dokumentasi. \r\n Minimal 80% peserta menunjukkan peningkatan kemampuan literasi dan numerasi dan minat belajar siswa.', 'Anak-anak usia sekolah dasar (kelas I–VI SD/MI) di Desa Sumbarang dan Desa Penyalahan.', 'Modul/Buku Panduan', NULL, '2026-06-23 19:46:42', '2026-06-23 19:46:42'),
(99, 67, 'Pengenalan Pencatatan Keuangan Sederhana melalui Buku Kas Mini bagi Siswa Sekolah Dasar', 'Program Pengenalan Pencatatan Keuangan Sederhana melalui Buku Kas Mini bagi Siswa Sekolah Dasar bertujuan mengenalkan cara mencatat pemasukan dan pengeluaran secara sederhana kepada siswa. Kegiatan dilaksanakan melalui pemberian materi mengenai fungsi buku kas mini, demonstrasi cara pengisian, praktik pencatatan uang saku dan pengeluaran harian, serta pendampingan selama proses pencatatan. Melalui program ini, siswa diharapkan mampu mengisi buku kas mini secara mandiri, memahami penggunaan uang secara lebih teratur, serta membiasakan diri mencatat pemasukan dan pengeluaran sejak usia sekolah dasar.', '20 - 30 siswa', 'Modul/Buku Panduan', NULL, '2026-06-23 20:01:47', '2026-06-23 20:01:47'),
(100, 222, 'Pendampingan Legalisasi UMKM Melalui Penerbitan Nomor Induk Berusaha (NIB) Berbasis OSS di Desa Dukuh Tengah', 'Program pendampingan pembuatan Nomor Induk Berusaha (NIB) melalui sistem OSS bagi UMKM di Desa Dukuh Tengah dilaksanakan sebagai upaya meningkatkan legalitas usaha masyarakat yang hingga saat ini sebagian besar belum memiliki NIB. Kegiatan ini menyasar pelaku UMKM dengan metode pendataan, sosialisasi secara door to door, pengumpulan persyaratan, serta pendampingan langsung dalam proses pendaftaran NIB melalui OSS hingga terbit. Melalui program ini diharapkan pelaku UMKM dapat memahami pentingnya legalitas usaha, memperoleh NIB secara resmi, serta memiliki peluang yang lebih besar untuk mengembangkan usahanya dan meningkatkan daya saing di masa mendatang.', 'Pelaku Usaha Mikro, Kecil, dan Menengah (UMKM) di Desa Dukuh Tengah, Kecamatan Margasari, Kabupaten Tegal yang belum memiliki Nomor Induk Berusaha (NIB)', 'UMKM Memiliki Nomor Induk Berusaha (NIB), Meningkatnya Pemahaman Pelaku UMKM Mengenai Legalitas Usaha, Panduan Penggunaan OSS, Dokumentasi Kegiatan', NULL, '2026-06-23 20:07:18', '2026-07-12 22:32:19'),
(101, 40, 'Cerdas Cermat Berbasis Kahoot sebagai Sarana Pengenalan Game-Based Learning bagi Siswa SD', 'Kegiatan ini bertujuan memperkenalkan Kahoot sebagai media pembelajaran berbasis permainan kepada siswa sekolah dasar. Pelaksanaan dilakukan melalui sosialisasi, demonstrasi penggunaan Kahoot, kuis edukatif, dan diakhiri dengan lomba cerdas cermat kelompok. Siswa akan belajar sambil bermain menggunakan teknologi secara positif dan interaktif. Melalui kegiatan ini diharapkan siswa lebih termotivasi dalam belajar, mampu bekerja sama dalam tim, serta mengenal pemanfaatan platform digital untuk mendukung proses pembelajaran yang menyenangkan.', '± 20 Siswa Sekolah Dasar yang dibagi menjadi 4 kelompok', 'Pelatihan Penggunaan Game Based Learning Kahoot', NULL, '2026-06-23 20:09:58', '2026-06-23 20:09:58'),
(102, 17, 'Penguatan Karakter Disiplin dan Manajemen Waktu pada Anak', 'Kegiatan edukasi yang bertujuan menanamkan nilai disiplin, tanggung jawab, dan manajemen waktu pada anak-anak sejak dini.', 'Anak-anak di lingkungan sekitar posko KKN', 'Pelatihan/Workshop', NULL, '2026-06-23 20:16:09', '2026-06-23 20:16:09'),
(107, 69, 'optimalisasi branding umkm melalui pembuatan dan pemasangan media promosi benner di desa', '#Deskripsi Singkat Proker Individu :\r\nKegiatan ini berupa pembuatan design benner yang akan menjadi banner fisik yang dipasang disejumlah umkm yang ada di desa sumbarang jatinegara, sebagai promosi UMKM di desa agar usahanya lebih dikenal.\r\n\r\n#Apa yang dilakukan : \r\nMembuat desain banner visual UMKM. Desain dibuat 2 versi: banner fisik untuk dipasang di lokasi usaha + file digital untuk promosi di WA/IG.\r\n\r\n#Bagaimana cara pelaksanaannya : \r\n1. Observasi ke desa untuk UMKM sasaran\r\n2. Kumpul data: nama usaha, menu/produk, no WA, foto produk via WA \r\n3. Desain banner di Canva\r\n4. Cetak banner, lalu serahkan + pasang di depan usaha \r\n\r\n#Hasil yang diharapkan : \r\n1. UMKM punya media promosi offline yang menarik sehingga lebih mudah dikenali warga \r\n2. Ada file banner digital siap pakai untuk promosi online \r\n3. Tercapainya peningkatan brand awareness UMKM sesuai konsep _promotion & branding_ Manajemen', '± 5 umkm di desa penyalahan jatinegara tegal', 'Produk/Kerajinan', NULL, '2026-06-23 20:30:59', '2026-06-29 12:32:12'),
(109, 156, 'Pendampingan UMKM di Desa Margasari untuk Meningkatkan Nilai Jual Produk melalui Inovasi Briket Berbahan Limbah Tongkol Jagung dan Perhitungan Harga Pokok Produksi (HPP) sebagai Dasar Penentuan Harga Jual.', 'Program kerja diawali dengan melakukan observasi serta wawancara langsung kepada pelaku UMKM dan para petani jagung setempat untuk mengetahui kondisi lapangan. Memasuki minggu ketiga, rangkaian acara dianjutkan dengan sesi pendampingan yang diawali pengisian pre-test, Setelah itu, peserta diberikan materi mengenai peningkatan nilai jual limbah tongkol jagung melalui pengolahannya menjadi briket sebagai bahan bakar alternatif. Selanjutnya, peserta diberikan pemahaman mengenai perhitungan Harga Pokok Produksi (HPP) sebagai dasar penentuan harga jual, sehingga dapat diketahui besarnya peningkatan nilai jual limbah tongkol jagung setelah diolah menjadi produk yang memiliki nilai ekonomi. Kegiatan tidak hanya berupa penyampaian materi, tetapi juga dilengkapi dengan praktik langsung pembuatan briket secara sederhana. Seluruh rangkaian kegiatan ini kemudian ditutup dengan pengisian post-test.\r\nMelalui kegiatan ini, diharapkan masyarakat Desa Margasari memperoleh pengetahuan dan keterampilan dalam mengolah limbah tongkol jagung menjadi briket, memahami konsep Harga Pokok Produksi (HPP) sebagai dasar penentuan harga jual, serta termotivasi untuk memanfaatkan limbah tongkol jagung sebagai produk bernilai tambah yang berpotensi menjadi peluang usaha.', 'Pelaku UMKM, kelompok tani, dan masyarakat Desa Margasari.', 'Produk inovatif berbahan limbah tongkol jagung (briket), dokumen Harga Pokok Produksi (HPP) dan rekomendasi harga jual,  peningkatan keterampilan kewirausahaan masyarakat, serta dokumentasi kegiatan.', NULL, '2026-06-23 20:36:22', '2026-07-24 22:12:44'),
(110, 177, 'Pembuatan Peta Infografis Fasilitas Umum Desa Berbasis QGIS Menggunakan Media Papan Informasi Outdoor', 'Program ini berfokus pada pembuatan peta infografis fasilitas umum (masjid, sekolah, balai desa, dan batas wilayah) menggunakan platform open-source QGIS. Pelaksanaannya meliputi diskusi bersama perangkat desa, pengambilan titik koordinat lapangan menggunakan GPS, serta pengolahan dan penyusunan tata letak peta beserta legenda di QGIS. Hasil akhir peta dicetak menggunakan bahan tahan cuaca dan dipasang pada papan informasi luar ruangan beratap. Hasil yang diharapkan adalah tersedianya media informasi spasial fisik yang komunikatif guna mempermudah warga maupun pendatang dalam mengenali lokasi fasilitas publik di desa.', 'Perangkat Desa Lokus, warga setempat, serta pendatang yang membutuhkan informasi spasial mengenai lokasi fasilitas publik dan batas wilayah desa.', 'Terpasangnya 1 unit papan informasi peta cetak fisik luar ruangan beratap (outdoor) yang memuat Peta Sebaran Fasilitas Umum Desa Lokus (dilengkapi legenda komponen masjid, sekolah, balai desa, dan batas wilayah), serta tersedianya arsip data spasial digital desa.', NULL, '2026-06-23 20:40:31', '2026-06-26 20:16:43'),
(111, 174, 'Sosialisasi dan Pendampingan Literasi Internet Sehat bagi Siswa Sekolah Dasar', 'Program ini berfokus pada pelaksanaan kampanye literasi digital secara langsung kepada siswa sekolah dasar. Kegiatan dieksekusi melalui metode bootcamp interaktif di akhir pekan, mencakup pemaparan lisan tentang etika bermedia sosial, pencegahan cyberbullying, dan keamanan data pribadi menggunakan pendekatan fun learning serta kuis. Hasil yang diharapkan dari sosialisasi ini adalah meningkatnya pemahaman dan kesadaran siswa secara konkret dalam menggunakan gawai serta internet secara lebih bijak, aman, dan bertanggung jawab.', 'perkiraan 10 - 20 Siswa Sekolah Dasar (kelas 4–6) di Desa Rancawuluh.', 'Terlaksananya kelas edukasi, daftar hadir peserta, dan dokumentasi pelaksanaan kegiatan.', NULL, '2026-06-23 20:42:08', '2026-06-28 21:59:53'),
(112, 206, 'Perencanaan Pembangunan Fasilitas Pembuangan Sampah Minim Polusi', 'Meningkatnya volume sampah dan rendahnya kesadaran pengelolaan sampah yang ramah lingkungan mendorong perlunya perencanaan fasilitas pembuangan sampah minim polusi sebagai upaya menciptakan lingkungan desa yang lebih bersih, sehat, dan berkelanjutan.', 'Menyusun DED dan RAB fasilitas pembuangan sampah minim polusi sebagai pedoman teknis bagi pemerintah desa dalam pelaksanaan pembangunan.', 'Dokumen DED, RAB, dan rekomendasi teknis fasilitas pembuangan sampah minim polusi yang siap digunakan sebagai acuan pembangunan.', NULL, '2026-06-23 20:44:20', '2026-06-23 20:44:20'),
(113, 58, 'Sosialisasi bahaya judi online (slot) bagi masyarakat', 'Kegiatan sosialisasi bahaya judi online dilaksanakan untuk meningkatkan kesadaran masyarakat, khususnya remaja dan pemuda desa, mengenai dampak negatif judi online. Kegiatan ini meliputi penyampaian materi tentang pengertian, bentuk, serta dampak judi online terhadap kondisi finansial, sosial, dan psikologis. Selain itu, peserta diberikan edukasi mengenai penggunaan internet secara sehat dan produktif melalui sesi diskusi dan tanya jawab. Melalui kegiatan ini diharapkan masyarakat dapat memahami bahaya judi online, menghindari praktik tersebut, serta lebih bijak dalam memanfaatkan teknologi.', '30 orang (untuk tingkat desa)', 'Meningkatnya pengetahuan dan kesadaran masyarakat tentang bahaya judi online serta terciptanya penggunaan internet yang sehat dan bijak.', NULL, '2026-06-23 20:45:08', '2026-06-23 20:45:08'),
(114, 36, 'Pembuatan Sistem Inventaris Aset Desa Luwunggede Berbasis Web', 'Pembuatan sistem inventaris aset desa berbasis web untuk membantu Pemerintah Desa Luwunggede dalam melakukan pencatatan, pengelolaan, dan pemantauan aset desa secara digital. Kegiatan meliputi pengumpulan data aset, analisis kebutuhan sistem, perancangan database, pengembangan aplikasi web, pengujian sistem, serta pelatihan penggunaan kepada perangkat desa. Melalui sistem ini diharapkan pengelolaan aset desa menjadi lebih tertata, efisien, dan mudah dalam penyusunan laporan.', 'Pemerintah Desa Luwunggede dan perangkat desa yang bertanggung jawab terhadap pengelolaan aset desa.', 'Sistem Inventaris Aset Desa Luwunggede berbasis web yang dapat digunakan untuk mendata, mengelola, dan memantau aset desa secara digital.', NULL, '2026-06-23 20:46:00', '2026-06-23 20:46:00'),
(115, 182, 'Edukasi penting nya Menabung sejak dini melalui media poster dan pembagian celengan kepada anak-anak di desa babakan gebang.”', 'Aku ingin perkordinasi kepada pak rt setempat untuk minta izin meminta anak anak SD untuk mengikuti dan memberikan motivasi untuk penting nya menabung sejak dini dan memberikan celengan untuk memotivasi anak anak untuk menabung', 'Anak-anak sd', 'Aku ingin memberikan media berupa poster untuk menggambarkan segala sesuatu yang ingin di miliki kita harus mulai dari menabung dan ingin memberikan celengan untuk anak anak', NULL, '2026-06-23 20:46:46', '2026-06-23 20:46:46'),
(118, 3, 'Eksplorasi Kata: Media Pasir Pantai dan Zine Dwibahasa untuk Literasi Awal Anak SD-SMP di Desa Mundu pesisir', 'Kegiatan ini meningkatkan kemampuan membaca anak SD kelas 1–3 di Desa Mundu pesisir menggunakan pengajaran fonik berbasis media interaktif pasir pantai, flashcard, dan stik es krim bersama remaja SMP selaku tutor sebaya. Hasil akhir kegiatan berupa cetakan majalah zine dwibahasa, dan link/barcode E-Glosarium digital yang dicantumkan pada laporan KKN', 'Anak SD kelas 1–3 (belum lancar membaca) dan remaja usia SMP di wilayah Desa Mundupesisir (target total: 15–20 anak).', 'Media majalah zine cetak, dan tautan (link)/barcode E-Glosarium resmi di dalam dokumen laporan KKN.', NULL, '2026-06-23 20:51:53', '2026-07-12 09:39:49'),
(120, 101, 'Edukasi dan Simulasi Assessment Test (Psikotes dan Kraepelin) sebagai Upaya Meningkatkan Kesiapan Kerja Masyarakat Kecamatan Warungpring Kabupaten Pemalang', 'Dunia kerja  saat ini menuntut calon tenaga kerja untuk melewati berbagai tahapan seleksi yang ketat, salah satunya adalah Assessment Test atau Psikotes. Bagi masyarakat di Kecamatan Warungpring, khususnya Desa Cibuyur dan Desa Mereng, akses terhadap informasi, tips, serta pengalaman langsung dalam menghadapi Psikotes masih sangat terbatas. Oleh karena itu, program kerja ini diinisiasi sebagai bentuk pengabdian masyarakat untuk menjembatani kesenjangan informasi tersebut, memetakan potensi diri, serta membangun rasa percaya diri masyarakat di lingkungan Kecamatan Warungpring agar memiliki daya saing yang lebih tinggi di pasar kerja.', '20 peserta/calon tenaga kerja di Desa Cibuyur dan Desa Mereng', 'Tercapainya 80% pemahaman tentang Psikotes, Modul Panduan Psikotes', NULL, '2026-06-23 20:56:29', '2026-06-23 20:56:29'),
(122, 59, 'Perencanaan Tempat Pembuangan Sampah mini Berbasis 3R Desa Peguyangan', 'Dalam pelaksanaannya, akan dilakukan perencanaan lokasi, desain fasilitas, sosialisasi kepada masyarakat mengenai pemilahan sampah organik dan anorganik, serta penyusunan mekanisme pengelolaan yang melibatkan warga setempat. Dengan adanya fasilitas ini, diharapkan tercipta lingkungan desa yang lebih bersih, sehat, dan berkelanjutan, sekaligus mendukung pengurangan volume sampah yang dibuang ke tempat pembuangan akhir (TPA).', 'Masyarakat Desa Peguyangan, khususnya rumah tangga sebagai penghasil sampah utama, serta pemerintah desa dan kelompok masyarakat yang berperan dalam pengelolaan kebersihan lingkungan.', 'Tersusunnya desain dan rencana pembangunan tempat pembuangan sampah mini berbasis 3R dan tempat pembakaran sampah minim asap di Desa Peguyangan, Terciptanya lingkungan desa yang lebih bersih dan sehat dengan berkurangnya pencemaran akibat pembakaran sampah terbuka.', NULL, '2026-06-23 21:02:29', '2026-07-12 20:29:06'),
(123, 72, 'Peningkatan Literasi Keuangan Anak Melalui Edukasi Menabung Sejak Usia Dini', 'Kegiatan ini berupa Edukasi Literasi Keuangan mengenai pentingnya menabung sejak dini kepada anak-anak SD di Desa Penyalahan, Kecamatan Jatinegara. Kegiatan ini dilakukan dengan menyampaikan materi yang disampaikan melalui sosialisasi interaktif dengan media yang menarik dan mudah dipahami. Selain itu, anak-anak nantinya diajak melakukan praktik menghias celengan sederhana sebagai sarana menumbuhkan minat menabung. Melalui kegiatan ini diharapkan anak-anak memahami manfaat menabung, mampu mengelola uang saku secara bijak, serta mulai menerapkan kebiasaan menabung dalam kehidupan sehari-hari.', '20-30 Anak-anak SD di Desa Penyalahan, Kecamatan Jatinegara.', 'Pelatihan literasi keuangan anak dan celengan sederhana hasil karya peserta.', NULL, '2026-06-23 21:06:37', '2026-06-26 05:53:39'),
(124, 43, 'Pengembangan Modul Visual dan Media Pembelajaran Interaktif untuk Edukasi Internet Sehat Siswa Sekolah Dasar', 'Program ini difokuskan pada perancangan Digital Learning Kit berupa instrumen visual edukasi untuk menunjang kampanye literasi siber dasar. Pelaksanaannya meliputi riset kebutuhan materi, penyusunan kurikulum mini, dan perancangan presentasi (UI/UX) multimedia yang disesuaikan dengan psikologi anak. Hasil yang diharapkan adalah terciptanya media pembelajaran interaktif yang efektif dan menarik secara visual, sehingga mempermudah penyampaian materi teknis internet sehat kepada siswa sekolah dasar secara padat dan efisien.', 'Siswa Sekolah Dasar (kelas 4–6) di Desa Rancawuluh sebagai pengguna akhir media.', 'Satu set file presentasi multimedia interaktif dan desain poster edukasi digital.', NULL, '2026-06-23 21:08:16', '2026-06-28 21:48:15'),
(135, 189, 'Pembuatan sistem informasi dan Aspirasi Warga desa Luwung Gede', 'Deskripsi Kegiatan:\r\n\r\nPembuatan Sistem Informasi dan Aspirasi Warga Desa Luwung Gede merupakan kegiatan pengembangan website yang bertujuan untuk mempermudah penyampaian informasi desa serta menyediakan media bagi masyarakat untuk menyampaikan aspirasi, saran, dan masukan secara digital. Sistem ini diharapkan dapat meningkatkan komunikasi antara pemerintah desa dan warga agar lebih efektif, cepat, dan terdokumentasi.', 'Pemerintah Desa Luwunggede sebagai pengelola informasi desa serta seluruh masyarakat Desa Luwunggede sebagai pengguna layanan informasi dan penyampai aspirasi.', 'Tersedianya sistem informasi pengumuman dan aspirasi masyarakat berbasis web yang memudahkan penyampaian informasi desa serta menjadi media komunikasi antara pemerintah desa dan masyarakat.', NULL, '2026-06-23 21:27:05', '2026-07-01 16:00:17'),
(138, 197, 'Pemetaan geografi dan potensi desa', 'Pembuatan peta geografi & potensi desa guna menyediakan data spasial dan informasi desa yang akurat sebagai dasar perencanaan pembangunan', 'Pemerintah desa', 'Peta desa tematik(batas wilayah, infrastruktur, dan fasilitas umum).', NULL, '2026-06-23 21:37:28', '2026-06-23 21:37:28'),
(139, 122, 'Edukasi Menabung Sejak Dini Melalui Literasi Keuangan', 'Kegiatan “Edukasi Menabung Sejak Dini Melalui Literasi Keuangan” merupakan kegiatan pembelajaran yang bertujuan untuk mengenalkan konsep pengelolaan keuangan sederhana kepada anak-anak sekolah dasar di lingkungan desa setempat. Kegiatan ini dilakukan sebagai upaya menanamkan kebiasaan menabung sejak dini, mengajarkan cara menggunakan uang saku dengan bijak, serta memberikan pemahaman mengenai perbedaan antara kebutuhan dan keinginan.\r\n\r\nPelaksanaan kegiatan diawali dengan observasi sederhana untuk mengetahui pemahaman anak-anak mengenai uang, penggunaan uang saku, dan kebiasaan menabung. Setelah itu, dilakukan penyampaian materi mengenai pengertian uang, manfaat menabung, serta cara mengatur uang saku melalui metode yang menarik dan mudah dipahami oleh anak-anak. Kegiatan dilanjutkan dengan pendampingan pembuatan media tabungan (celengan) sebagai sarana praktik langsung dalam menerapkan kebiasaan menyisihkan uang.\r\n\r\nPada tahap akhir, dilakukan pendampingan dan evaluasi melalui kegiatan interaktif seperti permainan atau kuis sederhana untuk mengetahui pemahaman anak-anak terhadap materi yang telah diberikan. Melalui kegiatan ini, diharapkan anak-anak tidak hanya memahami konsep menabung, tetapi juga mampu menerapkannya dalam kehidupan sehari-hari dengan membiasakan diri menyimpan sebagian uang saku secara rutin. Kegiatan ini menjadi langkah awal dalam membentuk karakter anak yang lebih bertanggung jawab, disiplin, dan bijak dalam mengelola keuangan untuk masa depan.', '15 siswa sekolah dasar atau anak anak di lingkungan desa setempat', 'Anak-anak memahami pentingnya menabung sejak dini, mampu membedakan kebutuhan dan keinginan, serta mulai membiasakan menyisihkan uang saku secara rutin.', NULL, '2026-06-23 21:42:15', '2026-06-29 06:29:42'),
(140, 52, 'Kreativitas Tanpa Batas: Pelatihan Daur Ulang Limbah Sedotan Plastik Menjadi Wadah Pensil Multifungsi', 'Permasalahan sampah plastik, khususnya sedotan plastik sekali pakai, masih menjadi salah satu masalah lingkungan di desa. Banyak sedotan plastik yang dibuang begitu saja dan sulit terurai. Sebagai mahasiswa bidang pendidikan, diperlukan upaya edukatif yang dapat meningkatkan kesadaran masyarakat dan siswa tentang pentingnya pengelolaan sampah melalui kegiatan daur ulang yang bermanfaat.', 'Anak sd kelas 1-6 di sekitar lokasi KKN', 'Produk kerajinan dari limbah sedotan berupa wadah pensil', NULL, '2026-06-23 21:45:43', '2026-06-23 21:45:43'),
(141, 29, 'pelatihan manajemen pemasaran dan di gital marketing untuk meningkatkan daya saing umkm desa', 'agar mampu mengelola bisnis secara profesional dan memperluas jangkauan pasar lewat ekosistem di gital .program ini dirancang untuk mengatasi masalah pengelolan keuangan tradisional', 'kerupuk rajungan atau abon ikan', 'peningkatan kapasitas keterampilan pelaku usaha', NULL, '2026-06-23 21:49:10', '2026-06-23 21:49:10'),
(142, 56, 'Perencanaan dan Penataan Tempat Sampah Terpilah sebagai Upaya Peningkatan Kesadaran Pengelolaan Sampah di Desa Dukuh Tengah', 'Permasalahan sampah menjadi salah satu tantangan yang dihadapi masyarakat Desa Dukuh Tengah. Sampah rumah tangga masih banyak yang tercampur antara sampah organik dan anorganik sehingga mengurangi efektivitas pengelolaan sampah dan berpotensi menimbulkan pencemaran lingkungan. Oleh karena itu, diperlukan perencanaan dan penataan tempat sampah terpilah serta edukasi kepada masyarakat agar tercipta lingkungan desa yang lebih bersih, sehat, dan berkelanjutan.\r\nTujuan nya :\r\n 1. Meningkatkan kesadaran masyarakat mengenai pentingnya pemilahan sampah.\r\n2. Menentukan lokasi strategis penempatan tempat sampah terpilah.\r\n3. Menyusun desain dan tata letak tempat sampah yang mudah digunakan masyarakat.\r\n4. Mendukung program pengelolaan sampah di Desa Dukuh Tengah.', 'Pemerintah Desa Dukuh Tengah, Karang Taruna, ibu-ibu PKK, dan masyarakat umum.', '1. Peta lokasi penempatan tempat sampah terpilah di Desa Dukuh Tengah. 2. Desain tempat sampah organik dan anorganik yang sesuai dengan kebutuhan desa. 3. Media edukasi (poster atau leaflet) tentang pemilahan sampah. 4. Laporan kegiatan dan rekomendasi pengelolaan sampah desa.', NULL, '2026-06-23 21:52:58', '2026-06-23 21:52:58'),
(143, 203, 'Bermain Sambil Berkarya: Pemanfaatan Teknologi AI Sketch MetaDemoLab dalam Mengisi Waktu Liburan Sekolah di Desa Cibuyur', 'Masa liburan sekolah merupakan waktu yang sering dimanfaatkan siswa Sekolah Dasar (SD) untuk beristirahat dan bermain. Namun, tanpa arahan yang tepat, waktu liburan sering hanya dihabiskan dengan bermain tanpa nilai tambah atau bahkan mengakses konten digital yang kurang bermanfaat.\r\n \r\nDi sisi lain, perkembangan teknologi informasi dan komunikasi menawarkan berbagai inovasi yang dapat dimanfaatkan untuk mendukung kegiatan positif. Salah satunya adalah teknologi kecerdasan buatan pada situs Sketch MetaDemoLab, yang mampu mengubah gambar tangan menjadi animasi bergerak secara mudah, cepat, dan gratis.\r\n \r\nDesa Cibuyur memiliki potensi anak-anak yang kreatif, namun akses terhadap media pembelajaran dan pengembangan bakat berbasis teknologi masih terbatas. Oleh karena itu, program ini disusun untuk mengisi waktu liburan sekolah secara bermakna, menggabungkan kegiatan menggambar sebagai hobi anak dengan penerapan teknologi sederhana, sehingga tercipta kegiatan yang menyenangkan sekaligus mendidik.', 'Siswa Sekolah Dasar kelas 1–6 di lingkungan Desa Cibuyur', '1. Terlaksananya kegiatan selama 1 hari dengan peserta aktif. 2. Setiap peserta memiliki minimal 1 karya gambar dan 1 file animasi hasil olahan. 3. Terbentuknya pemahaman dasar siswa tentang penggunaan teknologi untuk berkarya. 4. Dokumentasi kegiatan: foto, video, dan laporan pelaksanaan. 5. Meningkatnya antusiasme anak dalam mengisi waktu luang dengan kegiatan kreatif.', NULL, '2026-06-23 22:15:04', '2026-06-26 19:40:46'),
(144, 32, 'Pengembangan website sistem pelayanan desa sebagai upaya digitalisasi dan peningkatan pelayanan umum desa Dukuh Tengah', 'Mengaktifkan serta mengembangkan website sistem pelayanan desa sehingga mempermudah masyarakat memperoleh informasi pelayanan dan profil desa. Harapannya bisa membantu masyarakat desa Dukuh Tengah.', 'Pemerintah desa dan Masyarakat Desa Dukuh Tengah.', 'Pendampingan sosialisasi penggunaan sistem pelayanan desa berbasis website, modul penggunaan.', NULL, '2026-06-23 22:29:47', '2026-07-14 07:14:26'),
(145, 208, 'Perencanaan Tempat Pembuangan Sampah mini Berbasis 3R dan Tempat Pembakaran Sampah Minim Asap Desa Peguyangan', 'Dalam pelaksanaannya, akan dilakukan perencanaan lokasi, desain fasilitas, sosialisasi kepada masyarakat mengenai pemilahan sampah organik dan anorganik, serta penyusunan mekanisme pengelolaan yang melibatkan warga setempat. Dengan adanya fasilitas ini, diharapkan tercipta lingkungan desa yang lebih bersih, sehat, dan berkelanjutan, sekaligus mendukung pengurangan volume sampah yang dibuang ke tempat pembuangan akhir (TPA).', 'Masyarakat Desa Peguyangan, khususnya rumah tangga sebagai penghasil sampah utama, serta pemerintah desa dan kelompok masyarakat yang berperan dalam pengelolaan kebersihan lingkungan', 'Tersusunnya desain dan rencana pembangunan tempat pembuangan sampah mini berbasis 3R dan tempat pembakaran sampah minim asap di Desa Peguyangan., Terciptanya lingkungan desa yang lebih bersih dan sehat dengan berkurangnya pencemaran akibat pembakaran sampah terbuka.', NULL, '2026-06-23 22:32:03', '2026-06-23 22:32:03'),
(146, 141, 'Sosialisasi NIB', 'Sosialisasi NIB (Nomor Induk Berusaha) merupakan kegiatan edukasi kepada pelaku UMKM mengenai pentingnya legalitas usaha. Kegiatan ini mencakup penyampaian informasi tentang manfaat, persyaratan, dan tata cara pembuatan NIB melalui sistem OSS, serta pendampingan pendaftaran bagi pelaku usaha. Tujuannya adalah meningkatkan pemahaman dan mendorong UMKM memiliki legalitas usaha yang resmi.', 'Para pelaku UMKM yang ada pada desa kalirahayu', 'Mempunyai LEGALITAS usaha', NULL, '2026-06-23 23:09:20', '2026-06-23 23:09:20'),
(147, 234, 'Penandaan dan Pendaftaran titik lokasi UMKM melalui Google Maps', 'Kegiatan ini bertujuan meningkatkan visibilitas digital UMKM lokal dengan mendaftarkan titik lokasi usaha mereka ke Google Maps. Pelaksanaannya dimulai dengan survei lapangan untuk mengumpulkan data bisnis, dilanjutkan dengan proses input dan verifikasi titik lokasi pada platform. Selain itu, pemilik UMKM akan dibekali panduan pengelolaan akun agar dapat memperbarui konten secara mandiri. Hasil yang diharapkan adalah terciptanya aksesibilitas yang memudahkan pelanggan dan kurir menemukan lokasi usaha. Hal ini diharapkan mampu meningkatkan kredibilitas, memperluas jangkauan pasar, serta mendongkrak penjualan UMKM secara gratis dan efisien.', 'Pelaku UMKM yang belum terdaftar secara digital atau masih tersembunyi, sehingga kini jadi lebih terlihat.', 'Terciptanya ekosistem di mana pelanggan mendapatkan solusi atas kebutuhan mereka, serta UMKM mendapatkan peluang untuk meningkatkan penjualan dan jangkauan pasar secara gratis dan efisien.', NULL, '2026-06-23 23:09:39', '2026-06-23 23:09:39'),
(151, 157, 'Perencanaan Jalan Desa Kebon Gede', 'Menyusun dokumen perencanaan: membuat rancangan teknis jalan desa yang aman, ekonomis dan berkelanjutan.\r\n\r\nEfesiensi anggaran: Menyediakan Rencana Anggaran Biaya (RAB) yang transparan dan akurat sebagian acuan pembangunan fisik desa.', 'Aparat Pemerintahan Desa: Kepala desa, sekretaris desa, dan kepala urusan (KAUR) pembangunan.  Masyarakat setempat: Warga desa pengguna jalan, khususnya diarea dusun yang mejadi target perencanaan jalan.', 'Dokumen Gambar Desain: Dokumen cetak berupa gambar rencana geometrik dan struktur perkerasan jalan desa.  Dokumen Rencana Anggaran Biaya (RAB): Dokumen RAB lengkap  dengan rincian kebutuhan material, alat, dan upah pekerja.  Laporan Teknis: Dokumen perhitungan geometrik dan spesifikasi teknis material.', NULL, '2026-06-24 09:00:22', '2026-06-24 09:00:22'),
(152, 205, 'Pelatihan Kerajinan Gelang Macrame sebagai Upaya Mengembangkan Kreativitas Siswa Sekolah Dasar', 'Kreativitas merupakan keterampilan penting yang perlu dikembangkan sejak usia sekolah dasar. Salah satu kegiatan yang dapat dilakukan adalah pelatihan pembuatan gelang macrame, yaitu kerajinan tangan berbahan tali yang dibuat dengan teknik simpul sederhana. Kegiatan ini bertujuan untuk meningkatkan kreativitas, ketelitian, serta keterampilan motorik halus siswa. Pelaksanaan kegiatan diawali dengan persiapan alat dan bahan, dilanjutkan dengan pengenalan kerajinan macrame, demonstrasi teknik simpul dasar, serta praktik pembuatan gelang dengan pendampingan mahasiswa KKN. Setelah selesai, siswa merapikan hasil karya dan mempresentasikannya untuk mendapatkan apresiasi dan umpan balik. Melalui kegiatan ini diharapkan setiap siswa mampu menghasilkan minimal satu gelang macrame hasil karya sendiri, meningkatkan kreativitas dan rasa percaya diri, serta menumbuhkan minat dalam berkarya. Kegiatan dilaksanakan sesuai jadwal KKN dengan durasi sekitar 30–60 menit.', 'Siswa Sekolah Dasar kelas V', 'Produk kerajinan tangan', NULL, '2026-06-24 09:18:10', '2026-06-24 09:18:10'),
(153, 153, 'Perencanaan Pembuatan Peta dan Denah Desa Sebagai Basis                                           |    Data Perencanaan Pembangunan dan Pemeliharaan Infrastrukur Desa', 'Peta desa merupakan salah satu sarana informasi yang penting untuk menunjukkan batas wilayah, lokasi fasilitas umum, jaringan jalan, serta potensi desa. Dengan adanya peta yang jelas dan mudah dipahami, pemerintah desa dapat lebih mudah melakukan pendataan dan perencanaan pembangunan.', '•Pemerintah Desa : Kepala desa, sekretaris desa, dan kepala urusan (KAUR) pembangunan •Masyarakat Setempat : Warga desa.', '•Peta/denah desa dalam bentuk cetak dan digital (PDF/JPG). •Data lokasi fasilitas.', NULL, '2026-06-24 09:54:00', '2026-06-24 09:54:00'),
(154, 159, 'Digitalisasi Marketing: Mencatumkan UMKM Melalui Goggle Maps Bagi Pelaku UMKM di Desa Mundu Pesisir', 'Kegiatan Digitalisasi Marketing dilaksanakan dengan membantu pelaku UMKM di Desa Mundu Pesisir untuk mendaftarkan dan mencantumkan lokasi usahanya pada Google Maps. Kegiatan diawali dengan pendataan UMKM yang belum memiliki lokasi usaha terdaftar secara digital, kemudian dilakukan sosialisasi mengenai manfaat Google Maps sebagai sarana pemasaran dan promosi usaha. Selanjutnya dilakukan proses pembuatan akun Google Business Profile, pengisian data usaha seperti nama usaha, alamat, nomor kontak, jam operasional, kategori usaha, serta unggahan foto produk dan lokasi usaha. Setelah data lengkap, dilakukan proses verifikasi lokasi hingga usaha berhasil tampil di Google Maps.', 'Pemilik UMKM yang belum terdaftar di Google Maps. Pelaku usaha mikro dan kecil di wilayah pelaksanaan program. Masyarakat yang membutuhkan informasi lokasi dan layanan UMKM secara mudah dan cepat.', 'Terdaftarnya UMKM pada Google Maps dan tersedianya profil usaha yang memuat informasi lengkap.', NULL, '2026-06-24 09:56:55', '2026-06-24 09:56:55'),
(155, 46, 'Sosialisasi Digitalisasi Buku Kas Organisasi Desa Berbasis Google Sheets.', 'Program kerja ini mengoptimalkan sistem pengelolaan kas konvensional pada organisasi desa (seperti Karang Taruna) menjadi sistem digital berbasis Google Sheets. Pelaksanaan dilakukan melalui beberapa tahapan, mulai dari diskusi program, pengumpulan contoh data historis kas, pembuatan contoh database di google sheets, pembuatan materi edukasi, hingga sosialisasi. Kegiatan ini diharapkan dapat mewujudkan pembukuan kas yang transparan, mudah dikelola, dan akurat secara real-time guna meminimalkan risiko ketidakcocokan saldo.', 'Pengurus dan bendahara organisasi desa (Karang Taruna atau organisasi lokal lainnya yang masih aktif).', 'Sosialisasi Google Sheets untuk pencatatan kas organisasi desa.', NULL, '2026-06-24 10:02:14', '2026-07-20 10:14:42'),
(157, 184, 'Digitalisasi Informasi Fasilitas Umum Melalui Peta Digital Berbasis Google Maps di Desa Banyumudal', 'Kegiatan ini bertujuan untuk mendigitalisasi informasi fasilitas umum di Desa Banyumudal melalui pembuatan peta digital berbasis Google Maps. Pelaksanaan dilakukan dengan survei lapangan untuk mengidentifikasi dan mendata lokasi fasilitas umum seperti kantor desa, balai desa, sekolah, masjid, posyandu, lapangan, dan fasilitas publik lainnya. Data yang diperoleh kemudian diinput ke dalam Google Maps agar dapat diakses oleh masyarakat, mahasiswa KKN, peneliti, maupun pengunjung. Hasil yang diharapkan adalah tersedianya peta digital yang memudahkan akses informasi lokasi fasilitas umum secara cepat dan akurat.', 'Pemerintah Desa Banyumudal, masyarakat Desa Banyumudal, mahasiswa KKN, peneliti, dan pengunjung desa.', 'Peta digital fasilitas umum Desa Banyumudal berbasis Google Maps, database titik lokasi fasilitas umum, tautan akses peta digital, dan dokumentasi kegiatan pemetaan.', NULL, '2026-06-24 10:10:42', '2026-06-24 10:10:42'),
(158, 268, 'Pelatihan Dasar Komputer Untuk Anak SD', 'Memperkenalkan dan mengoperasikan Microsoft Word untuk mengetik cerita, berkreasi dengan warna/jenis huruf, dan menyisipkan gambar, Microsoft Excel, mereka belajar mengenal tabel, mengurutkan data (seperti jadwal pelajaran/mainan), dan menggunakan rumus hitung sederhana.', 'Untuk Anak SD Desa Mulyasari', 'Hasil Karya (Produk), Keterampilan yang Dikuasai', NULL, '2026-06-24 10:14:52', '2026-06-24 10:14:52'),
(159, 138, 'Digitalisasi Sistem Pembayaran Transaksi UMKM Berbasis QRIS Menuju Ekosistem Cashless', '1. Pergeseran Tren Transaksi: Konsumen saat ini lebih memilih pembayaran non-tunai (cashless) yang cepat dan praktis.\r\n2. Keterbatasan Sistem Tunai: UMKM sering mengalami kendala uang kembalian, risiko salah hitung, serta ancaman uang palsu.\r\n3. QRIS Sebagai Solusi Praktis: Menjadi jembatan pembayaran satu pintu yang menerima semua jenis e-wallet dan mobile banking.\r\n4. Rendahnya Literasi Digital: Banyak pelaku usaha mikro yang belum paham cara mendaftar dan mengoperasikan sistem pembayaran digital.\r\n1. Mengubah sistem pembayaran UMKM dari tunai ke digital.\r\n2. Membuat transaksi belanja jadi lebih cepat dan aman.\r\n3. Membantu UMKM punya catatan uang masuk otomatis lewat aplikasi QRIS.', 'Pelaku UMKM lokal yang belum memiliki sistem pembayaran digital.', '1. Output: 1 kode QRIS aktif dan siap pakai di toko UMKM. 2. ​Dampak: Pemilik UMKM paham teknologi keuangan digital dan keuangan usaha jadi lebih rapi.', NULL, '2026-06-24 12:45:43', '2026-06-24 12:45:43'),
(160, 35, 'Pelatihan tari tradisional ataupun tari kreasi', 'Memberi Pelatihan tentang tari tradisional/kreasi dengan harapan generasi muda sekarang bisa mewarisi nilai nilai budaya', 'Siswa SDN Krasak 01 Kelas tinggi', '1 kali penampilan tari pada acara penutupan KKN atau kegiatan sekolah', NULL, '2026-06-24 13:57:50', '2026-07-05 21:19:10'),
(162, 98, 'Pendampingan Pembuatan QRIS bagi Pelaku Usaha untuk Mempermudah Pembayaran Digital melalui E-Wallet di desa Pasarbatang', '1. Survei dan Koordinasi: Berkoordinasi dengan perangkat desa dan\r\nmelakukan pendataan pelaku usaha yang belum memiliki QRIS.\r\n2. Identifikasi Kebutuhan: Mengidentifikasi jenis usaha serta\r\nkesiapan pelaku usaha dalam menggunakan pembayaran digital.\r\n3. Kunjungan Door to Door: Mengunjungi pelaku usaha secara\r\nlangsung untuk memberikan edukasi mengenai manfaat QRIS dan\r\npembayaran digital.\r\n4. Sosialisasi dan Edukasi: Menjelaskan cara kerja QRIS, keuntungan\r\npenggunaan QRIS, serta keamanan transaksi digital.\r\n5. Pendampingan Pendaftaran QRIS: Membantu pelaku usaha\r\nmenyiapkan dokumen yang diperlukan dan melakukan pendaftaran\r\nQRIS melalui penyedia layanan yang tersedia.\r\n6. Pemasangan dan Uji Coba QRIS: Membantu mencetak atau\r\nmemasang kode QRIS serta melakukan simulasi transaksi\r\nmenggunakan e-wallet.\r\n7. Evaluasi dan Dokumentasi: Melakukan evaluasi penggunaan QRIS\r\nserta mendokumentasikan seluruh kegiatan sebagai laporan KKN', '5-10 Pemilik toko kelontong, warung makan, pedagang kaki lima, UMKM, dan pelaku usaha lainnya', 'Akun dan Barcode QRIS siap pakai untuk UMKM', NULL, '2026-06-24 15:03:52', '2026-06-24 15:03:52'),
(163, 213, 'Pendampingan Sertifikasi Halal bagi Pelaku UMKM untuk Meningkatkan Kepercayaan Konsumen', 'Program ini bertujuan mendorong peningkatan kualitas dan legalitas produk melalui pendampingan sertifikasi halal bagi pelaku UMKM. Kegiatan dilakukan melalui metode pendampingan langsung untuk membantu proses registrasi hingga pengajuan dokumen pada sistem Self Declare BPJPH. Melalui program ini, pelaku UMKM diharapkan mampu memahami standar jaminan produk halal dan memiliki legalitas yang dapat meningkatkan kepercayaan konsumen. Hasil akhirnya adalah terciptanya UMKM yang lebih berdaya saing, transparan, dan mampu mengakses masa pasar yang lebih luas melalui kepemilikan sertifikat halal yang resmi.', '5 - 10 UMKM Desa Penyalahan', 'Terdaftarnya UMKM pada sistem Sehati BPJPH, tersedianya dokumen administrasi lengkap, dan tersusunnya panduan sertifikasi halal', NULL, '2026-06-24 15:04:37', '2026-07-04 19:24:30'),
(166, 30, 'Diversifikasi Pangan Lokal Berbasis Tempe dan Wortel sebagai Upaya Pencegahan Stunting pada Balita di Kelurahan Pasarbatang', 'Kegiatan berupa penyuluhan dan pelatihan pembuatan nugget tempe wortel untuk ibu balita di Kelurahan Pasarbatang. Tahapan: koordinasi dengan bidan desa dan PKK, pre-test pengetahuan gizi, penyuluhan gizi seimbang dan peran protein serta vitamin A, demonstrasi pembuatan nugget higienis, praktik mandiri kelompok, post-test, evaluasi daya terima balita, dan penyerahan modul resep standar. Hasil yang diharapkan: ibu mampu membuat nugget bergizi mandiri, terjadi peningkatan pengetahuan gizi minimal 30%, dan optimalisasi pemanfaatan komoditas lokal tempe dan wortel untuk intervensi 1000 Hari Pertama Kehidupan.', '15–20 orang ibu yang memiliki balita stunting/balita gizi kurang serta kader PKK Kelurahan Pasarbatang', 'Peningkatan Pengetahuan Masyarakat', NULL, '2026-06-24 17:22:29', '2026-06-24 17:22:29'),
(167, 10, 'Edukasi Literasi Keuangan dan Menabung Sejak Dini untuk Generasi Cerdas', 'Program Edukasi Literasi Keuangan dan Menabung Sejak Dini merupakan kegiatan yang bertujuan meningkatkan pemahaman siswa sekolah dasar mengenai pengelolaan uang saku secara bijak. Kegiatan dilaksanakan melalui penyampaian materi interaktif tentang fungsi uang, perbedaan kebutuhan dan keinginan, pentingnya menabung, serta simulasi pengelolaan uang saku sederhana. Selain itu, siswa diajak mengikuti permainan edukatif. Melalui kegiatan ini diharapkan siswa memiliki kesadaran untuk menyisihkan uang saku secara rutin, mampu mengelola keuangan sederhana, serta membentuk kebiasaan menabung sejak usia dini.', '20-40 siswa SD Kelas Atas (4,5 atau 6)', 'Materi atau modul edukasi literasi keuangan anak. Lembar evaluasi (pre-test dan post-test). Dokumentasi foto kegiatan. Laporan pelaksanaan program kerja.', NULL, '2026-06-24 17:34:10', '2026-07-14 05:43:49'),
(168, 209, '‎\"Pemetaan dan Analisis Manajemen UMKM sebagai Dasar Penyusunan Strategi Pengembangan Usaha di Desa Luwunggede.\"', 'Program kerja \"Pemetaan dan Analisis Manajemen UMKM sebagai Dasar Penyusunan Strategi Pengembangan Usaha di Desa Luwunggede\" merupakan kegiatan yang berfokus pada pengumpulan dan analisis data mengenai kondisi UMKM di Desa Luwunggede. Kegiatan ini dilakukan melalui observasi dan wawancara langsung dengan pelaku UMKM untuk mengetahui profil usaha, sistem pengelolaan, strategi pemasaran, pengelolaan keuangan, serta berbagai kendala yang dihadapi dalam menjalankan usaha.\r\n‎\r\n‎Data yang diperoleh kemudian dianalisis untuk mengidentifikasi potensi dan permasalahan masing-masing UMKM. Hasil analisis tersebut akan disusun dalam bentuk rekomendasi strategi pengembangan usaha yang dapat menjadi bahan pertimbangan bagi pelaku UMKM dalam meningkatkan kualitas pengelolaan usahanya, sekaligus menjadi referensi bagi pemerintah desa dalam merancang program pembinaan dan pemberdayaan UMKM secara lebih tepat sasaran.', 'Beberapa UMKM Didesa luwunggede', 'Database UMKM Desa Luwunggede. Laporan hasil pemetaan dan analisis UMKM. Dokumen rekomendasi strategi pengembangan usaha. Dokumentasi kegiatan.', NULL, '2026-06-24 17:57:22', '2026-06-26 18:14:50'),
(170, 100, 'Sosialisasi Internet Sehat dan Keamanan Digital', 'Melaksanakan sosialisasi tentang Internet Sehat dan Keamanan Digital kepada pelajar dan masyarakat Desa Moga dan Banyumudal guna meningkatkan pemahaman mengenai penggunaan internet yang aman, bijak, serta perlindungan data pribadi dari berbagai ancaman digital.', 'Pelajar dan Masyarakat Desa Moga dan Banyumudal', 'Terlaksananya kegiatan sosialisasi Internet Sehat dan Keamanan Digital. Meningkatkan pemahaman peserta tentang penggunaan internet yang aman dan bijak. Tersusunnya materi serta poster edukasi digital. Tersedianya dokumentasi dan laporan kegiatan.', NULL, '2026-06-24 18:18:07', '2026-06-24 18:18:07'),
(171, 164, 'Perancangan dan Perhitungan Kebutuhan Paving block sebagai dasar peningkatan jalan lingkungan di Desa Mundu Pesisirp', 'Kegiatan ini bertujuan untuk membantu pemerintah desa dalam merencanakan kebutuhan paving block pada area tertentu. Mahasiswa melakukan survei lapangan, pengukuran luas area, serta perhitungan jumlah paving block yang dibutuhkan. Hasil dari kegiatan ini berupa data teknis yang dapat digunakan sebagai acuan dalam pembangunan atau perbaikan infrastruktur jalan desa.', 'Pemerintah Desa dan masyarakat Desa Mundu Pesisir (area yang akan dilakukan pemasangan paving block)', 'Bentuk soft file atau hard file', NULL, '2026-06-24 20:24:18', '2026-06-24 20:24:18'),
(174, 154, 'Program Pembuatan Karya Seni Kolase', 'Program pembuatan karya seni kolase di Desa Penyalahan, Kecamatan Jatinegara.\r\n\r\nSeni kolase merupakan teknik menempel berbagai macam bahan (seperti biji-biji mentah,daun kering, potongan kertas warna, atau kain perca) pada sebuah gambar pola. Di Tingkat Sekolah Dasar, \r\nketerampilan motorik halus dan kreativitas anak masih berada dalam \r\ntahap perkembangan yang krusial. Saat ini, banyak anak cenderung menghabiskan waktu dengan (gadget), sehingga fokus, kesabaran, dan\r\nkoordinasi motorik tangan-mata mereka kurang terlatih. Melalui \r\nkegiatan kolase, siswa dapat diajak untuk bereksplorasi dengan tekstur, warna, dan bentuk secara nyata, yang sekaligus melatih ketelitian serta ketekunan mereka dalam menyelesaikan sebuah karya.\r\n\r\n1.Tahap Persiapan: \r\n-Mengajukan perizinan kepada kepala sekolah. \r\n-Wali kelas : Mempersiapkan alat dan bahan ( pola gambar,\r\nlem, biji-bijian jagung dan lain lain ). \r\n\r\n2.Tahap Pelaksanaan: \r\n-Memberikan penjelasan singkat dan contoh mengenai apa itu seni\r\nkolase dan cara membuatnya. \r\n-Membagikan kertas pola gambar dan bahan-bahan kepada siswa. \r\n-Mendampingi dan mengarahkan siswa selama proses pengeleman, dan \r\npenempelan biji bijian. \r\n\r\n3.Tahap Evaluasi & Apresiasi:\r\n-Menilai hasil karya berdasarkan kerapian dan kreativitas.\r\n-Mengadakan sesi foto bersama dengan memamerkan hasil karya seni kolase \r\nmasing-masing siswa.', 'Siswa Sekolah Dasar, Kelas 2,3,4,5', 'Dokumentasi pembuatan karya seni kolase', NULL, '2026-06-24 21:14:46', '2026-06-24 21:14:46');
INSERT INTO `kkn_proker_individu` (`id`, `mahasiswa_id`, `judul`, `deskripsi`, `target`, `target_luaran`, `sasaran`, `created_at`, `updated_at`) VALUES
(175, 272, 'Kontribusi Gerakan Pramuka dalam Meningkatkan Pemahaman dan Membentuk Karakter melalui Media Quiz Game Digital dan media flash card.', 'Kegiatan Gerakan Pramuka ini dilaksanakan di Sekolah Dasar yang berada di desa tersebut pada minggu ke-4. Kegiatan dirancang dengan menggunakan metode game based learning (pembelajaran berbasis permainan)dengan menggunakan media digital seperti Flatform Kahoot, dan media flash card.sehingga proses pembelajaran berlangsung secara menyenangkan (fun learning) tanpa mengurangi tujuan utama dalam penyampaian materi dan pembentukan karakter peserta didik.\r\nMelalui metode ini, peserta diharapkan dapat memperoleh pengetahuan, keterampilan, serta nilai-nilai kepramukaan dengan lebih mudah dipahami dan diterapkan dalam kehidupan sehari-hari. Adapun rangkaian kegiatan yang dilaksanakan meliputi:\r\nPersiapan: Menyiapkan materi, soal kuis, media, dan membagi kelompok.\r\nPelaksanaan: Penyampaian materi singkat, dilanjutkan Quiz Game secara berkelompok.\r\nEvaluasi: Pembahasan jawaban, pemberian skor, dan apresiasi kepada peserta.\r\nPenutup: Penyampaian kesimpulan, motivasi, dan doa.\r\nDengan pelaksanaan kegiatan tersebut, diharapkan peserta didik dapat mengikuti pembelajaran kepramukaan secara aktif, antusias, dan menyenangkan, sehingga tujuan pembelajaran dapat tercapai secara optimal', 'Peserta didik Kelas tinggi di SD  (Dewan Penggalang)', 'media flash cardz menumbuhkan dan menerapkan sikap disiplin, tanggung jawab, dan kemandirian dan juga keterampilan', NULL, '2026-06-24 21:53:59', '2026-07-21 06:59:18'),
(177, 45, 'Literasi Keuangan dan Pentingnya Mengelola Keuangan Keluarga', '1. Sowan ke tokoh setempat dan minta izin kepada RT/RW setempat untuk menyisipkan proker ini disela sela pertemuan mingguan agar kehadiran peserta maksimal\r\n2. Memberikan Pretest kepada ibu rumah tangga atau Masyarakat agar memahami arti  pentingnya mengelola keuangan keluarga\r\n3. Edukasi keuangan tidak akan mengubah kebiasaan hanya dalam satu hari perlu ada tindak lanjut seperti tantangan finansial\r\n4. Pelaksanaan Posttest kepada Ibu rumah tangga atau Masyarakt berpenghasilan rendah dan evaluasi .', 'Ibu Rumah Tangga atau masyarakat berpenghasilan rendah', 'Workshop/pelatihan', NULL, '2026-06-25 05:03:22', '2026-06-25 05:03:22'),
(178, 244, 'Pelatihan fotografi produk', 'Pelatihan fotografi produk merupakan kegiatan yang bertujuan untuk meningkatkan pengetahuan dan keterampilan peserta dalam menghasilkan foto produk yang menarik, profesional, dan sesuai dengan kebutuhan promosi maupun pemasaran.Selain materi teori, peserta juga mengikuti sesi praktik secara langsung dengan memotret berbagai jenis produk menggunakan peralatan yang tersedia.', '25 pelaku UMKM/ibu-ibu di desa Paguyangan bantarbolang', 'Peserta memahami konsep dasar fotografi produk, termasuk pencahayaan, komposisi, sudut pengambilan gambar, dan penataan produk. Peserta mampu menggunakan kamera atau smartphone untuk menghasilkan foto produk yang berkualitas.', NULL, '2026-06-25 05:33:19', '2026-07-05 21:05:01'),
(179, 214, 'Pendataan Kondisi Jalan dan Drainase Desa', 'Jalan dan drainase merupakan sarana penting bagi masyarakat. Namun masih terdapat beberapa bagian yang mengalami kerusakan dan belum terdokumentasi dengan baik. dengan kegiatan ini kita dapat mengetahui kondisi jalan dan drainase di desa serta memberikan data sederhana kepada pemerintah desa. \r\nadapun tahapannya :\r\n1. Koordinasi dengan perangkat desa. \r\n2. Survei lapangan. \r\n3. Dokumentasi foto kondisi jalan dan drainase. \r\n4. Pendataan lokasi yang rusak atau perlu perbaikan. \r\n5. Penyusunan laporan sederhana.', 'Pemerintah desa dan masyarakat.', 'Data dan dokumentasi kondisi jalan serta drainase desa', NULL, '2026-06-25 08:10:43', '2026-06-25 08:10:43'),
(180, 18, 'Pemetaan dan Evaluasi Kondisi Drainase Lingkungan Desa Luwunggede', 'Kegiatan ini bertujuan mengidentifikasi kondisi drainase lingkungan di Desa Luwunggede melalui observasi lapangan, pengukuran saluran, wawancara dengan perangkat desa dan masyarakat, serta dokumentasi. Data yang diperoleh akan dianalisis untuk mengetahui titik sedimentasi, penyumbatan, dan lokasi rawan genangan. Hasil kegiatan berupa peta drainase sederhana dan rekomendasi perbaikan yang dapat digunakan sebagai bahan pertimbangan pemerintah desa luwunggede dalam pemeliharaan dan pengembangan sistem drainase.', 'Sasaran Langsung: 1.Pemerintah Desa Luwunggede 2.Ketua RT/RW. 3.	Masyarakat yang berada di sekitar lokasi drainase.  Sasaran Tidak Langsung: 1.Seluruh warga Desa yang memanfaatkan infrastruktur drainase lingkungan.', 'Peta drainase lingkungan Desa Luwunggede, data kondisi drainase, dokumentasi survei lapangan, rekomendasi perbaikan drainase, dan laporan program kerja individu KKN.', NULL, '2026-06-25 09:13:55', '2026-06-28 13:05:59'),
(181, 87, 'Penguatan Branding dan Digitalisasi UMKM Desa Luwunggede dan Slatri melalui Pembuatan Banner Informasi Usaha', 'Masih banyak UMKM desa yang belum memiliki media promosi yang menarik dan informatif.\r\nKurangnya identitas usaha menyebabkan produk UMKM sulit dikenal oleh masyarakat luas.\r\nPerkembangan teknologi menuntut UMKM untuk mulai memanfaatkan media digital dalam kegiatan pemasaran.\r\nBanner informasi usaha yang dilengkapi kontak dan media digital dapat menjadi sarana promosi yang efektif, sederhana, dan terjangkau.\r\nProgram ini diharapkan dapat membantu meningkatkan branding dan mendukung proses digitalisasi UMKM desa.', 'Pelaku UMKM di desa lokasi KKN. Pemilik usaha mikro dan usaha rumahan. Masyarakat sebagai calon konsumen produk UMKM.', 'Tersedianya banner informasi usaha pada UMKM sasaran. Meningkatnya identitas visual dan branding UMKM. Banner memuat informasi digital seperti nomor WhatsApp, media sosial, atau QR Code. Meningkatnya kesadaran pelaku UMKM terhadap pentingnya promosi dan digitalisasi usaha.', NULL, '2026-06-25 09:15:41', '2026-07-14 23:46:31'),
(182, 200, 'Pembuatan Reflektor Jalan', 'Pembuatan dan pemasangan reflektor jalan (seperti paku jalan atau rambu pemantul) berfungsi untuk memantulkan cahaya dari lampu kendaraan. Hal ini bertujuan utama sebagai panduan visual bagi pengendara, memperjelas batas atau belokan jalan, dan meningkatkan keselamatan di malam hari yang ada di Desa Kalirahayu, Kec. Losari, Kab. Cirebon.', 'Sasaran utama pembuatan reflektor jalan adalah untuk meningkatkan visibilitas pengendara di area minim penerangan guna mencegah risiko kecelakaan.', 'Tersedianya unit reflektor (paku jalan atau patok pembatas) yang terpasang kokoh di titik rawan, seperti area tikungan tajam dan atau area minim penerangan yang ada di Desa Kalirahayu.', NULL, '2026-06-25 09:18:25', '2026-06-25 09:18:25'),
(183, 97, 'Pembuatan GPS/Google Maps untuk UMKM', 'Banyak UMKM belum memiliki lokasi yang terdaftar di Google Maps sehingga sulit ditemukan oleh pelanggan. Oleh karena itu, diperlukan pendampingan pembuatan titik lokasi UMKM pada Google Maps', 'Pelaku UMKM di wilayah desa/kelurahan setempat.', 'Pelatihan', NULL, '2026-06-25 09:25:27', '2026-06-25 09:25:27'),
(185, 218, 'Pelatihan Ecoprint sebagai Upaya Peningkatan Kreativitas Berkarya Seni pada Siswa Sekolah Dasar', 'Kegiatan ini bertujuan untuk meningkatkan kreativitas siswa sekolah dasar melalui pelatihan pembuatan tote bag ecoprint dengan memanfaatkan bahan alam seperti daun dan bunga yang ada di lingkungan sekitar. Kegiatan diawali dengan observasi dan sosialisasi mengenai ecoprint, kemudian dilanjutkan dengan praktik pembuatan tote bag ecoprint. Melalui kegiatan ini diharapkan siswa mampu menghasilkan karya seni yang kreatif, menarik, dan ramah lingkungan serta meningkatkan kepedulian terhadap lingkungan sekitar.', '10 – 20 siswa kelas V SD Negeri/MI', 'Tote bag ecoprint hasil karya siswa. Dokumentasi kegiatan pelatihan. Meningkatnya kreativitas dan kepedulian lingkungan siswa.', NULL, '2026-06-25 09:42:20', '2026-07-19 22:10:04'),
(186, 185, 'Sosialisasi Anti Bullying', 'Bullying atau perundungan merupakan perilaku agresif yang dilakukan secara berulang oleh individu atau kelompok terhadap orang yang lebih lemah, dengan tujuan menyakiti, mengintimidasi, atau mendominasi. Di Indonesia, bullying di tingkat Sekolah Dasar (SD) semakin marak dan menjadi masalah serius. Banyak kasus terjadi dalam bentuk fisik (memukul, mendorong), verbal (ejekan, panggilan buruk), sosial (pengucilan), dan cyberbullying (meski lebih dominan di usia remaja).\r\nFaktor penyebab utama meliputi:\r\nLingkungan keluarga yang kurang harmonis atau pola asuh otoriter.\r\nPengaruh teman sebaya dan media sosial.\r\nKurangnya pengawasan di sekolah.\r\nRendahnya pendidikan karakter dan empati.\r\nDampaknya sangat merugikan: korban sering mengalami kecemasan, depresi, rendah diri, penurunan prestasi akademik, isolasi sosial, bahkan risiko jangka panjang seperti gangguan mental hingga perilaku bunuh diri. Pelaku juga berisiko mengalami masalah perilaku di masa depan. Oleh karena itu, sosialisasi sejak dini melalui program KKN sangat diperlukan untuk membangun kesadaran, empati, dan budaya sekolah yang aman dan inklusif.', 'Seluruh Siswa SD Surokidul', 'Poster, Vidio pendek', NULL, '2026-06-25 09:53:25', '2026-06-25 09:53:25'),
(187, 106, 'Gerakan remaja sehat bebas anemia melalui edukasi gizi di SMP', 'Anemia pada remaja masih menjadi masalah kesehatan yang cukup tinggi akibat kurangnya asupan zat besi, pola makan yang kurang baik, dan rendahnya pengetahuan tentang pencegahan anemia.Koordinasi dengan pihak sekolah, persiapan materi dan media edukasi, pelaksanaan penyuluhan menggunakan presentasi dan leaflet/poster, sesi tanya jawab, serta evaluasi pengetahuan melalui pre-test dan post-test sederhana.', '30 siswa', 'Kuesioner tingkat pengetahuan sesudah dan sebelum edukasi', NULL, '2026-06-25 10:00:20', '2026-06-25 10:00:20'),
(188, 145, 'Game Edukasi IPAS: Rantai Kehidupan Seru', 'Pada program kerja individu **“Game Edukasi IPAS: Rantai Kehidupan Seru”**, kegiatan yang dilakukan adalah pembelajaran interaktif untuk siswa kelas 4 SD melalui permainan edukatif yang bertujuan meningkatkan pemahaman tentang rantai makanan dan hubungan antar makhluk hidup dalam ekosistem. Pelaksanaannya diawali dengan koordinasi bersama guru kelas serta persiapan media pembelajaran seperti kartu gambar, papan skor, dan reward sederhana. Selanjutnya kegiatan dimulai dengan penyampaian materi singkat, pembagian kelompok, lalu pelaksanaan game edukasi seperti tebak peran makhluk hidup, menyusun rantai makanan, dan permainan “Siapa Saya?”. Setelah kegiatan selesai, dilakukan evaluasi melalui tanya jawab atau kuis singkat untuk mengetahui tingkat pemahaman siswa. Hasil yang diharapkan dari program ini adalah meningkatnya minat, motivasi, dan keaktifan belajar siswa, serta siswa mampu memahami konsep produsen, konsumen, dan pengurai serta menyusun rantai makanan sederhana dengan benar.', 'Sasaran	Siswa kelas 4 SD dengan jumlah peserta menyesuaikan kondisi sekolah.', 'Target luaran dari program “Game Edukasi IPAS: Rantai Kehidupan Seru” adalah meningkatnya pemahaman siswa kelas 4 SD mengenai konsep rantai makanan yang meliputi produsen, konsumen, dan pengurai. Selain itu, program ini menargetkan minimal 80% siswa berpartisipasi aktif dalam kegiatan serta mampu menyusun rantai makanan sederhana dengan benar. Luaran lainnya berupa tersedianya media pembelajaran interaktif berbasis game edukasi yang dapat dimanfaatkan kembali oleh guru serta dokumentasi kegiatan sebagai hasil pelaksanaan program.', NULL, '2026-06-25 10:02:56', '2026-06-25 10:02:56'),
(189, 241, 'Matematika Gembira: Pengenalan Bangun Datar melalui Pembelajaran Interaktif dengan PowerPoint, Quiz Seru, dan Lagu Edukatif di SD', 'Pengenalan Bangun Datar melalui Pembelajaran Interaktif dengan PowerPoint, Quiz Seru, dan Lagu Edukatif di SD merupakan program kerja yang bertujuan meningkatkan pemahaman siswa sekolah dasar mengenai konsep dasar bangun datar seperti persegi, persegi panjang, segitiga, lingkaran, dan bentuk lainnya melalui metode pembelajaran yang menarik dan menyenangkan. Kegiatan diawali dengan penyampaian materi menggunakan media PowerPoint yang dilengkapi gambar, animasi, dan contoh-contoh bangun datar yang mudah ditemukan dalam kehidupan sehari-hari.\r\nUntuk menciptakan suasana belajar yang aktif dan tidak membosankan, siswa diajak mengikuti quiz interaktif yang berisi pertanyaan sederhana terkait materi yang telah disampaikan. Selain itu, kegiatan juga diselingi dengan lagu edukatif tentang bangun datar guna membantu siswa mengingat nama, bentuk, dan karakteristik masing-masing bangun datar dengan lebih mudah. Melalui pendekatan belajar sambil bermain, program ini diharapkan dapat meningkatkan minat belajar matematika, memperkuat pemahaman konsep dasar geometri, serta menciptakan pengalaman belajar yang menyenangkan bagi siswa sekolah dasar.', 'Kurang lebih 30 siswa siswi sekolah dasar', 'Kerajinan bangun datar dari korek api', NULL, '2026-06-25 10:51:32', '2026-06-25 10:51:32'),
(190, 194, 'Penguatan Branding dan Publikasi Produk UMKM Melalui Media E-Flayer Informasi Mundu Pesisir dan Bandengan', 'Program ini bertujuan untuk meningkatkan daya tarik dan citra visual produk UMKM agar lebih kompetitif di pasaran. Pelaksanaannya dilakukan melalui empat tahap, yaitu pengumpulan data produk, pembuatan desain flyer ( cetak & digital ), penyebaran flyer di lokasi strategis desa serta media sosia, dan pendampingan pelaku usaha. Hasil yang diharapkan terbentuknya pemahaman baru bagi pelaku UMKM mengenai pentingnya branding dan publikasi untuk pengembangan usaha.', 'Pelaku UMKM ( Ibu-ibu Pkk )', 'Untuk Meningkatkan Perluasan Jangkauan Pasar (Brand Awareness ) dan Peningkatan Keterampilan Mitra ( SDM )', NULL, '2026-06-25 11:48:15', '2026-07-18 16:39:57'),
(191, 223, 'Puisi ceria', '1.Melatih kreativitas kemapuan literasi (membaca dan menulis)\r\n2.Membantu siswa mengekpresikan ide dan meningkatkan kemampuan bahasa', 'Siswa SD', 'Membantu siswa mengekpresikan ide dan meningkatkan kemampuan bahasa', NULL, '2026-06-25 13:27:35', '2026-06-25 13:27:35'),
(192, 280, 'Mengajar Baca Tulis Huruf Hijaiyah Anak SD', 'Mengenalkan anak-anak pada huruf hijaiyah lalu mengajarkan anak-anak untuk membaca dan menulis huruf hijaiyah', 'Siswa SD', 'Satu kelas paham dan mengerti cara membaca dan menulis huruf hijaiyah', NULL, '2026-06-25 14:09:56', '2026-06-25 14:09:56'),
(193, 71, 'Peningkatan Literasi Digital & Motivasi Belajar Dengan Implementasi Media Pembelajaran Berbasis Augmented Reality (AR) Di Sekolah Dasar.', 'Sebuah pembelajaran yang mengimplementasikan media berbasis digital yaitu Augmented Reality (AR) berisi pembelajaran ipas dan tutorial cara mengakses AR dan menggunakan AR. Pembelajaran ini bertujuan untuk Meningkatkan Literasi Digital & Motivasi belajar siswa sekolah dasar. \r\nDengan Metode / tahapan :\r\n1.Persiapan dan Observasi, 2.Sosialisasi dan Pengenalan, 3. Implementasi (Proses Mengajar), 4. Evaluasi dan Pendampingan.', 'Siswa sekolah dasar', 'Tersedianya modul/panduan singkat penggunaan media AR, Media AR &  Kenaikan Motivasi & hasil belajar pada siswa.', NULL, '2026-06-25 14:28:15', '2026-07-04 10:07:15'),
(194, 220, 'Perencanaan Teknis Fasilitas Pembakaran Sampah Minim Asap untuk Desa Bebas Polusi', 'Kegiatan ini berupa perencanaan teknis fasilitas pembakaran sampah minim asap sebagai upaya mengatasi permasalahan sampah di kecamatan moga. program ini dirancang untuk menghasilkan solusi pengelolaan sampah yang lebih aman, efisien dan ramah lingkungan, khususnya bagi desa yang masih menghadapi keterbatasan dalam sistem pemilahan sampah. melalui program perencanaan ini, diharapkan perangkat desa memiliki alternatif penanganan sampah yang dapat menekan pencemaran udara akibat pembakaran terbuka yang menghasilkan asap dan polusi berlebih', 'Perangkat Desa', 'Dokumen perencanaan teknis untuk diserahkan ke desa dan menjadikan desa minim', NULL, '2026-06-25 14:45:12', '2026-06-25 14:45:12'),
(195, 86, 'Pembuatan website desa dengan terintegrasi layanan masyarakat', 'Membangun website desa yang terintegrasi dengan sistem layanan masyarakat untuk mempermudah pelayanan administrasi, transparansi informasi, serta meningkatkan efisiensi kerja perangkat desa.', 'pemerintahan desa', 'website desa, modul pelatihan admin', NULL, '2026-06-25 14:56:27', '2026-06-25 14:56:27'),
(196, 273, 'Pengenalan Kuliner Nusantara di Taiwan', 'mengenalkan kuliner khas indonesia ke warga lokal taiwan, terus juga nanti membikin 1-2 menu praktis dari indonesia agar daya ketertarikan warga lokal taiwan terhadap cita rasa kuliner indonesia lewat interaksi langsung.', 'warga lokal di sekitar taiwan', 'dokumentasi yang merangkum keseruan reaksi warga lokal saat mencicipi kuliner indonesia', NULL, '2026-06-25 17:02:15', '2026-06-25 17:02:15'),
(197, 41, 'Pembuatan kerajinan tempat pensil dari botol plastik bekas untuk siswa kelas 4 sd', 'Kegiatan ini bertujuan mengajarkan siswa kelas IV SD cara memanfaatkan botol plastik bekas menjadi tempat pensil yang menarik dan bermanfaat. Pelaksanaan diawali dengan pemberian materi singkat tentang pentingnya menjaga kebersihan lingkungan dan mendaur ulang sampah plastik. Selanjutnya, siswa akan mempraktikkan pembuatan tempat pensil dengan bimbingan mahasiswa KKN menggunakan alat dan bahan yang telah disiapkan. Melalui kegiatan ini diharapkan siswa mampu mengembangkan kreativitas, keterampilan tangan, serta meningkatkan kepedulian terhadap lingkungan melalui pemanfaatan barang bekas.', 'Siswa sekolah dasar kelas 4-6  Desa Mulyasari', 'Terlaksananya pelatihan pembuatan tempat pensil dari botol plastik bekas bagi siswa kelas IV SD. Setiap siswa menghasilkan minimal 1 karya tempat pensil dari bahan daur ulang. Meningkatnya kreativitas dan keterampilan siswa dalam memanfaatkan barang bekas. Tumbuhnya kesadaran siswa terhadap pentingnya menjaga lingkungan melalui kegiatan daur ulang sampah plastik.', NULL, '2026-06-25 18:01:11', '2026-06-25 18:01:11'),
(198, 170, 'Pemetaan dan Penyusunan Denah Desa Mulyasari sebagai Media Informasi Wilayah Desa', 'Kegiatan ini bertujuan untuk menyusun denah Desa Mulyasari yang memuat informasi jaringan jalan, fasilitas umum, dan lokasi penting desa. Pelaksanaan dilakukan melalui survei lapangan, pengumpulan data wilayah, koordinasi dengan perangkat desa, serta pengolahan data menjadi denah yang informatif dan mudah dipahami masyarakat. Hasil kegiatan diharapkan dapat membantu masyarakat, pendatang, dan pemerintah desa dalam memperoleh informasi wilayah serta mendukung perencanaan pembangunan desa.', 'Pemerintah Desa Mulyasari, masyarakat Desa Mulyasari, serta pengunjung atau pendatang yang membutuhkan informasi wilayah desa.', 'Tersusunnya denah Desa Mulyasari dalam bentuk cetak dan digital sebagai media informasi wilayah desa.', NULL, '2026-06-25 18:17:54', '2026-06-25 18:17:54'),
(199, 139, 'Rencana Membangun Website Profil dan Informasi Resmi Desa Moga', 'Membangun website resmi Desa Moga yang representatif, informatif, dan mobile-friendly sebagai etalase digital untuk publikasi profil desa, promosi potensi ekonomi (UMKM/Wisata), serta wadah keterbukaan informasi publik yang mudah dikelola oleh perangkat desa.', 'Pemerintah Desa Moga dan masyarakat luas sebagai pengguna informasi/user.', 'Website Resmi Desa Moga yang sudah live (bisa diakses publik) dan terindeks mesin pencari.', NULL, '2026-06-25 18:31:31', '2026-06-25 18:31:31'),
(200, 117, 'Pembuatan Kerajinan Kolase Biji-Bijian untuk Kreativitas Siswa Sekolah Dasar', 'Kegiatan ini bertujuan untuk meningkatkan kreativitas siswa sekolah dasar melalui pembuatan kerajinan kolase dari biji-bijian. Kegiatan diawali dengan pemberian penjelasan mengenai pengertian kolase, manfaatnya, serta alat dan bahan yang akan digunakan. Selanjutnya, siswa membuat kolase sesuai dengan kreativitas masing-masing menggunakan berbagai jenis biji-bijian yang telah disediakan dengan pendampingan mahasiswa KKN. Melalui kegiatan ini diharapkan siswa dapat mengembangkan kreativitas, melatih ketelitian, kesabaran, dan keterampilan motorik halus, serta menghasilkan karya yang menarik dan bernilai.', 'Siswa sekolah dasar kelas 1-4 Desa Mulyasari', 'Terlaksananya kegiatan pembuatan kerajinan kolase dari biji-bijian bagi siswa sekolah dasar. Terciptanya hasil karya kolase dari biji-bijian yang dibuat oleh setiap peserta. Meningkatnya kreativitas, ketelitian, dan keterampilan motorik halus siswa melalui kegiatan membuat kolase.', NULL, '2026-06-25 18:49:40', '2026-06-25 18:49:40'),
(202, 143, 'Upaya Pencegahan Penularan Penyakit Demam Berdarah Dengue (DBD) Melalui Penyebaran Poster di SD Negeri Randusari 01', 'Kegiatan ini dilakukan dengan menyusun, mencetak, dan menyebarkan poster edukasi tentang Demam Berdarah Dengue (DBD) di lingkungan SD Negeri Randusari 01. Poster berisi informasi mengenai penyebab, gejala, cara penularan, serta langkah-langkah pencegahan DBD. Poster ditempel pada lokasi strategis seperti ruang kelas, koridor, kantin, dan papan informasi. Selain itu, diberikan penjelasan singkat kepada siswa mengenai isi poster. Kegiatan ini diharapkan dapat meningkatkan pengetahuan dan kesadaran siswa dalam menjaga kebersihan lingkungan untuk mencegah DBD.', 'Siswa dan warga sekolah SD Negeri Randusari 01, Kecamatan Pagerbarang, Kabupaten Tegal', 'Poster Edukasi', NULL, '2026-06-25 20:14:20', '2026-06-25 20:14:20'),
(203, 165, 'Pelatihan pembuatan buket kreatif untuk meningkatkan keterampilan dan jiwa kewirausahaan', 'Koordinasi dengan pihak ibu PKK\r\nPenyampaian materi mengenai peluang usaha buket kreatif.\r\nDemonstrasi teknik dasar pembuatan buket.\r\nPraktik langsung pembuatan buket oleh peserta.\r\nPendampingan dan evaluasi hasil karya peserta.\r\nDiskusi mengenai strategi pemasaran dan penentuan harga produk.', '5 - 10', 'Peserta mampu membuat buket kreatif secara mandiri. Peserta memahami cara menentukan harga jual dan pemasaran.', NULL, '2026-06-25 20:17:00', '2026-07-27 10:23:05'),
(204, 207, 'Edukasi Gemar Menabung Sejak Dini Melalui Celengan', 'Kegiatan ini dilakukan untuk mengenalkan pentingnya menabung sejak dini kepada siswa sekolah dasar melalui pembuatan celengan dari bahan bekas. Kegiatan diawali dengan penyampaian materi tentang manfaat menabung, kemudian dilanjutkan dengan contoh cara membuat celengan dan praktik pembuatan celengan oleh siswa. Melalui kegiatan ini, diharapkan siswa lebih memahami pentingnya menabung, memiliki celengan hasil karyanya sendiri, serta terdorong untuk mulai menabung secara rutin.', '± 20 Siswa Sekolah Dasar', 'Produk kerajinan tangan (celengan)', NULL, '2026-06-25 20:31:59', '2026-06-28 15:11:35'),
(205, 9, 'Edukasi Bijak Bermedia Sosial bagi Siswa Sekolah Dasar sebagai Upaya Meningkatkan Literasi Digital', 'Kegiatan Edukasi Bijak Bermedia Sosial bagi Siswa Sekolah Dasar sebagai Upaya Meningkatkan Literasi Digital bertujuan memberikan pemahaman kepada siswa tentang penggunaan media sosial yang aman, bijak, dan bertanggung jawab. Kegiatan dilaksanakan melalui sosialisasi interaktif yang membahas manfaat dan risiko media sosial, etika berkomunikasi di dunia digital, pentingnya menjaga privasi, serta cara mengenali informasi hoaks. Melalui kegiatan ini, diharapkan siswa mampu menggunakan media sosial secara cerdas dan positif dalam kehidupan sehari-hari.', 'siswa kelas 5 SD', 'Poster Edukasi Bijak Bersosial Media', NULL, '2026-06-25 21:32:00', '2026-06-25 21:32:00'),
(206, 39, 'Kahoot Eco Challenge : Belajar Literasi, Numerasi, dan Peduli sampah', 'Tujuan\r\n\r\nMeningkatkan kemampuan literasi melalui membaca soal dan memahami informasi.\r\nMelatih kemampuan numerasi melalui soal berhitung yang berkaitan dengan sampah.\r\nMengenalkan pembelajaran digital menggunakan kuis interaktif.\r\nMenumbuhkan kesadaran menjaga kebersihan dan memilah sampah.\r\n\r\nAlur Kegiatan\r\n\r\n1. Mahasiswa membagikan pre-tes kepada siswa\r\n2. Mahasiswa menjelaskan materi tentang peduli sampah\r\n3. Mahasiswa menjelaskan cara memainkan kuis digital.\r\n4. Siswa dibagi menjadi beberapa kelompok agar semua dapat berpartisipasi.\r\n5. Siswa menjawab soal secara bergantian.\r\n6. Skor ditampilkan di layar untuk menambah semangat belajar.\r\n7. Kelompok dengan nilai tertinggi mendapat penghargaan sederhana, seperti snack.\r\n8. Post-Test dan evaluasi\r\n\r\nIndikator Keberhasilan\r\n\r\nSiswa mampu menjawab minimal 70% soal dengan benar.\r\nSiswa aktif mengikuti kuis digital.\r\nSiswa memahami cara memilah sampah dan pentingnya menjaga lingkungan.\r\nSiswa lebih tertarik belajar melalui media digital.', 'Siswa sekolah dasar kelas 4', 'Bank soal digital yang dapat digunakan kembali oleh guru, Rekap nilai siswa, Dokumentasi kegiatan sebagai bukti pelaksanaan program KKN.', NULL, '2026-06-25 21:45:18', '2026-06-25 21:45:18'),
(207, 91, 'Digitalisasi Marketing “Mencantumkan UMKM pada Google Maps”', 'Program ini melakukan digitalisasi marketing melalui pencantuman lokasi UMKM pada Google Maps. Pelaksanaan diawali dengan survei, edukasi manfaat pemasaran digital, serta pendampingan pembuatan akun Google Bisnisku. Selanjutnya, dilakukan pengambilan titik koordinat, foto tempat usaha, dan pengisian profil informasi secara daring. Kegiatan ini diharapkan dapat mempermudah pelanggan menemukan lokasi usaha, meningkatkan visibilitas digital, serta mengoptimalkan potensi penjualan para pelaku UMKM secara berkelanjutan.', '± 4-8 UMKM', 'Aplikasi/Website', NULL, '2026-06-25 21:46:31', '2026-06-25 21:46:31'),
(208, 231, 'Edukasi Gemar Menabung Sejak Dini untuk Meningkatkan Literasi Keuangan Anak SD Desa Kalirahayu', 'Program ini merupakan kegiatan edukasi literasi keuangan dasar bagi anak-anak SD di Desa Kalirahayu untuk menanamkan kebiasaan gemar menabung sejak dini. Kegiatan dilakukan melalui sosialisasi interaktif mengenai pentingnya menabung, pengelolaan uang saku, serta pemahaman tentang perbedaan kebutuhan dan keinginan. Pelaksanaan program meliputi pre-test, penyampaian materi, diskusi, praktik menabung sederhana, dan post-test sebagai evaluasi. Melalui kegiatan ini diharapkan anak-anak mampu memahami pentingnya menabung, mengelola uang saku dengan bijak, serta membentuk kebiasaan finansial yang baik sebagai bekal dalam kehidupan sehari-hari dan masa depan.', '20-30 anak SD kelas 6', 'Pelatihan/Workshop', NULL, '2026-06-25 21:56:17', '2026-06-29 05:17:45'),
(210, 216, 'Perencanaan Teknis dan Penyusunan RAB Pembuatan Plang Arah Jalan Desa Kebongede Kecamatan Bantarbolang', 'Program kerja ini bertujuan menyusun perencanaan teknis pembuatan plang arah jalan di Desa Kebongede melalui survei lapangan, identifikasi titik strategis, pengukuran lokasi, penyusunan desain plang, pemilihan material, serta penyusunan Rencana Anggaran Biaya (RAB). Hasil perencanaan disusun sebagai pedoman pelaksanaan pembangunan plang arah yang informatif, tahan lama, dan sesuai kebutuhan masyarakat sehingga memudahkan akses dan meningkatkan keselamatan serta pelayanan informasi jalan di desa.', 'Pemerintah Desa Kebongede, perangkat desa, masyarakat Desa Kebongede, serta pengguna jalan.', 'Dokumen perencanaan pembuatan plang arah jalan, Rencana Anggaran Biaya (RAB) pembuatan plang, Penentuan titik pemasangan plang berdasarkan hasil survei, Rekomendasi pelaksanaan pembangunan plang arah bagi Pemerintah Desa Kebongede.', NULL, '2026-06-26 10:51:33', '2026-06-26 10:51:33'),
(211, 246, 'memperkenalkan pembayaran modern terhadap UMKM / QRIS', 'Perkembangan teknologi digital telah mengubah pola transaksi masyarakat dari pembayaran tunai menuju pembayaran non-tunai. Namun, masih banyak pelaku UMKM di desa yang belum memanfaatkan sistem pembayaran digital seperti QRIS (Quick Response Code Indonesian Standard). Kondisi ini menyebabkan UMKM kehilangan peluang untuk menjangkau konsumen yang lebih luas dan memberikan kemudahan transaksi bagi pelanggan.', 'UMKM Paguyangan', 'Metode pembayaran digital', NULL, '2026-06-26 10:55:34', '2026-06-26 10:55:34'),
(212, 33, 'Pembelajaran bangun datar kreatif dengan pemanfaatan korek api dis sekolah dasar', 'Program kerja Pembelajaran Bangun Datar Kreatif dengan Pemanfaatan Korek Api di Sekolah Dasar merupakan kegiatan pembelajaran yang bertujuan membantu siswa memahami konsep bangun datar melalui media sederhana berupa korek api. Kegiatan diawali dengan penyampaian materi mengenai jenis-jenis dan sifat bangun datar, kemudian dilanjutkan dengan demonstrasi cara menyusun bentuk bangun datar menggunakan korek api. Selanjutnya, siswa secara individu maupun berkelompok mempraktikkan penyusunan berbagai bangun datar sesuai arahan. Di akhir kegiatan dilakukan evaluasi melalui tanya jawab dan penilaian terhadap hasil karya siswa untuk mengetahui tingkat pemahaman mereka. Melalui kegiatan ini diharapkan pembelajaran menjadi lebih aktif, kreatif, menyenangkan, serta meningkatkan pemahaman siswa terhadap materi bangun datar', '30 siswa sekolah dasar yang mempelajari materi bangun datar. Guru kelas sebagai pendamping pembelajaran', 'Siswa memahami konsep bangun datar. Terbentuknya media pembelajaran kreatif dari korek api. Tersusunnya dokumentasi dan laporan kegiatan.', NULL, '2026-06-26 11:11:18', '2026-06-26 11:11:18'),
(213, 34, 'Pendampingan Digitalisasi UMKM melalui Optimalisasi Profil Usaha di Google Maps', 'Kegiatan ini bertujuan membantu pelaku UMKM meningkatkan eksistensi usahanya melalui Google Maps. Pendampingan dilakukan dengan membuat atau mengoptimalkan Profil Bisnis Google, melengkapi informasi usaha seperti nama, alamat, jam operasional, nomor telepon, logo, serta foto produk. Selain itu, pelaku UMKM diberikan edukasi mengenai cara mengelola profil usaha secara mandiri agar usahanya lebih mudah ditemukan oleh masyarakat dan meningkatkan kepercayaan calon pelanggan.', '10/15 pelaku UMKM di desa LuwungGede', 'Terbentuknya profil usaha UMKM di Google Maps dan logo, foto produk serta informasi usaha telah terunggah secara lengkap.', NULL, '2026-06-26 11:48:17', '2026-06-26 11:48:17'),
(214, 112, 'Pemetaan Denah Desa Randusari sebagai Media Informasi Wilayah', 'Kegiatan ini dilaksanakan dengan melakukan survei lapangan untuk mengidentifikasi lokasi fasilitas umum, jaringan jalan, dan titik-titik penting di Desa Randusari. \r\nData yang diperoleh selanjutnya diolah menjadi denah desa yang informatif dan mudah dipahami. Denah yang telah disusun akan dicetak dan diserahkan kepada pemerintah desa sebagai media informasi wilayah bagi masyarakat maupun pengunjung.', 'Pemerintah Desa Randusari, masyarakat Desa Randusari, dan pengunjung Desa.', 'Denah Desa Randusari, file digital denah Desa, dan media informasi wilayah.', NULL, '2026-06-26 11:48:28', '2026-06-26 11:49:51'),
(215, 53, 'Belajar Berkarya dengan Memanfaatkan Daun di Lingkungan Sekolah', 'Lingkungan sekolah memiliki berbagai jenis tumbuhan yang dapat di manfaatkan  sebagai media pembelajaran krratif. Namun, pemanfaatan daun sebagai bahan karya seni masih belum optimal. Melalui kegiatan ecoprint ini, siswa dapat belajar memeanfaatkan daun di sekitar sekolah untuk menghasilkan karya yang menarik sekaligus menumbuhkan keledulian terhadap lingkungan.', 'Siswa kelas 4-6 SD', 'Karya ecoprint hasil kreativitas siswa , meningkatnya pengetahuan siswa tentang pemanfaatan bahan alam serta tumbuhnya sikap peduli lingkungan dan kreativitas siswa.', NULL, '2026-06-26 11:49:27', '2026-06-26 11:49:27'),
(216, 195, 'penyuluhan gizi seimbang pada balita', 'Masalah gizi pada balita masih menjadi perhatian karena dapat memengaruhi pertumbuhan dan perkembangan anak. Pengetahuan ibu mengenai gizi seimbang berperan penting dalam pemenuhan kebutuhan gizi balita. Oleh karena itu, diperlukan edukasi untuk meningkatkan pemahaman ibu mengenai gizi seimbang dan perannya dalam mendukung tumbuh kembang balita.\r\nMeningkatkan pengetahuan ibu balita mengenai gizi seimbang dan peran ibu dalam pemenuhan gizi balita. Hasil yang di harapkan yaitu ibu dapat memahami edukasi yang di berikan agar peran ibu dapat memenuhi gizi balita', 'Ibu yang memiliki dikader posyandu karang wangun', 'terciptanya ibu yang paham akan gizi seimbang dan edukasi ini target minimal 80% ibu memahami konsep gizi seimbang (diukur lewat pre-post test)', NULL, '2026-06-26 12:08:41', '2026-07-19 16:29:59'),
(218, 107, 'Pendampingan Pencatatan Keuangan Sederhana Bagi UMKM di Desa Mulyasari', 'Program KKN ini melaksanakan pendampingan pencatatan keuangan sederhana bagi UMKM di Desa Mulyasari, Kecamatan Losari, Kabupaten Cirebon. Latar belakang kegiatan adalah banyak UMKM yang belum memisahkan keuangan usaha dan pribadi sehingga kesulitan mengetahui keuntungan. Pelaksanaan dilakukan selama 4 minggu melalui identifikasi sasaran, sosialisasi pentingnya pencatatan, pelatihan penggunaan buku kas 3 kolom, serta monitoring dan evaluasi. Hasil yang diharapkan dari kegiatan ini adalah tersedianya 3 buku kas yang digunakan UMKM secara mandiri dan meningkatnya pemahaman pelaku usaha dalam mencatat pemasukan dan pengeluaran secara teratur untuk mengelola keuangan usahanya dengan lebih baik.', 'UMKM di Desa Mulyasari', 'Tersedianya 3 buku kas sederhana yang digunakan secara mandiri oleh UMKM penjual keliling di Desa Mulyasari, serta meningkatnya pemahaman pelaku usaha dalam mencatat pemasukan dan pengeluaran secara teratur sehingga dapat mengetahui keuntungan usahanya dengan lebih jelas.', NULL, '2026-06-26 15:32:18', '2026-07-28 00:24:28'),
(219, 204, 'Pojok Baca Ceria untuk Meningkatkan Minat Baca Siswa Sekolah Dasar', 'Kegiatan ini dilakukan untuk menumbuhkan minat baca siswa sekolah dasar melalui kegiatan literasi yang menarik dan interaktif. Kegiatan meliputi membaca bersama, mendengarkan cerita, permainan literasi, serta tantangan membaca yang dilaksanakan secara bertahap setiap minggu. Dengan adanya program ini, diharapkan siswa lebih terbiasa membaca, memahami isi bacaan dengan baik, dan memiliki ketertarikan yang lebih besar terhadap kegiatan membaca', 'Siswa Sekolah Dasar', 'Hasil kegiatan reading challenge berupa kemampuan siswa menceritakan kembali isi bacaan yang telah dibaca', NULL, '2026-06-26 15:54:35', '2026-06-26 15:55:14'),
(220, 158, 'Penanaman TOGA (Tanaman Obat Keluarga)', 'Tanaman Obat Keluarga (TOGA) merupakan tanaman yang dibudidayakan di pekarangan rumah dan memiliki banyak manfaat bagi kesehatan. Pemanfaatan TOGA dapat membantu memenuhi kebutuhan obat tradisional keluarga, meningkatkan penghijauan lingkungan, serta menghemat pengeluaran rumah tangga. Tanaman seperti jahe, kencur, dan kunyit mudah ditanam, tidak memerlukan lahan yang luas, serta dapat tumbuh dengan perawatan sederhana. Oleh karena itu, penanaman TOGA perlu dilakukan untuk meningkatkan kesadaran masyarakat akan pentingnya pemanfaatan tanaman obat sebagai alternatif menjaga kesehatan keluarga. Dengan cara pelaksanaannya yaitu 1.	Sosialisasi tentang TOGA, dan persiapan alat serta bahan.\r\n2.	Penyuluhan manfaat jahe, kencur, dan kunyit serta demonstrasi penanaman.\r\n3.	Penanaman TOGA di lahan atau polybag.\r\n4.	Pemeliharaan dan monitoring pertumbuhan tanaman.\r\n5.	Melakukan post-test untuk mengukur peningkatan pengetahuan masyarakat setelah mengikuti kegiatan. Evaluasi pelaksanaan program serta kondisi tanaman yang telah ditanam. Hasil yang diharapkan, Melalui kegiatan ini, masyarakat diharapkan mampu memahami manfaat dan cara menanam TOGA, khususnya jahe, kencur, dan kunyit. Selain itu, diharapkan terbentuk kebun TOGA sederhana, tanaman dapat tumbuh dengan baik, serta meningkatnya kesadaran masyarakat untuk memanfaatkan tanaman obat keluarga sebagai upaya menjaga kesehatan.', 'Keluarga atau masyarakat sekitar, ibu rumah tangga dan kelompok masyarakat yang memiliki pekarangan rumah, dan lingkungan sekitar masyarakat setempat.', 'Terbentuk kebun TOGA sederhana yang ditanami jahe, kencur, dan kunyit. Meningkatnya pengetahuan masyarakat sekitar mengenai manfaat dan cara budidaya TOGA. Tumbuhnya tanaman TOGA dengan baik sebagai sumber obat keluarga. Tersusunnya dokumentasi kegiatan dan hasil evaluasi.', NULL, '2026-06-26 16:43:45', '2026-06-26 16:43:45'),
(221, 181, 'Pelatihan Dasar Microsoft Office & Pemanfaatan AI Untuk belajar', 'Program ini berupa pelatihan dasar pelatihan microsoft office serta pemanfaatan AI untuk mendukung proses belajar .Kegiatan dilaksanakan melalui penyampaian materi,praktik langsung, menggunakan komputer atau smarphone . peserta akan belajar membuat dokumen,serta memanfaatkan AI untuk mencari informasi,dan membuat animasi untuk membantu pengerjaan tugas. Hasil yang diharapkan adalah meningkatnya keterampilan digital peserta,kemampuan menggunakan microsoft office,serta pemahaman dalam memanfaatkan AI secara efektif', 'pelajar', 'Film animasi AI pendek tentang Belajar Cerdas dengan AI dengan durasi 1-3 menit', NULL, '2026-06-26 17:06:13', '2026-06-26 17:06:13'),
(222, 24, 'Generasi Cermat Finansial', 'Anak-anak usia SD di desa binaan rentan terhadap perilaku konsumtif karena belum memahami perbedaan\r\nantara kebutuhan (needs) dan keinginan (wants). Melalui pendekatan akuntansi personal yang dikemas\r\nsecara menyenangkan, program ini hadir untuk menanamkan kebiasaan menabung dan melatih kedisiplinan\r\nmengelola uang saku sejak dini agar tercipta generasi yang cermat finansial.', '25-30 anak SD kls (5-6)', 'Minimal 80% peserta anak SD mampu membedakan kebutuhan dan keinginan dengan benar serta antusias mempraktikkan kebiasaan menabung harian.', NULL, '2026-06-26 18:12:17', '2026-06-26 18:12:17'),
(223, 151, 'Fun Numerasi: Meningkatkan Kemampuan Hafalan Perkalian Dasar melalui Media Pembelajaran Interaktif', 'Latar belakang : Kemampuan perkalian dasar pada anak masih tergolong rendah. Banyak anak yang masih mengalami kesulitan dalam menghafal perkalian dan kurang mendapatkan pendampingan belajar yang optimal. Selain itu, pembelajaran perkalian sering dianggap sulit dan kurang menarik sehingga diperlukan media dan kegiatan pembelajaran yang menyenangkan agar anak lebih mudah memahami dan menguasai konsep perkalian dasar.\r\nTujuan : Meningkatkan kemampuan berhitung perkalian dasar serta menumbuhkan minat belajar matematika melalui kegiatan yang menyenangkan dan interaktif.\r\nMetode : Kegiatan diawali dengan pretest untuk mengidentifikasi kemampuan awal peserta didik dalam perkalian. Selanjutnya, peserta mengikuti kegiatan Fun Numerasi menggunakan Papan Perkalian dan LKPD secara interaktif. Setelah itu, peserta mengikuti permainan Roket Perkalian sebagai sarana latihan dan penguatan pemahaman materi. Kegiatan diakhiri dengan post-test untuk mengukur peningkatan pemahaman peserta didik serta pemberian apresiasi kepada peserta yang berpartisipasi aktif.\r\nMinggu ke-4 (1 kali pertemuan)', 'Anak sd kelas 3 atau 4', 'Tersedianya media pembelajaran berupa Papan Perkalian, LKPD Fun Numerasi, Tantangan roket Perkalian, dan Mini Book Perkalian untuk Meningkatkan kemampuan peserta dalam menghafal dan memahami perkalian dasar.', NULL, '2026-06-26 19:19:25', '2026-07-01 21:04:29'),
(224, 55, 'Pelatihan Pelayanan Prima (Service Excellence) bagi Pelaku UMKM', 'Pelayanan yang baik merupakan salah satu faktor penting dalam keberhasilan usaha. Banyak pelaku UMKM dan pemilik warung di desa yang telah memiliki produk berkualitas, namun belum memahami pentingnya pelayanan prima dalam mempertahankan pelanggan. Oleh karena itu, diperlukan pelatihan yang dapat meningkatkan kemampuan pelaku usaha dalam memberikan pelayanan yang ramah, cepat, dan profesional sehingga dapat meningkatkan kepuasan pelanggan dan daya saing usaha.Metode/Tahapan	Persiapan \r\n•	Berkoordinasi dengan perangkat desa dan pelaku UMKM. \r\n•	Menentukan waktu, tempat, serta peserta kegiatan. \r\n•	Menyiapkan materi dan media pendukung pelatihan. \r\nPelaksanaan Sosialisasi \r\n•	Menyampaikan materi mengenai pentingnya pelayanan prima dalam usaha. \r\n•	Memberikan pemahaman tentang cara melayani pelanggan dengan ramah, sopan, dan responsif. \r\n•	Menjelaskan cara menangani keluhan pelanggan dan menjaga loyalitas pelanggan. \r\nPraktik dan Simulasi \r\n•	Peserta mempraktikkan cara melayani pelanggan melalui simulasi sederhana. \r\n•	Simulasi dilakukan dengan contoh situasi pelanggan membeli produk, bertanya tentang produk, atau menyampaikan keluhan. \r\n•	Mahasiswa memberikan arahan dan contoh pelayanan yang baik. \r\nEvaluasi dan Penutupan \r\n•	Melakukan tanya jawab untuk mengetahui pemahaman peserta. \r\n•	Memberikan masukan terhadap hasil simulasi yang dilakukan peserta.', 'Pemilik warung kelontong.  Pelaku UMKM.  Pedagang kecil yang melayani pelanggan secara langsung.', 'Output/Target	Terselenggaranya pelatihan Pelayanan Prima (Service Excellence) bagi pelaku UMKM .terciptanya media edukasi berupa leaflet/modul sederhana tentang pelayanan prima yang dapat digunakan sebagai panduan peserta.  terselenggaranya sesi praktik atau simulasi pelayanan pelanggan.  meningkatnya pengetahuan peserta mengenai teknik pelayanan pelanggan yang baik.meningkatnya pemahaman dan keterampilan pelaku UMKM dalam memberikan pelayanan yang baik kepada pelanggan sehingga dapat meningkatkan kepuasan dan loyalitas pelanggan.', NULL, '2026-06-26 19:54:35', '2026-06-26 19:54:35'),
(225, 13, 'Pengenalan dan pelatihan Microsoft office untuk siswa SD di Desa Krasak menghadapi era digitalisasi', 'Pelatihan dilaksanakan dengan metode penyampaian materi, demonstrasi, praktik langsung, dan pendampingan. Sehingga siswa dapat memahami dan mencoba secara langsung penggunaan aplikasi tersebut. Materi yang diberikan disesuaikan dengan usia dan kemampuan siswa SD agar mudah dipahami.\r\n\r\nMelalui kegiatan ini, diharapkan siswa memiliki pengetahuan dasar mengenai teknologi digital, mampu memanfaatkan aplikasi perkantoran dan desain sederhana, serta lebih siap menghadapi perkembangan teknologi dan tuntutan era digitalisasi di masa depan. Selain itu, kegiatan ini juga dapat meningkatkan kreativitas, kemampuan berpikir, dan keterampilan siswa dalam menggunakan perangkat teknologi secara positif dan bermanfaat.', 'Siswa/siswi SD', 'Siswa mampu mengetik dan membuat dokumen sederhana di Microsoft Word, seperti biodata diri atau cerita pendek.', NULL, '2026-06-26 20:37:01', '2026-06-28 23:46:49'),
(227, 221, 'Edukasi mengenal emosi dasar', 'Suatu kegiatan sosialisasi pengenalan emosi paling dasar kepada anak-anak SD khususnya kelas  4 \r\n* Metode/ tahapan	:\r\nMinggu ke 1(observasi dan koordinasi dengan pihak sekolah),(penyusunan materi dan media psikoedukasi)minggu ke2 (pengenala konsep materi dasar,jenis-jenis emosi,permainan edukatif,diskusi dan tanya jawab),minggu ke 3(praktik,dan simulasi mengekspresikan emosi ,kegiatan dengan kartu emosi,dan kegiatan refleksi),minggu ke 4(evaluasi pemahaman peserta didik melalui kuis atau lembar refleksi,menilai keberhasilan program dan sertya pembuatan pohon emosi)\r\nDari edukasi ini diharapkan siswa-siswi SD dapat mengenali emosi serta mengelola perasaan yang baik dan menumbuhkan empati bahwa bullying itu tidak baik dan merugikan.', 'Siswa-siswi kelas 4 Sd', 'modul psikoedukasi mengenal emosi dasar', NULL, '2026-06-26 20:52:54', '2026-07-18 18:52:31'),
(228, 252, 'Sahabat Tanpa Bullying: Edukasi Pencegahan Perundungan melalui Kegiatan Interaktif bagi Siswa Sekolah Dasar', 'Melaksanakan program edukasi \"Sahabat Tanpa Bullying\" melalui sosialisasi interaktif kepada siswa sekolah dasar mengenai pengertian, jenis, dampak, dan cara mencegah bullying. Kegiatan dilengkapi dengan pre-test dan post-test, permainan edukatif (role play), komitmen bersama anti bullying, serta pembagian poster edukasi kepada sekolah dan orang tua/wali siswa sebagai media pencegahan bullying di lingkungan sekolah maupun keluarga.', 'Siswa kelas IV SD Negeri 02 Moga Kecamatan Moga sebanyak ±30 peserta, guru sebagai pendamping kegiatan, serta orang tua/wali siswa melalui media edukasi anti bullying.', 'Meningkatnya pengetahuan siswa mengenai bullying yang ditunjukkan melalui hasil post-test. - Poster edukasi anti bullying terpasang di sekolah dan dibagikan kepada orang tua/wali siswa dalam bentuk digital. - Terciptanya komitmen bersama untuk mencegah bullying di lingkungan sekolah dan keluarga. - Dokumentasi kegiatan sebagai luaran program KKN.', NULL, '2026-06-26 20:53:32', '2026-06-28 20:18:06'),
(229, 16, 'Pelatihan kewirausahaan kreatif untuk anak sekolah dasar melalui pembuatan produk sederhana', 'Program ini bertujuan mengenalkan dasar-dasar kewirausahaan kepada anak sejak dini melalui kegiatan praktik. Anak tidak hanya belajar membuat produk sederhana, tetapi juga memahami proses menjual, menghitung keuntungan, dan pentingnya kreativitas dalam berwirausaha. Materi disampaikan dengan bahasa yang mudah dipahami serta melalui aktivitas yang menyenangkan. Dan hasilnya juga semoga memuaskan.', '1 kelas siswa SD desa pasarbatang', 'Hiasan dinding', NULL, '2026-06-26 21:22:59', '2026-06-26 21:22:59'),
(230, 73, 'Pengenalan dasar komputer untuk anak sd', 'Mengajak siswa mengenal komputer dan belajar mengetik', 'Anak sd dari kelas 4-6', 'Modul atau slide presentasi', NULL, '2026-06-26 22:27:22', '2026-06-26 22:27:22'),
(231, 179, 'Edukasi Pengelolaan Uang Saku melalui Pengenalan Kebutuhan dan Keinginan pada Anak Sekolah Dasar', 'Metode/Tahapan :\r\n1. Persiapan : Koordinasi dengan guru, buat materi + media edukasi berupa gambar kebutuhan vs keinginan, celengan, dan uang mainan.\r\n2. Penyuluhan interaktif : Jelaskan pengertian kebutuhan vs keinginan pakai contoh: nasi = kebutuhan, mainan = keinginan. Ajak anak diskusi.\r\n3. Games “Si Bijak Belanja” : Anak dibagi kelompok. Dikasih “uang mainan” lalu disuruh pilih barang kebutuhan/keinginan dari gambar. Diskusi kenapa pilih itu.\r\n4. Praktik buat anggaran : Ajak anak buat contoh pembagian uang saku: 50% jajan, 30% tabung, 20% sedekah.\r\n5. Penutup & komitmen : Anak tulis 1 komitmen sederhana di kertas, misal “Aku mau sisihkan 500 rupiah tiap hari untuk celengan”.', 'Siswa-siswi SD Kelas 3/4 (<30 anak)', '1. 80% anak bisa menyebutkan minimal 3 contoh kebutuhan dan 3 contoh keinginan. 2. Anak mampu membuat contoh pembagian uang saku sederhana. 3. Laporan kegiatan + dokumentasi foto.', NULL, '2026-06-26 22:40:23', '2026-06-26 22:40:23'),
(232, 110, 'Pendampingan Literasi Anak Desa Banyumudal melalui Storytelling Kisah Islami', 'Program ini mengajak anak usia sekolah dasar di Desa Banyumudal untuk mengembangkan kemampuan berbahasa melalui kegiatan storytelling kisah islami di perpustakaan desa. Pelaksanaan berlangsung selama 5 minggu, diawali pretest untuk mengukur pemahaman awal anak, dilanjutkan sesi mendengarkan cerita secara ekspresif dan tanya jawab, hingga posttest berupa lembar kerja yang diisi anak dengan menuliskan atau menceritakan kembali isi cerita menggunakan bahasa sendiri. Program ini bertujuan menstimulasi kemampuan menyimak dan mengungkapkan kembali cerita, sekaligus menanamkan nilai-nilai keteladanan islami sejak usia dini.', '±20 siswa usia sekolah dasar Desa Banyumudal.', 'Anak mampu menceritakan kembali kisah islami dengan bahasa sendiri, lembar kerja posttest (ilustrasi siluet/simbol tokoh islami + kolom isian cerita), dan rekapitulasi hasil pretest-posttest sebagai dokumentasi peningkatan keterampilan bahasa anak.', NULL, '2026-06-27 07:29:39', '2026-07-05 19:33:27'),
(233, 132, 'Optimalisasi Manajemen Keuangan UMKM Melalui Pendampingan Pencatatan Buku Kas', 'Program ini bertujuan mengoptimalkan manajemen keuangan bagi UMKM di Desa Penyalahan melalui pendampingan pencatatan buku kas. Kegiatan dimulai dengan mendata pelaku UMKM di desa untuk dijadikan sasaran program. Selanjutnya dilakukan sosialisasi mengenai pentingnya memisahkan keuangan bisnis dan pribadi guna menciptakan tata kelola keuangan yang akuntabel. Sebagai langkah nyata, pelaku usaha diberikan buku kas baik berupa aplikasi digital maupun buku fisik untuk mencatat transaksi harian. Melalui pendampingan ini, pelaku UMKM diharapkan memiliki catatan keuangan yang terstruktur serta mampu menyusun laporan keuangan sederhana secara mandiri demi mendukung keberlanjutan usahanya.', '5-10 pelaku UMKM Desa Penyalahan', 'Peningkatan Literasi Keuangan, Panduan Praktis Pencatatan, Buku Kas', NULL, '2026-06-27 07:43:31', '2026-07-04 19:17:07');
INSERT INTO `kkn_proker_individu` (`id`, `mahasiswa_id`, `judul`, `deskripsi`, `target`, `target_luaran`, `sasaran`, `created_at`, `updated_at`) VALUES
(234, 74, 'Klinik pembukuan warung secara sederhana', 'Latar Belakang\r\nUsaha warung merupakan salah satu bentuk usaha mikro yang banyak dijalankan oleh masyarakat dan berperan penting dalam memenuhi kebutuhan sehari-hari. Namun, sebagian besar pemilik warung masih belum melakukan pencatatan keuangan secara teratur sehingga sulit mengetahui jumlah modal, keuntungan, maupun pengeluaran usaha. Kurangnya pemahaman mengenai pembukuan sederhana menyebabkan pengelolaan keuangan usaha menjadi kurang efektif. Oleh karena itu, diperlukan kegiatan “Klinik Pembukuan Warung Secara Sederhana” untuk memberikan edukasi dan pendampingan kepada pemilik warung agar mampu melakukan pencatatan keuangan yang mudah, praktis, dan sesuai dengan kebutuhan usaha mereka.\r\n Tujuan\r\n1.	Meningkatkan pemahaman pemilik warung mengenai pentingnya pembukuan sederhana.\r\n2.	Memberikan keterampilan dalam mencatat transaksi pemasukan dan pengeluaran usaha.\r\n3.	Membantu pemilik warung mengetahui keuntungan dan kondisi keuangan usahanya.\r\n4.	Mendorong pengelolaan keuangan usaha yang lebih tertib dan efektif.\r\n3. Sasaran\r\nSasaran kegiatan ini adalah:\r\n1.	Pemilik warung kecil atau usaha mikro di wilayah pelaksanaan KKN.\r\n2.	Pelaku UMKM yang belum memiliki pembukuan atau masih melakukan pencatatan secara tidak teratur.\r\n Tahapan Kegiatan\r\nTahapan	Uraian Kegiatan\r\nPersiapan	Survei dan pendataan warung sasaran, penyusunan materi, serta pembuatan format pembukuan sederhana.\r\nSosialisasi	Penyampaian materi mengenai pentingnya pembukuan dan pengelolaan keuangan usaha.\r\nPelatihan	Praktik pencatatan transaksi harian, pemasukan, pengeluaran, dan perhitungan laba sederhana.\r\nPendampingan	Membimbing pemilik warung dalam menerapkan pembukuan pada usaha masing-masing.\r\nEvaluasi	Menilai pemahaman peserta dan keberhasilan penerapan pembukuan sederhana.\r\n Target\r\n1.	Minimal 10–15 pemilik warung mengikuti kegiatan.\r\n2.	Peserta memahami konsep pembukuan sederhana.\r\n3.	Peserta mampu membuat dan mengisi buku kas sederhana secara mandiri.\r\n4.	Terciptanya kebiasaan pencatatan keuangan yang lebih tertib pada usaha warung.\r\nWaktu Pelaksanaan\r\nKegiatan	Waktu Pelaksanaan\r\nSurvei dan Persiapan	Minggu ke-1 KKN\r\nSosialisasi dan Pelatihan	Minggu ke-2 KKN\r\nPendampingan Praktik Pembukuan	Minggu ke-3 KKN\r\nEvaluasi dan Monitoring	Minggu ke-4 KKN', '10 warung', 'Warung harus mempunyai pembukuan keuangan yang jelas supaya penghasilan mencapai target', NULL, '2026-06-27 08:40:22', '2026-06-27 08:40:22'),
(236, 105, 'Peningkatan Literasi-Numerasi Berbasis Green Education melalui Media Konkret pada Siswa SD di Desa Mulyasari', 'pertama-tama yaitu melakukan observasi di sekolah dasar yang ada di Desa Mulyasari. Lalu melakukan koordinasi dengan pemerintah desa, sekolah, dan orang tua murid apa yang akan dilakukan. Setelah itu menyusun jadwal kegiatan dan pelaksanaan berupa pendampingan kegiatan belajar, pemberian materi berbasis permainan menggunakan media yang telah dibuat, dan diakhiri dengan perlombaan berhitung cepat. 3 murid tercepat mendapat hadiah sederhana.', 'anak sekolah dasar kelas 3', 'modul dan media sederhana serta pemahaman literasi numerasi dan penguatan karakter dari para murid', NULL, '2026-06-27 09:19:46', '2026-07-22 07:10:23'),
(237, 82, 'edukasi gizi berbasis kunjungan Rumah sebagai Upaya Pencegahan Stunting pada Ibu Hamil yang Enggan Memeriksakan Diri ke Fasilitas Kesehatan di Desa mundu pesisir', 'Kunjungan rumah, Asesmen status gizi ibu hamil (pengukuran \r\nLILA, penimbangan BB, wawancara pola makan 24-hour recall).\r\n5.Edukasi gizi individu: kebutuhan kalori, protein hewani, zat besi, asam \r\nfolat, dan kalsium selama kehamilan, upaya pencegahan stunting', 'Ibu hamil (trimester I, II, dan III) di mundu pesisir', 'edukasi gizi berbasis kunjungan Rumah', NULL, '2026-06-27 11:13:10', '2026-06-27 11:13:10'),
(238, 82, 'edukasi gizi berbasis kunjungan Rumah sebagai Upaya Pencegahan Stunting pada Ibu Hamil yang Enggan Memeriksakan Diri ke Fasilitas Kesehatan di Desa mundu pesisir', 'Kunjungan rumah, Asesmen status gizi ibu hamil (pengukuran \r\nLILA, penimbangan BB, wawancara pola makan 24-hour recall).\r\n5.Edukasi gizi individu: kebutuhan kalori, protein hewani, zat besi, asam \r\nfolat, dan kalsium selama kehamilan, upaya pencegahan stunting', 'Ibu hamil (trimester I, II, dan III) di mundu pesisir', 'edukasi gizi berbasis kunjungan Rumah', NULL, '2026-06-27 11:14:25', '2026-06-27 11:14:25'),
(239, 243, 'Manajemen Emosi Melalui Aktivitas Mewarnai kreatif', 'Program kerja individu ini dirancang untuk membantu siswa-siswi dalam mengenali emosi dasar serta mengelola rasa marah atau sedih secara positif. Pelaksanaan program ini terbagi ke dalam empat tahapan mingguan, meliputi koordinasi dengan pihak sekolah, persiapan media, implementasi edukasi di kelas melalui latihan pernapasan dan aktivitas mewarnai, serta diakhiri dengan evaluasi dan penempelan media edukatif. Melalui pendekatan ini, emosi negatif anak dapat dialihkan ke aktivitas yang produktif, sekaligus melatih fokus dan kesabaran demi mendukung perkembangan psikologis mereka.', 'Siswa Siswi Sekolah Dasar', 'Partisipasi aktif dari seluruh siswa dalam rangkaian aktivitas mewarnai kreatif, minimal 80% siswa mampu mempraktikkan metode penenangan diri saat menghadapi emosi negatif, terlaksananya edukasi secara optimal serta terpasangnya poster manajemen emosi di dinding kelas guna mendukung terciptanya suasana belajar yang lebih tenang, nyaman, dan kondusif bagi perkembangan psikologis anak.', NULL, '2026-06-27 13:05:55', '2026-06-27 13:05:55'),
(243, 256, 'Optimalisasi pemasaran digital melalui pemanfaatan media sosial untuk meningkatkan daya saing produk umkm pada Desa Pasarbatang', 'Meningkatkan pengetahuan dan keterampilan pelaku UMKM dalam memanfaatkan media sosial untuk mempromosikan produk sehingga daya saingnya meningkat.Observasi, koordinasi, sosialisasi, pendampingan penggunaan media sosial, dan evaluasi.Pelaku UMKM mampu menggunakan media sosial sebagai media promosi dan meningkatkan daya saing produknya.', '10-20 pelaku umkm', 'akun pemasaran', NULL, '2026-06-27 19:09:32', '2026-06-27 19:09:32'),
(244, 104, 'Pelatihan dan Pendampingan Digital Marketing Bagi UMKM', 'Program ini bertujuan meningkatkan kemampuan pelaku UMKM di Desa Banyumudal dan Desa Moga dalam memanfaatkan digital marketing sebagai media promosi. Kegiatan dilaksanakan melalui pendataan kebutuhan UMKM, pelatihan dasar digital marketing, pendampingan pembuatan dan pengelolaan akun media sosial usaha, serta evaluasi hasil. Hasil yang diharapkan adalah pelaku UMKM mampu memasarkan produknya secara lebih efektif melalui media digital, memiliki akun media sosial yang aktif, serta mampu menjangkau pasar yang lebih luas untuk meningkatkan penjualan.', 'Sasaran	Pelaku UMKM dan masyarakat yang memiliki usaha di desaBanyumudal dan desa Moga  (±10 UMKM).', 'Terlaksananya pelatihan digital marketing, minimal 10 UMKM memiliki akun media sosial usaha yang akti.', NULL, '2026-06-27 20:21:55', '2026-07-05 12:47:17'),
(245, 274, 'Pembuatan Buku Aktivitas Calistung sebagai media belajar interaktif bagi siswa sekolah dasar', 'Program ini bertujuan mengembangkan dan membagikan Buku Aktivitas Calistung sebagai media belajar interaktif bagi siswa sekolah dasar. Buku aktivitas calistung berisi berbagai aktivitas membaca, menulis, dan berhitung yang dikemas secara menarik melalui permainan edukatif. kegiatan meliputi penyusunan materi, pembuatan buku, pembagian kepada siswa, serta pendampingan dalam penggunaannya. Melalui program ini, diharapkan siswa lebih antusias belajar, memiliki media belajar mandiri yang dapat digunakan dirumah maupun disekolah, serta meningkatkan kemampuan dasar calistung secara menyenangkan.', 'Siswa kelas 1 sekolah dasar di desa cibuyur , kecematan warungpring, kabupaten Pemalang.', 'terdistribusinya Buku Aktivitas Calistung', NULL, '2026-06-27 20:24:02', '2026-06-27 20:24:02'),
(246, 95, 'Sosialisasi Pentingnya Identitas Visual dalam Meningkatkan Daya Saing UMKM di Desa Cibuyur, Kec Warungpring', 'Program kerja “Sosialisasi Pentingnya Identitas Visual dalam Meningkatkan Daya Saing UMKM di Desa Cibuyur, Kec Warungpring” merupakan kegiatan penyampaian materi kepada pelaku UMKM mengenai konsep dan manfaat identitas visual dalam pengembangan usaha. Materi yang disampaikan meliputi pengertian identitas visual, unsur-unsur identitas visual seperti logo, warna, tipografi, dan media promosi, serta peran identitas visual dalam membangun citra usaha, meningkatkan kepercayaan konsumen, dan memperkuat daya saing produk. Selain itu, peserta juga diberikan contoh penerapan identitas visual yang baik pada UMKM sebagai upaya meningkatkan daya tarik dan nilai jual produk di tengah persaingan pasar yang semakin kompetitif.', '5 Pelaku UMKM Desa Cibuyur Kec.Warungpring', 'Modul pelatihan', NULL, '2026-06-27 21:32:13', '2026-07-04 09:52:47'),
(247, 226, 'Pengenalan Karya Sastra', 'Kegiatan ini dilakukan dengan memberikan pengenalan mengenai karya sastra berupa puisi dan cerpen kepada siswa kelas VIII SMP di Desa Cibuyur. Pelaksanaan diawali dengan penyampaian materi tentang pengertian, unsur, ciri-ciri, dan contoh puisi serta cerpen. Selanjutnya, siswa diajak membaca dan mengapresiasi karya sastra melalui diskusi dan tanya jawab. Setelah memahami materi, siswa mempraktikkan penulisan puisi atau cerpen pendek sesuai tema yang diberikan. Hasil karya siswa kemudian dipilih dan dipajang pada mading sekolah sebagai bentuk apresiasi serta media untuk meningkatkan budaya literasi. Melalui kegiatan ini diharapkan siswa mampu memahami dasar-dasar karya sastra, memiliki minat terhadap sastra, serta mampu menghasilkan karya sederhana berupa puisi atau cerpen.', 'Peserta didik kelas VIII', 'Hasil karya siswa di pajang di mading kelas atau mading sekolah', NULL, '2026-06-27 23:25:30', '2026-06-27 23:25:30'),
(248, 240, 'Program: Penyuluhan \"Peningkatan Pengetahuan Ibu tentang Gizi Balita\"', 'Kegiatan ini berupa penyuluhan gizi balita yang diawali dengan koordinasi bersama kader posyandu dan bidan desa untuk menentukan jadwal serta tempat pelaksanaan. Selanjutnya disusun materi edukasi sederhana mengenai kebutuhan gizi balita, contoh menu seimbang, dan dampak kekurangan gizi, dilengkapi media bantu berupa leaflet atau poster. Penyuluhan disampaikan secara langsung dengan bahasa komunikatif, dilanjutkan sesi diskusi dan tanya jawab, serta pre-test dan post-test untuk mengukur peningkatan pemahaman ibu. Kegiatan diakhiri dengan evaluasi dan dokumentasi. Diharapkan ibu balita lebih memahami pentingnya gizi seimbang dan mampu menerapkannya dalam pola makan anak di rumah.', 'Ibu yang memiliki balita usia 0-5 tahun dan kader posyandu 20-30 orang', 'Leaflet/poster edukasi gizi balita, peningkatan pengetahuan ibu (dibuktikan hasil post-test > pre-test)', NULL, '2026-06-28 03:35:48', '2026-06-28 03:35:48'),
(251, 85, 'Literasi Digital Antonim Anonim melalui Kuis Wordwall', 'Di era digital saat ini, pemanfaatan teknologi dalam pembelajaran menjadi salah satu upaya untuk meningkatkan minat dan kemampuan literasi siswa embelajaran yang masih bersifat konvensional menyebabkan siswa kurang termotivasi dan cepat merasa bosan. Salah satu alternatif yang dapat digunakan adalah media pembelajaran berbasis web yang interaktif dan menyenangkan, seperti kuis lawan kata (antonim) dan permainan *Word Shake* atau huruf acak yang disusun menjadi kata bermakna. Melalui kegiatan tersebut, siswa dapat memperkaya kosakata, memahami makna kata, serta melatih keterampilan membaca dan menulis\r\nMeningkatkan kemampuan literasi Bahasa Indonesia siswa melalui penguasaan kosakata, pemahaman lawan kata (antonim), dan keterampilan menyusun kata, Memberikan pengalaman belajar yang interaktif dan menyenangkan melalui media berbasis web, Meningkatkan minat dan motivasi siswa dalam pembelajaran Bahasa Indonesia serta Mengembangkan kemampuan berpikir kritis dan kreativitas siswa dalam memahami dan mengolah kata.\r\nSaasaran : Siswa Sekolah Dasar kelas 5 \r\n1. Sosialisasi program kepada siswa dan guru kelas menggunakan modul ajar\r\n2. Menggunakan asesmen awal untuk mengetahui kemampuan literasi Bahasa Indonesia siswa.\r\n3. Menggunakan media berbasis web berupa permainan kuis lawan kata (antonim) dan *Word Shake* (huruf acak) sebagai sarana pembelajaran Bahasa Indonesia, disertai latihan dan pendampingan.\r\n4. Melaksanakan asesmen akhir serta pemberian penghargaan atau kenang-kenangan kepada peserta.\r\n\r\n≤ 20 siswa mengikuti kegiatan literasi Bahasa Indonesia berbasis web melalui permainan kuis lawan kata dan *Word Shake* (huruf acak), dengan 80% peserta mengalami peningkatan kemampuan mengenali kosakata, memahami lawan kata, dan menyusun kata dengan benar, meningkatnya minat belajar siswa terhadap Bahasa Indonesia, serta tersedianya dokumentasi kegiatan.', '20-25 siswa SD Sumbarang (Kec. Jatinegara)', 'Modul Ajar, Web Wordwall,Kartu Huruf', NULL, '2026-06-28 09:15:49', '2026-06-28 09:15:49'),
(252, 163, 'Rebranding Produk UMKM', 'UMKM merupakan salah satu penggerak ekonomi masyarakat desa yang\r\nmemiliki peran penting dalam meningkatkan pendapatan masyarakat.\r\nNamun, masih banyak UMKM yang menghadapi kendala seperti belum\r\nmemiliki identitas produk yang menarik, kemasan yang sederhana, serta\r\npemasaran yang masih terbatas.\r\nMelalui program Rebranding Produk UMKM Lokal, mahasiswa KKN hadir\r\nuntuk mendampingi pelaku UMKM dalam meningkatkan kualitas tampilan\r\nproduk melalui pembuatan logo, stiker, dan kemasan agar produk memiliki\r\nnilai jual lebih tinggi dan mampu menarik minat konsumen.\r\nProgram ini juga menjadi bentuk penguatan kapasitas kewirausahaan\r\nmasyarakat melalui pendampingan sederhana yang dapat diterapkan secara\r\nberkelanjutan.', '5 UMKM desa Cibuyur kec. Warungpring Pemalang', 'Desain logo dan stiker serta kemasan', NULL, '2026-06-28 10:25:24', '2026-06-28 10:25:24'),
(253, 96, 'Gerakan Literasi Akhir Pekan bagi Siswa Sekolah Dasar Desa Cibuyur', 'Program gerakan literasi akhir pekan dilaksanakan untuk meningkatkan minat baca siswa sekolah dasar di desa cibuyur. Kegiatan dilakukan setiap hari sabtu atau minggunya selama pelaksanaan kkn dengan melibatkan siswa dalam aktivitas membaca bersama, diskusi isi bacaan, mendongeng, kuis literasi, serta kegiatan menceritakan kembali isi bacaan. Program diawali dengan koordinasi bersama pemerintah Desa, sekolah, ataupun orangtua. Melalui kegiatan ini diharapkan terbentuk kebiasaan membaca serta meningkatkannya kemampuan literasi siswa.', '10-20 siswa sekolah dasar kelas l- lV', 'Laporan Kegiatan, Dokumentasi Kegiatan, dan Media Edukasi', NULL, '2026-06-28 10:44:37', '2026-06-28 10:44:37'),
(254, 219, 'Digitalisasi Katalog Produk UMKM untuk Meningkatkan Promosi dan Daya Saing di Desa Mulyasari', 'Merancang dan membuat katalog produk digital untuk para pelaku UMKM di Desa Mulyasari dengan hasil katalog produk digital dalam format (png, jpg, atau pdf) dan penggunaannya sebagai media promosi serta untuk meningkatkan citra dan daya saing usaha', 'Pelaku UMKM di Desa Mulyasari', 'Tersusunnya katalog produk digital dalam format (Png, jpg, atau pdf) yg siap digunakan untuk media promosi.', NULL, '2026-06-28 11:57:12', '2026-06-28 11:57:12'),
(255, 172, 'Pembuatan Aplikasi Kasir Berbasis Android untuk UMKM Desa Slatri', 'Membangun aplikasi kasir berbasis Android yang mudah digunakan untuk membantu pelaku UMKM dalam melakukan pencatatan transaksi dan pengelolaan penjualan.', 'Pelaku UMKM Desa Slatri sebagai pengguna aplikasi kasir.', 'Aplikasi kasir berbasis Android, panduan penggunaan aplikasi, serta dokumentasi implementasi pada UMKM Desa Slatri.', NULL, '2026-06-28 13:06:03', '2026-07-11 10:52:24'),
(257, 162, 'Internet Sehat untuk Remaja : Kenali Hoaks dan Hindari Penipuan Digital', 'Perkembangan teknologi digital telah menjadi bagian dari kehidupan sehari-hari remaja, terutama siswa SMP. Internet memberikan banyak manfaat sebagai media belajar, komunikasi, dan pengembangan kreativitas. Namun, tingginya penggunaan media sosial juga meningkatkan risiko terpapar berita hoaks, penipuan digital, cyberbullying, serta penyalahgunaan data pribadi. Oleh karena itu, diperlukan kegiatan sosialisasi literasi digital agar siswa memiliki kemampuan berpikir kritis, memahami etika bermedia digital, serta mampu menggunakan internet secara aman, bijak, dan bertanggung jawab.', 'Siswa SMP', 'Terlaksananya sosialisasi literasi digital dan meningkatnya pemahaman siswa mengenai internet sehat, hoaks, penipuan digital, dan keamanan data pribadi.', NULL, '2026-06-28 14:17:39', '2026-07-04 12:28:23'),
(258, 233, 'Gastrodiplomasi Pangan Lokal: Uji Kesukaan (Hedonic Test) Makanan dan Minuman Tradisional Indonesia pada Masyarakat Jepang', 'Pada kegiatan ini, disajikan beberapa jenis kue tradisional Indonesia kepada masyarakat Jepang untuk dicicipi. Setelah proses pencicipan, peserta diminta mengisi kuesioner uji kesukaan (hedonic test) guna memberikan penilaian terhadap atribut sensori produk, meliputi warna, aroma, rasa, tekstur, dan tingkat kesukaan secara keseluruhan menggunakan skala hedonik yang telah disediakan. Selain melakukan penilaian, peserta juga diberikan penjelasan mengenai bahan baku, proses pembuatan, nilai budaya, serta filosofi yang terkandung dalam masing-masing kue tradisional.\r\n\r\nData hasil uji kesukaan kemudian dianalisis secara deskriptif untuk mengetahui tingkat penerimaan masyarakat Jepang terhadap produk pangan tradisional Indonesia. Hasil kegiatan ini diharapkan dapat menjadi gambaran mengenai potensi penerimaan kuliner Indonesia di Jepang sekaligus menjadi sarana promosi budaya Indonesia melalui pangan. Selain itu, kegiatan ini juga diharapkan dapat mempererat hubungan budaya antara Indonesia dan Jepang serta meningkatkan apresiasi masyarakat Jepang terhadap keberagaman kuliner tradisional Indonesia.', 'Rekan kerja (orang jepang) di Tempat Magang', 'Data hasil uji kesukaan (hedonic test) dan laporan tingkat penerimaan masyarakat Jepang terhadap kue tradisional Indonesia.', NULL, '2026-06-28 16:54:06', '2026-07-21 18:36:47'),
(259, 166, 'Pembuatan Peta Digital Mitigasi Bencana dan Administrasi Desa Banyumudal', 'Melaksanakan pengumpulan data batas administrasi RW dan identifikasi potensi kerawanan bencana melalui observasi lapangan, koordinasi dengan pemerintah desa, serta pemanfaatan data spasial. Data diolah menggunakan Sistem Informasi Geografis (GIS) untuk menghasilkan peta digital yang memuat batas administrasi RW, jaringan jalan, fasilitas umum, serta lokasi potensi bencana. Peta yang dihasilkan diharapkan menjadi media informasi dan mendukung perencanaan pembangunan serta upaya mitigasi bencana di Desa Banyumudal.', 'Pemerintah Desa Banyumudal, Ketua RW, perangkat desa, dan masyarakat Desa Banyumudal.', 'Peta Digital Mitigasi Bencana dan Administrasi RW Desa Banyumudal dalam format PDF, Shapefile (.shp), dan KML/KMZ, serta dokumentasi kegiatan.', NULL, '2026-06-28 18:23:35', '2026-06-28 18:23:35'),
(260, 171, 'inovasi pembayaran digital pada UMKM desa', 'Inivasi pembayaran digital pada UMKM desa merupakan kegiatan yang bertujuan untuk membantu pelaku UMKM di desa Moga & Banyumudal dalam mengadopsi sistem pembayaran digital, seperti QRIS dan dompet digital, agar proses transaksi menjadi lebih mudah, cepat, aman, dan efisien. Kegiatan ini dilakukan melalui  pendampingan pembuatan akun pembayaran digital, serta edukasi mengenai cara penggunaan dan manfaat transaksi non-tunai. Dengan adanya program ini, diharapkan UMKM desa Moga & Banyumudal mampu meningkatkan kualitas pelayanan kepada pelanggan, mengikuti perkembangan teknologi, memperluas jangkauan pasar, serta mendukung terwujudnya ekosistem ekonomi digital yang lebih modern dan inklusif di desa.', 'Pelaku UMKM yang belum menggunakan sistem pembayaran digital', 'UMKM memiliki dan dapat menggunakan QRIS sebagai metode pembayaran', NULL, '2026-06-28 19:18:24', '2026-07-05 12:52:48'),
(261, 186, 'Digitalisasi Data dan Pemetaan UMKM Berbasis Google My Maps dan Google AppSheet sebagai Media Informasi dan Promosi di Desa Banyumudal', 'Kegiatan ini bertujuan mendigitalisasi data UMKM melalui pendataan lapangan yang dilakukan atas persetujuan pemilik usaha. Data yang dikumpulkan meliputi nama usaha, jenis usaha, lokasi, dan informasi pendukung, kemudian disusun dalam Google Spreadsheet sebagai basis data. Selanjutnya, lokasi UMKM dipetakan menggunakan Google My Maps dan diintegrasikan dengan Google AppSheet sehingga menjadi media informasi dan promosi yang mudah diakses oleh masyarakat. Hasil yang diharapkan berupa database, peta digital, dan aplikasi informasi UMKM yang dapat dimanfaatkan oleh pemerintah desa serta pelaku UMKM.', '±30 pelaku UMKM Desa Banyumudal yang bersedia berpartisipasi dalam pendataan dan digitalisasi informasi usaha.', '1) Database digital UMKM berbasis Google Spreadsheet. 2) Peta digital sebaran UMKM berbasis Google My Maps. 3) Aplikasi informasi UMKM berbasis Google AppSheet. 3) Tautan akses peta digital serta aplikasi yang dapat digunakan oleh Pemerintah Desa dan Masyarakat Banyumudal.', NULL, '2026-06-28 20:57:07', '2026-06-28 20:57:07'),
(262, 257, 'Edukasi Gizi dan Demo Masak Pangan Lokal untuk Pencegahan Stunting di Desa Slatri', 'Program ini bertujuan meningkatkan pengetahuan ibu-ibu Desa Slatri mengenai gizi seimbang sebagai upaya pencegahan stunting. Kegiatan dilaksanakan melalui penyuluhan gizi, permainan edukatif interaktif, serta demo masak menggunakan bahan pangan lokal yang tersedia di desa. Dengan pendekatan yang menyenangkan dan praktis, diharapkan ibu-ibu mampu mengolah pangan lokal menjadi makanan bergizi tinggi untuk mendukung tumbuh kembang anak secara optimal.', 'Ibu hamil dan ibu yang mempunyai balita', 'Peningkatan pengetahuan ibu tentang gizi seimbang, resep masakan bergizi berbasis pangan lokal, dan adanya panduan gizi pencegahan stunting', NULL, '2026-06-28 21:18:01', '2026-06-28 21:18:01'),
(263, 228, 'Pelatihan Pembuatan Nugget Tempe sebagai Alternatif Pangan Bergizi dan Bernilai Ekonomi', 'Program kerja \"Pelatihan Pembuatan Nugget Tempe sebagai Alternatif Pangan Bergizi dan Bernilai Ekonomi\" merupakan kegiatan pemberdayaan masyarakat yang bertujuan meningkatkan pengetahuan dan keterampilan dalam mengolah tempe menjadi produk pangan inovatif, bergizi, dan memiliki nilai jual. Kegiatan ini diawali dengan penyampaian materi mengenai kandungan gizi tempe, manfaat diversifikasi pangan, serta peluang usaha olahan tempe', 'Ibu PKK, remaja, atau masyarakat umum.', 'Meningkatnya pengetahuan peserta mengenai kandungan gizi tempe dan manfaatnya sebagai bahan pangan alternatif bergizi. Meningkatnya keterampilan peserta dalam mengolah tempe menjadi nugget yang higienis, enak, dan memiliki nilai jual. Tersusunnya produk nugget tempe sebagai hasil praktik pelatihan yang dapat dijadikan contoh produk. Tersedianya modul atau panduan pembuatan nugget tempe yang dapat digunakan peserta untuk praktik mandir', NULL, '2026-06-28 21:31:20', '2026-06-28 21:31:20'),
(264, 198, 'DIGILITERA CILIK (Digital Literasi Anak Cilik)', 'Digilitera Cilik adalah program literasi yang memanfaatkan gawai dan laptop untuk meningkatkan minat dan kemampuan membaca anak usia Sekolah Dasar (SD) di Desa Karangwangun melalui transformasi gawai dari hiburan pasif menjadi media edukasi interaktif. Pelaksanaannya dirancang efisien khusus akhir pekan melalui sesi \"Bioskop Literasi Digital (membaca e-book bersama), pendampingan membaca, dan kuis pemahaman menggunakan media interaktif. Hasil yang diharapkan dari program ini adalah meningkatnya kemampuan penalaran dan membaca anak, terbentuknya kebiasaan menggunakan teknologi secara sehat, dan \"Pohon Apresiasi\" fisik sebagai rekam jejak capaian membaca anak di lokasi KKN.', 'Anak usia SD kelas 1-6', 'Terlaksananya sesi membaca digital rutin setiap akhir pekan selama masa KKN.', NULL, '2026-06-28 21:32:36', '2026-06-28 21:32:36'),
(266, 88, 'Pemanfaatan Sampah Plastik Menjadi Kolase Kreatif untuk Meningkatkan Kreativitas dan Kepedulian Lingkungan Siswa', 'Berikut isi pada gambar yang telah dijadikan **satu paragraf** dengan tetap menggunakan **alinea** pada awal paragraf:\r\n\r\n  Sampah plastik merupakan salah satu masalah lingkungan yang banyak ditemukan di sekitar sekolah dan masyarakat. Kurangnya kesadaran dalam mengelola sampah menyebabkan pencemaran lingkungan. Melalui kegiatan pembuatan kolase dari sampah plastik, siswa dapat belajar memanfaatkan limbah menjadi karya seni yang kreatif sekaligus menumbuhkan kepedulian terhadap lingkungan. Program ini bertujuan untuk meningkatkan kreativitas siswa dalam membuat karya seni, menanamkan kesadaran akan pentingnya menjaga kebersihan lingkungan, serta mengajarkan pemanfaatan kembali (daur ulang) sampah plastik menjadi barang yang bernilai guna. Sasaran kegiatan adalah 20–30 siswa SD/MI kelas IV–VI. Pelaksanaan kegiatan dilakukan melalui beberapa tahapan, yaitu memberikan pengenalan mengenai pengelolaan sampah plastik, mengumpulkan bahan-bahan plastik bekas, mendampingi siswa dalam proses pembuatan kolase, serta melakukan evaluasi terhadap hasil karya yang telah dibuat. Output yang diharapkan dari kegiatan ini meliputi minimal 20 karya kolase dari sampah plastik, dokumentasi kegiatan dalam bentuk foto dan video, meningkatnya pengetahuan siswa tentang pengelolaan sampah dan daur ulang, serta terciptanya lingkungan sekolah yang lebih peduli terhadap kebersihan dan pelestarian lingkungan. Kegiatan ini direncanakan dilaksanakan pada minggu ke-4.', '20-30 Siswa Sekolah Dasar Kelas IV - VI', 'Output/Target :\" 1. Minimal 20 karya kolase dari sampah plastik. 2. Dokumentasi kegiatan dalam bentuk foto dan video. 3. Meningkatnya pengetahuan siswa tentang pengelolaan sampah dan daur ulang. 4. Terciptanya lingkungan sekolah yang lebih peduli terhadap kebersihan dan pelestarian lingkungan.', NULL, '2026-06-28 23:00:04', '2026-06-28 23:00:04'),
(267, 227, 'KREASI (Kreativitas Anak Penuh Aksi)', 'Program KREASI ini adalah sebuah aktivitas non-akademik di lingkungan sekolah berbentuk pelatihan art & craft berupa pembuatan kolase dengan memanfaatkan daun kering. Pelaksanaan program ini dengan mengajak siswa melakukan praktik langsung dalam merancang, memotong dan menempelkan daun-daun kering menjadi sebuah karya seni kolase yang estetis. Tidak hanya sekedar membuat lalu selesai, untuk membangun ruang apresiasi diadakannya sebuah galeri seni mini di dalam kelas untuk memajang seluruh karya siswa. Program ini dirancang dengan tujuan sebagai wadah ekplorasi untuk merangsang daya imajinasi, melatih fokus, mengasah kemampuan motorik, serta membangun rasa percaya diri dan keberanian anak dalam mengekspresikan ide dan karya mereka', 'Siswa kelas 4 SDN 1 kalirahayu', 'Hasil kerajinan tangan asli anak-anak, meningkatnya keberanian juga rasa percaya diri  serta keterampilan motorik anak', NULL, '2026-06-29 07:56:50', '2026-06-29 07:56:50'),
(268, 102, 'SMART SMP_Siswa Melek Aplikasi Dan Teknologi', 'Memberikan Pemahaman Dan Pemanfaatan Aplikasi Produktif, Identifikasi Dan Perencanaan, Pelaksanaan, Serta Evaluasi Dan Pemeliharaan, Menerapkan Siswa-siswi Smp Yang Cakap Digital', 'Siswa-siswi Smp', 'Terwujudnya Siswa-siswi Smp Yang Cakap Digital', NULL, '2026-06-29 09:00:14', '2026-06-29 09:00:14'),
(269, 92, 'Edukasi dan Pendampingan proses Scale Up UMKM di Desa Penyalahan Kec. Jatinegara Tegal', 'pendampingan kepada pelaku UMKM di desa Penyalahan untuk dilakukan proses scale up usaha dengan cara memberikan edukasi dan pelatihan transformasi digital dan pemasaran modern, pelatihan pengelolaan manajemen keuangan, pelatihan pengembangan produk dan memberikan edukasi pentingnya legalitas usaha. Setelah dilakukan edukasi dan pendampingan ini, diharapakan para pelaku UMKM bisa meningkatkan kemampuan pengelolaan usahanya.', '10-15 pelaku umkm di desa penyalahan Jatinegara Tegal', 'Modul Pelatihan dan sertifikat NIB untuk pelaku UMKM', NULL, '2026-06-29 09:23:21', '2026-06-29 09:23:21'),
(270, 276, 'pembuatan pot dari bahan dasar handuk', '1. Koordinasi dengan kepala sekolah dan guru kelas(Minggu 1).\r\n2. Penyampaian materi tentang pot dari bahan dasar handuk(Minggu 2).\r\n3. Demonstrasi terkait handuk bekas menjadi bahan yang bermanfaat (Minggu 2).\r\n4. Praktik pembuatan pot dari bahan dasar handuk', 'siswa sd kelas tinggi', '6 buah pot dari bahan handuk bekas pemanfaatan dan penghijauan lingkungan sekitar sd', NULL, '2026-06-29 09:31:28', '2026-07-05 21:31:28'),
(271, 113, 'Penerapan Digitalisasi UMKM Untuk Mendukung Pemasaran Produk UMKM di Desa Luwunggede', '1. Observasi dan Pendataan UMKM\r\n* Mengidentifikasi pelaku UMKM di Desa Luwunggede yang menjadi sasaran program.\r\n* Mengumpulkan informasi mengenai jenis usaha,media pemasaran yang digunakan,serta kendala yang dihadapi.\r\n \r\n2. Pendampingan Door to Door\r\n* Mengunjungi UMKM seacara langsung\r\n*Memberikan edukasi mengenai pentingnya digitalisasi dalam pemasaraproduk.\r\n* Mengidentifikasi kebutuhan digital masing masing UMKM.\r\n \r\n3. Impelementasi Digitalisasi\r\n \r\n* Pembuatan akun bisnis pada media sosial.\r\n* pembuatan logo dan desain kemasan menggunakan canva.\r\n* Praktik membuat desain promosi sederhana menggunakan Canva.\r\n* Pembuatan banner untuk mendukung produk umkm\r\n \r\n4. Pendampingan dan Evaluasi\r\n* Memastikan pelaku UMKM dapat menggunakan media digital yang telah dibuat.\r\n*memberikan masukan mengenai pengelolaan media social dan pemasaran digital secara berkelanjutan.\r\n*Dokumentasi hasil pendampingan dan evaluasi singkat terhadap pemahaman pelaku UMKM.', 'Pelaku UMKM Desa Luwunggede, Ibu rumah tangga yang memiliki usaha rumahan, Pemuda desa yang terlibat dalam kegiatan usaha atau kewirausahaan', 'Terdata 1-5 UMKM sebagai peserta dampingan * Minimal 80% peserta memahami manfaat media digital untuk pengembangan usaha. * Peserta mampu membuat akun media sosial bisnis atau mengoptimalkan akun yang sudah dimiliki. * Peserta mampu membuat konten promosi sederhana menggunakan Canva. * Terbentuknya UMKM yang lebih adaptif terhadap perkembangan teknologi digital. * Pelaku UMKM mampu mengunggah dan mempromosikannya secara mandiri melalui digital. *Tersusunnya dokumentasi hasil pendampigan berupa foto kegiatan dan hail implementasiya berupa kegiatan digitalisasi pada UMKM', NULL, '2026-06-29 09:31:39', '2026-07-19 15:00:24'),
(272, 188, 'Pembuatan peta interaktif menggunakan Quantum GIS', 'Membuat peta interaktif menggunakan QGIS dengan kasus² tertentu yang ada di desa krasak.', 'Pemerintah desa, masyarakat.', 'Peta Interaktif', NULL, '2026-06-29 09:39:29', '2026-06-29 09:39:29'),
(273, 237, 'Fun Financial Literacy Sejak Dini', 'Mengenalkan konsep dasar keuangan (uang, menabung, kebutuhan vs keinginan) kepada anak-anak sejak usia dini, Menumbuhkan kebiasaan gemar menabung sejak dini dengan cara yang interaktif dan menyenangkan.', 'Anak-anak usia sekolah dasar (SD/MI)', '(Target > 25 anak).', NULL, '2026-06-29 09:45:27', '2026-06-29 09:45:27'),
(274, 134, 'Optimalisasi Pengetahuan Gizi pada 1000 Hari Pertama Kehidupan (1000 HPK) sebagai Upaya Pencegahan Masalah Gizi pada Ibu Hamil serta Balita', 'Kegiatan ini dilaksanakan dalam bentuk edukasi gizi. Pelaksanaannya dapat dilakukan dengan mengikuti jadwal posyandu di desa penyalahan atau sumbarang. Kegiatan ini bertujuan untuk :\r\n1. Mengoptimalkan pengetahuan masyarakat mengenai pentingnya 1000 HPK.\r\n2. Meningkatkan pemahaman ibu hamil dan ibu balita tentang masalah gizi dan pencegahannya.\r\n3. Mendukung upaya pencegahan masalah gizi pada ibu hamil dan balita melalui edukasi gizi.', 'Ibu hamil, Ibu yang memiliki balita, Kader posyandu (jika memungkinkan).', 'Terlaksananya kegiatan edukasi gizi, tersedianya media edukasi (leaflet/poster), meningkatnya pengetahuan peserta mengenai 1000 HPK dan pencegahan masalah gizi, laporan kegiatan.', NULL, '2026-06-29 11:13:21', '2026-06-29 11:13:21'),
(275, 250, 'Edukasi Pemanfaatan limbah organik dan non organik serta manfaatnya untuk anak sd/smp', 'Memberikan pemahaman, kesadaran dan kemanfaatan dari edukasi limbah organik dan non organik', 'Sd dan smp', 'Pupuk', NULL, '2026-06-29 11:22:35', '2026-06-29 11:22:35'),
(276, 263, 'Pelatihan digital marketing (penjualan online melalui aplikasi)', 'pelatihan kepada UMKM desa pasar batang agar bisa penjualan online melalui aplikasi/ sosial media', '10 UMKM di desa pasar batang', 'produk makanan', NULL, '2026-06-29 12:11:07', '2026-06-29 12:11:07'),
(277, 202, 'Pelatihan dasar Microsoft office word dan excel pada siswa SD', 'Memperkenalkan penggunaan Microsoft office word dan excel dalam menyusun dokumen dan melatih logika berfikir sistematis siswa', 'Siswa siswi sd 1 kelas', 'Penilaian hasil praktik siswa, pengamatan kreatifitas peserta, Dan refleksi bersama untuk mengetahui capaian keterampilan yang diperoleh', NULL, '2026-06-29 12:13:13', '2026-06-29 12:13:13'),
(278, 109, 'Pembuatan Website Resmi Desa Penyalahan', 'Kegiatan ini bertujuan membuat website resmi Desa Penyalahan sebagai media penyebaran informasi dan pelayanan kepada masyarakat. Pelaksanaan dilakukan melalui perancangan tampilan, penyusunan dan pengelolaan konten, penginputan data desa, serta pengujian website agar dapat digunakan dengan baik. Dengan adanya website ini diharapkan informasi desa dapat diakses dengan lebih mudah, cepat, dan luas oleh masyarakat.', 'Pemerintah Desa Penyalahan dan masyarakat Desa Penyalahan.', 'Website resmi Desa Penyalahan yang dapat digunakan sebagai media informasi dan pelayanan desa.', NULL, '2026-06-29 12:21:12', '2026-06-29 12:21:12'),
(279, 264, 'Smart Design: Pelatihan Desain Grafis Kreatif Menggunakan Smartphone untuk Generasi Digital', 'Program ini bertujuan memberikan pelatihan dasar desain grafis kepada peserta dengan memanfaatkan smartphone sebagai media utama. Kegiatan dilaksanakan melalui penyampaian materi mengenai prinsip dasar desain, pengenalan aplikasi Canva, praktik pembuatan poster dan konten media sosial, serta pendampingan secara langsung. Melalui pelatihan ini, peserta diharapkan mampu menghasilkan desain yang menarik untuk kebutuhan sekolah, organisasi, maupun promosi usaha sehingga dapat meningkatkan kreativitas dan keterampilan digital.', 'Siswa kelas V–VI SD, siswa SMP, dan pemuda desa yang memiliki smartphone serta berminat mempelajari desain grafis dasar.', 'Modul atau materi pelatihan desain grafis sederhana. Hasil karya desain digital dari setiap peserta. Meningkatnya keterampilan peserta dalam membuat desain menggunakan smartphone. Dokumentasi kegiatan dan publikasi pada media sosial KKN.', NULL, '2026-06-29 12:31:14', '2026-06-29 12:31:14'),
(280, 119, 'Pelatihan Coding Dasar (HTML & CSS) untuk Pelajar SMP/SMA', 'Mengajari Murid SMP/SMA mengenai Coding Dasar (HTML & CSS), dengan cara mempresentasikan dan menjelaskan Langkah-langkah dasar dari codingan HTML & CSS, dan dengan ada nya pengajaran pelatihan Coding dasar ini, berharap murid dapat mengerti apa itu coding, dan ada ketertarikan terhadap coding', 'Murid SMP/SMA/SMK Di kecamatan BABAKAN', 'Modul Pelatihan', NULL, '2026-06-29 12:54:06', '2026-07-05 09:47:17'),
(281, 249, 'Pemberantasan Cyberbullying & Internet Sehat', 'tingginya intensitas penggunaan internet pada anak usia sekolah ini tidak dibarengi dengan pemahaman yang cukup mengenai literasi digital dan keamanan siber (cyber security). Banyak anak SD yang secara tidak sadar membagikan informasi pribadi yang bersifat sensitif di kolom komentar atau profil publik mereka, seperti nama lengkap, alamat rumah, nomor telepon, hingga nama sekolah. Sosialisasi dan persiapan kegiatan. \r\nPemutaran Video Animasi\r\nPenyusunan Materi\r\nPenyampaian Materi & Diskusi\r\nEvaluasi dan dokumentasi kegiatan.', 'Siswa-Siswi Kelas Atas Sekolah Dasar (Kelas 4, 5, dan 6) , Komunitas Sekolah (Guru dan Wali Kelas) , Anak-anak usia di bawah umur , siswa/siswi SMP.', 'Peserta mampu menggunakan internet atau sosialmedia dengan sehat.   Meningkatnya pemahaman literasi digital dan keamanan siber (cyber security) untuk usia dini   Tersusunnya laporan dan dokumentasi kegiatan.', NULL, '2026-06-29 14:23:58', '2026-06-29 14:23:58'),
(283, 20, 'Digitalisasi UMKM desa: pelatihan pembuatan katalog praktis via WhatsApp business', 'Program ini fokus pada peningkatan kapasitas digital pelaku UMKM lokal melalui pelatihan intensif pemanfaatan fitur Katalog pada aplikasi WhatsApp Business.. Dengan tujuan meningkatkan pemahaman pelaku UMKM di Desa Babakan Gebang mengenai pentingnya digitalisasi dan pemasaran online, Memberikan keterampilan teknis secara langsung kepada pelaku UMKM dalam membuat dan mengelola katalog produk di aplikasi WhatsApp Business, membantu profesionalitas tampilan usaha UMKM desa agar lebih menarik minat konsumen luar daerah.\r\n1.	  Persiapan: Memetakan lokasi UMKM desa dan menyiapkan jadwal kunjungan serta buku saku panduan.\r\n2.	  Eksekusi (Kunjungan): Mendatangi rumah warga untuk migrasi ke WhatsApp Business, membantu foto produk di tempat, dan mengisi fitur katalog.\r\n3.	  Uji Coba: Simulasi transaksi dan meminta warga praktik input produk mandiri agar langsung paham.\r\n4.	  Monitoring:Memantau perkembangan katalog warga dan mengecek kendala via chat berkala setelah kunjungan.\r\n\r\nHasil yang Diharapkan\r\nKemandirian Digital: peserta pelatihan berhasil membuat katalog produk mereka sendiri di WhatsApp Business, Pemasaran yang Efisien:Pelaku UMKM tidak perlu lagi mengirimkan foto produk satu per satu secara manual kepada konsumen, sehingga menghemat waktu dan meminimalkan salah komunikasi mengenai harga atau stok, Peningkatan Citra Usaha: UMKM desa memiliki tampilan visual produk yang lebih profesional, terstruktur, dan tepercaya, yang berpotensi memperluas jangkauan pasar hingga ke luar daerah.', 'Pelaku UMKM  yang ada di desa babakan gebang', 'Terbentuknya minimal 5 akun WhatsApp Business baru yang dilengkapi dengan fitur katalog aktif berisi produk dari masing-masing UMKM, serta 1 buah Modul Cetak Panduan Praktis.', NULL, '2026-06-29 16:24:32', '2026-06-29 16:29:11'),
(284, 229, 'Pembuatan Website Profil Wisata Pantai Imut Jongor sebagai Media Promosi Digital', 'Melaksanakan observasi dan wawancara dengan pengelola Pantai Imut Jongor untuk mengidentifikasi kebutuhan informasi wisata. Selanjutnya merancang dan membangun website profil wisata yang memuat informasi mengenai profil pantai, galeri, fasilitas, lokasi, berita, dan kontak. Website ini bertujuan menjadi media promosi digital yang dapat membantu meningkatkan penyebaran informasi dan daya tarik wisata Pantai Imut Jongor.', 'Pengelola Pantai Imut Jongor, serta masyarakat dan calon wisatawan.', 'Website Profil Wisata Pantai Imut Jongor yang dapat digunakan sebagai media promosi digital, lengkap dengan dashboard admin untuk mengelola informasi wisata dan panduan penggunaan website.', NULL, '2026-06-29 20:09:48', '2026-07-12 21:14:40'),
(285, 265, 'Pembuattan Website Profil dan Sistem Informasi Layanan Desa Sumbarang.', 'Kegiatan ini bertujuan untuk melakukan digitalisasi administrasi dan informasi di Desa Sumbarang. Langkah pertama adalah pengumpulan data profil desa, potensi UMKM, dan syarat layanan surat-menyurat dari perangkat desa. Selanjutnya, saya akan membangun website berbasis web-statis yang modern dan responsif untuk menampilkan informasi desa serta menyediakan fitur pengajuan surat secara daring melalui integrasi WhatsApp. Website ini akan dioptimalkan agar mudah diakses warga melalui perangkat seluler. Hasil yang diharapkan adalah terciptanya platform informasi resmi desa yang meningkatkan transparansi, memudahkan warga dalam mengakses layanan administrasi, serta mempromosikan potensi UMKM lokal secara lebih luas.', 'Seluruh warga Desa Sumbarang, perangkat desa, serta pelaku UMKM di Desa Sumbarang.', 'Website resmi Desa Sumbarang yang online dan peningkatan efisiensi akses layanan administrasi bagi warga.', NULL, '2026-06-30 16:14:15', '2026-06-30 16:14:15'),
(286, 201, 'Pengelolaan pojok baca di sekolah dasar', 'Pojok baca di sekolah dasar merupakan fasilitas literasi yang menyediakan berbagai buku bacaan edukatif dan menarik bagi siswa. Keberadaannya bertujuan menumbuhkan minat baca, meningkatkan kemampuan literasi, memperluas wawasan, serta membiasakan peserta didik membaca sejak dini. Pojok baca juga menciptakan suasana belajar yang nyaman, menyenangkan, dan inspiratif.', 'SD', 'Dokumentasi/laporan', NULL, '2026-06-30 16:24:08', '2026-06-30 16:24:08'),
(287, 190, 'Pelatihan Dasar Microsoft Word untuk Meningkatkan Literasi Digital  pada siswa SMP', 'Kegiatan \"Pelatihan Dasar Microsoft Word untuk Meningkatkan Literasi Digital Siswa SMP\" merupakan program yang bertujuan membekali siswa dengan keterampilan dasar dalam menggunakan Microsoft Word. Pelatihan meliputi pengenalan antarmuka aplikasi, cara membuat dan mengedit dokumen sederhana, mengatur format teks, menyisipkan gambar, serta menyimpan dokumen. Kegiatan dilaksanakan melalui penyampaian materi, demonstrasi, dan praktik langsung agar siswa dapat memahami serta menguasai penggunaan Microsoft Word sebagai bekal mendukung proses belajar dan meningkatkan literasi digital.', 'SMP kelas  7', 'Siswa mampu mengoperasikan Microsoft Word, mengedit, dan menyimpan dokumen sendiri,Meningkatnya keterampilan literasi digital siswa dalam penggunaan aplikasi pengolah kata.', NULL, '2026-06-30 21:51:23', '2026-06-30 22:57:53'),
(289, 146, 'Pelatihan Literasi Digital untuk Siswa Kelas 6 SD Kalirahayu', 'Program Pelatihan Literasi Digital untuk Siswa Kelas 6 SD Kalirahayu bertujuan meningkatkan pemahaman siswa dalam menggunakan internet dan media digital secara aman, bijak, dan bertanggung jawab. Materi meliputi dasar literasi digital, keamanan data pribadi, etika bermedia sosial, serta pengenalan hoaks dan konten negatif. Pelaksanaan dimulai dengan observasi dan koordinasi bersama pihak sekolah, dilanjutkan penyusunan materi berupa presentasi, modul, dan poster edukasi. Kegiatan dilakukan melalui penyampaian materi interaktif, diskusi, tanya jawab, serta kuis. Hasil yang diharapkan adalah siswa lebih paham literasi digital, mampu menjaga data pribadi, dan menggunakan internet secara positif.', 'Siswa - siswi kelas 6 SD Kalirahayu', 'Terlaksananya pelatihan literasi digital untuk siswa kelas 6, pemahaman tentang literasi digital meningkat, memahami pentingnya keamanan data pribadi dan kewaspadaan terhadap berita hoaks, 1 modul/booklet dan 1 poster edukasi.', NULL, '2026-06-30 21:59:08', '2026-07-01 19:15:52'),
(290, 211, 'Edukasi Ibu Balita Sadar Gizi dan Demo Masak Makanan Tambahan Berbahan Pangan Lokal di Desa Kalirahayu, Kecamatan Losari, Kabupaten Cirebon', 'Program Edukasi Ibu Balita Sadar Gizi dan Demo Masak Makanan Tambahan Berbahan Pangan Lokal di Desa Kalirahayu bertujuan meningkatkan pengetahuan dan keterampilan ibu balita dalam memenuhi kebutuhan gizi anak. Kegiatan dilaksanakan melalui penyuluhan mengenai gizi seimbang, pencegahan stunting, serta demonstrasi pembuatan makanan tambahan (PMT) berbahan pangan lokal yang mudah diperoleh. Melalui program ini diharapkan ibu balita mampu menerapkan pemberian makanan bergizi secara mandiri, memanfaatkan potensi pangan lokal, serta mendukung pertumbuhan dan perkembangan balita secara optimal untuk mencegah stunting.', '15-20 peserta yang terdiri dari ibu balita dan kader posyandu', 'terlaksananya 1 kali kegiata edukasi gizi dan demo masak kepada ibu balita dan kader posyandu mengenai gizi seimbang dan pencegahan stunting serta tersusunnya 1 buku menu resep sederhana PMT berbahan pangan lokal dan terdistribusinya leaflet edukasi gizi kepada peserta sebagai bahan informasi', NULL, '2026-06-30 22:38:37', '2026-06-30 22:38:37'),
(291, 260, 'KANCIL ALAM(Kreasi Anak Cilik Kolase Budaya dari Bahan Alam)', 'Program ini dirancang sebagai wadah edukasi seni yang ramah lingkungan (eco-friendly) sekaligus media pengenalan budaya nusantara sejak dini. Melalui teknik menempel (kolase) berpola rumah adat atau pakaian adat, siswa tidak hanya dilatih kemampuan spasial dan motorik halusnya, tetapi juga distimulasi untuk mengenal dan mencintai warisan budaya lokal dengan cara yang menyenangkan (fun learning) tanpa membebani finansial siswa maupun sekolah. anak-anak diberikan deskripsi dan contoh pengaplikasian proyek yg akan di buat lalu manfaat dan hasil dari proyek tersebut akan di pamerkan', 'anak kelas 3 sekolah dasar', 'kerajinan tangan (hiasan dinding) meningkatkan motorik anak dan melatih konsentrasi dan kesabaran anak-anak', NULL, '2026-06-30 23:54:43', '2026-06-30 23:54:43'),
(297, 61, 'Pendampingan Gerakan Literasi Berbasis Dongeng Lokal Desa Margasari Melalui Festival Mendongeng Anak', 'Mendampingi sekolah dan masyarakat dalam menyelenggarakan festival mendongeng sebagai bagian gerakan literasi, melibatkan guru, siswa, orang tua, pemerintah desa, dan pegiat literasi, serta menyusun rencana keberlanjutan program.', 'Sekolah dasar, perpustakaan.', 'Pojok Literasi Berbasis Dongeng', NULL, '2026-07-03 21:47:21', '2026-07-05 21:35:57'),
(298, 176, 'Promosi UMKM Melalui Media Massa untuk Meningkatkan Jangkauan Pemasaran Produk Lokal Desa', 'Program kerja ini bertujuan untuk membantu pelaku Usaha Mikro, Kecil, dan Menengah (UMKM) dalam meningkatkan jangkauan pemasaran melalui pemanfaatan media sosial, khususnya TikTok dan Facebook. Kegiatan yang dilakukan meliputi pendataan UMKM, pengambilan foto dan video produk, pembuatan konten promosi yang menarik, penyusunan caption yang informatif, serta publikasi konten pada akun TikTok dan Facebook milik UMKM atau media sosial desa.', 'Pelaku Usaha Mikro, Kecil, dan Menengah (UMKM) di desa lokasi KKN. UMKM yang belum memanfaatkan media sosial secara optimal sebagai sarana promosi. Masyarakat dan calon konsumen yang menjadi target pemasaran produk UMKM melalui TikTok dan Facebook.', 'Terdata UMKM yang menjadi sasaran program promosi. Terciptanya konten promosi berupa foto dan video produk yang menarik. Terunggahnya konten promosi pada akun TikTok dan Facebook milik UMKM atau media sosial desa. Meningkatnya eksposur dan jangkauan promosi produk UMKM di media sosial. Pelaku UMKM memiliki materi promosi digital yang dapat digunakan kembali untuk kegiatan pemasaran selanjutnya. Meningkatnya pengetahuan pelaku UMKM mengenai pemanfaatan TikTok dan Facebook sebagai media promosi digital.', NULL, '2026-07-04 13:52:07', '2026-07-04 13:52:07'),
(299, 83, 'Eksplorasi budidaya lele menggunakan galon sebagai media pembelajaran', 'Kegiatan ini bertujuan memberikan edukasi dan praktik budidaya ikan lele menggunakan galon bekas sebagai media pembelajaran yang sederhana, hemat biaya, dan ramah lingkungan. Pelaksanaan dilakukan melalui penyuluhan, demonstrasi pembuatan media budidaya, penebaran benih, serta pendampingan perawatan lele. Melalui kegiatan ini diharapkan masyarakat mampu memahami teknik dasar budidaya lele skala rumah tangga dan dapat menerapkannya secara mandiri untuk meningkatkan ketahanan pangan maupun peluang usaha.', 'warga Desa Sumbarang (khususnya pemuda, pelajar, dan ibu rumah tangga', '1 unit media budidaya lele menggunakan galon bekas, peningkatan pengetahuan masyarakat tentang budidaya lele, dokumentasi kegiatan, serta panduan sederhana budidaya lele.', NULL, '2026-07-04 18:36:04', '2026-07-04 18:36:04'),
(300, 62, 'Penyusunan E-Modul Bank Media Pembelajaran Bahasa sebagai Sumber Belajar Literasi Berkelanjutan di Desa Banyumudal', 'Program ini berupa penyusunan E-Modul Bank Media Pembelajaran Bahasa yang berisi kumpulan media pembelajaran bahasa, panduan pelaksanaan, serta instrumen pre-test dan post-test untuk mengukur peningkatan kemampuan bahasa anak. Instrumen evaluasi mencakup aspek menyimak, kosakata, berbicara, dan menceritakan kembali isi cerita. E-modul disusun sebagai sumber belajar digital yang dapat dimanfaatkan secara berkelanjutan oleh guru, orang tua, dan relawan literasi di Desa Banyumudal.', 'Pengelola perpustakaan atau pojok desa', 'Tersusunnya 1 E-Modul Bank Media Pembelajaran Bahasa yang sistematis dan mudah digunakan, E-Modul Bank Media Pembelajaran Bahasa dalam format digital (PDF) yang berisi kumpulan media pembelajaran bahasa beserta panduan penggunaannya', NULL, '2026-07-05 08:17:05', '2026-07-05 08:17:05'),
(301, 118, 'Optimalisasi Promosi dan Branding Digital Pantai Imut Jongor,Desa Mundu Pesisir', 'Program \"Pantai Imut Go Viral\" merupakan program dan branding digital Pantai Imut Jongor,Desa Mundu Pesisir,yang dilaksanakan selama 5 hari.Kegiatan meliputi observasi lokasi,pembuatan akun media sosial (Instagram dan TikTok),pendaftaran Google Maps/Google Business,produksi konten foto dan vidio kreatif,serta pelatihan pengelolaan akun kepada pemuda setempat.Program dilaksanakan secara langsung di lapangan dengan pendekatan praktis berbasis potensi lokal.Hasil yang diharapkan adalah meningkatnya visibilitas Pantai Imut Jongor secara digital,bertambahnya jumlah pengunjung,serta terbentuknya kemandirian pengelolaan dalam meneruskan promosi digital secara berkelanjutan.', 'Pengelola atau perangkat desa yang bertanggung jawab atas wisata Pantai Imut Jongor', 'Akun media sosial resmi Pantai Imut Jongor (Instagram dan TikTok) yang aktif dan terisi konten', NULL, '2026-07-05 10:23:07', '2026-07-05 10:23:07');
INSERT INTO `kkn_proker_individu` (`id`, `mahasiswa_id`, `judul`, `deskripsi`, `target`, `target_luaran`, `sasaran`, `created_at`, `updated_at`) VALUES
(303, 230, 'Sosialisasi dan Pendampingan Pembuatan QRIS sebagai Upaya Digitalisasi Sistem Pembayaran pada UMKM Desa', 'Program kerja “Sosialisasi dan Pendampingan Pembuatan QRIS sebagai Upaya Digitalisasi Sistem Pembayaran pada UMKM Desa” bertujuan untuk meningkatkan pemahaman dan kemampuan pelaku UMKM dalam memanfaatkan Quick Response Code Indonesian Standard (QRIS) sebagai metode pembayaran digital. Kegiatan ini meliputi penyampaian materi mengenai manfaat dan cara penggunaan QRIS, serta pendampingan langsung dalam proses pendaftaran hingga QRIS siap digunakan. Melalui program ini, diharapkan pelaku UMKM dapat mengadopsi sistem pembayaran non-tunai secara lebih mudah, meningkatkan kualitas pelayanan kepada konsumen, serta mendukung percepatan digitalisasi dan daya saing UMKM di tingkat desa.', '1-5 Pelaku UMKM', 'Meningkatnya pemahaman dan literasi digital pelaku UMKM terkait manfaat, fungsi, dan penggunaan QRIS sebagai metode pembayaran non-tunai, dokumentasi kegiatan sosialisasi, dokumentasi pendampingan pembuatan qris untuk beberapa UMKM.', NULL, '2026-07-05 17:38:45', '2026-07-12 13:00:52'),
(304, 238, 'pembelajaran ekonomi dasar mengenal uang rupiah sejak dini', 'Mengenalkan uang sejak dini merupakan langkah penting dalam membentuk kebiasaan finansial yang baik pada anak. Di era modern, anak-anak semakin sering berinteraksi dengan berbagai bentuk transaksi, baik secara tunai maupun digital. Oleh karena itu, mereka perlu memahami fungsi uang, cara memperoleh uang, serta pentingnya menggunakannya secara bijaksana.\r\nPendidikan tentang uang sejak usia dini dapat membantu anak belajar membedakan antara kebutuhan dan keinginan, melatih kebiasaan menabung, serta menumbuhkan sikap tanggung jawab dalam mengelola uang. Pengetahuan ini juga menjadi bekal agar anak mampu membuat keputusan keuangan yang tepat di masa depan.\r\nDengan memberikan pemahaman mengenai nilai uang melalui kegiatan sederhana, seperti menabung, berbelanja sesuai anggaran, atau mengenal berbagai jenis mata uang, anak dapat mengembangkan keterampilan mengelola keuangan secara bertahap. Oleh karena itu, pengenalan uang sejak dini menjadi bagian penting dalam pendidikan karakter dan kecakapan hidup yang bermanfaat hingga dewasa.', 'Anak sekolah sd', 'Anak memahami nilai uang dan mampu mengelola uang secara bijaksana sejak dini.', NULL, '2026-07-05 17:39:20', '2026-07-05 17:39:20'),
(306, 192, 'Pengembangan media literasi berbasis dongeng', 'Merancang media literasi berbasis dongeng berupa ilustrasi buku, lembar aktivitas membaca, dan permainan literasi yang menarik, edukatif, serta sesuai dengan karakteristik siswa sekolah dasar sebagai media pendukung kegiatan literasi.', 'Siswa SD (± 20 siswa)', 'Tersusunnya satu paket media literasi berbasis dongeng dalam bentuk cetak dan digital yang terdiri atas ilustrasi buku dongeng, lembar aktivitas membaca, dan permainan literasi yang siap dimanfaatkan dalam kegiatan literasi siswa SD.', NULL, '2026-07-05 20:16:48', '2026-07-05 20:16:48'),
(307, 279, 'Literasi Digital Dengan Tema Hardware', 'Memberikan pemahan bagi mereka yang belum mengenal gadget lebih dalam lagi khususnya mengenai Hardware, serta ingin memuncuklan minat dan bakat masing - masing', 'Siswa Siswi Sekolah Dasar ( SD )', 'Membantu tiap – tiap individu dalam menggunakan perangkat pintar. Dan dapat memberikan pemahaman lebih tentang perkembangan zaman, khususnya di bagian ilmu computer atau perangkat pintar lainya.', NULL, '2026-07-05 21:17:26', '2026-07-05 21:17:26'),
(308, 279, 'Literasi Digital Mengenai Hardware', 'Memberikan pemahaman kepada siswa siswi tentang apa itu perangkat keras (Hardware)', 'Siswa siswi sekolah dasar ( SD ) kelas 5 / 6', 'Membantu tiap – tiap individu dalam menggunakan perangkat pintar. Dan dapat memberikan pemahaman lebih tentang perkembangan zaman, khususnya di bagian ilmu computer atau perangkat pintar lainya. Dengan cara memberikan beberapa pertanyaan untuk merekap nilai dari masing-masing siswa di dalam kelas.', NULL, '2026-07-05 21:23:29', '2026-07-05 21:23:29'),
(309, 79, 'Pengembangan Dongeng Anak Berbasis Potensi Lokal Desa Margasari sebagai Upaya Penguatan Literasi dan Pelestarian Kearifan Lokal', 'Mengidentifikasi potensi lokal Desa Margasari melalui observasi dan wawancara, menyusun naskah dongeng, melakukan validasi dengan ahli dan tokoh masyarakat, serta menyusun buku dongeng anak berbasis potensi lokal. Selain itu menyosialisasikan dongeng.', 'Pemerintah desa, tokoh masyarakat, guru, dan siswa SD.', 'Buku dongeng berbasis potensi lokal atau e-book dongeng Ber-ISBN', NULL, '2026-07-05 21:28:03', '2026-07-05 21:30:13'),
(310, 140, 'Pendampingan Pemanfaatan Dongeng Berbasis Potensi Lokal Desa Margasari sebagai Media Pembelajaran di Sekolah Dasar', 'Mendampingi guru dalam memanfaatkan buku dongeng sebagai media pembelajaran melalui sosialisasi, pelatihan, praktik pembelajaran, dan evaluasi.', 'Guru dan siswa sekolah dasar di Desa Margasari.', 'Panduan pemanfaatan dongeng dan atau perangkat pembelajaran.', NULL, '2026-07-05 21:28:37', '2026-07-05 21:28:37'),
(311, 140, 'Pendampingan Pemanfaatan Dongeng Berbasis Potensi Lokal Desa Margasari sebagai Media Pembelajaran di Sekolah Dasar', 'Mendampingi guru dalam memanfaatkan buku dongeng sebagai media pembelajaran melalui sosialisasi, pelatihan, praktik pembelajaran, dan evaluasi.', 'Guru dan siswa sekolah dasar di Desa Margasari.', 'Panduan pemanfaatan dongeng dan atau perangkat pembelajaran.', NULL, '2026-07-05 21:28:39', '2026-07-05 21:28:39'),
(312, 140, 'Pendampingan Pemanfaatan Dongeng Berbasis Potensi Lokal Desa Margasari sebagai Media Pembelajaran di Sekolah Dasar', 'Mendampingi guru dalam memanfaatkan buku dongeng sebagai media pembelajaran melalui sosialisasi, pelatihan, praktik pembelajaran, dan evaluasi.', 'Guru dan siswa sekolah dasar di Desa Margasari.', 'Panduan pemanfaatan dongeng dan atau perangkat pembelajaran.', NULL, '2026-07-05 21:28:44', '2026-07-05 21:28:44'),
(313, 148, 'Pembuatan Media Pembelajaran Animasi Berbasis Dongeng Lokal Menggunakan Teknologi AI di Desa Dukuh Tengah', 'Pemanfaatan teknologi multimedia sebagai sarana edukasi di Desa Dukuh Tengah masih sangat konvensional, di saat digitalisasi kebudayaan seperti pelestarian dongeng lokal sangat mendesak agar tidak terlupakan oleh generasi muda. Di sisi lain, pembuatan animasi secara tradisional membutuhkan waktu, tenaga, dan perangkat keras yang sangat besar. Sebagai mahasiswa Teknik Informatika, keterbatasan waktu program kerja lapangan dapat diatasi dengan memanfaatkan inovasi teknologi Generative AI (seperti AI image generator, AI text-to-speech, dan AI video generator). Melalui proker ini, teknologi AI diimplementasikan untuk mempercepat proses rendering, pembuatan aset visual, dan pengisian suara, sehingga menghasilkan media pembelajaran interaktif yang efisien, modern, namun tetap sarat akan nilai kearifan lokal Desa Dukuh Tengah.\r\n\r\nTujuan\r\n\r\nMenerapkan keilmuan Teknik Informatika dalam pemanfaatan Generative AI tools untuk efisiensi produksi konten multimedia edukatif.\r\n\r\nMelakukan digitalisasi dan preservasi cerita rakyat/dongeng lokal Desa Dukuh Tengah ke dalam format animasi modern secara cepat dan presisi.\r\n\r\nMenguji efektivitas dan kualitas visual media pembelajaran yang diproduksi menggunakan teknologi kecerdasan buatan (AI).\r\n\r\nMengenalkan potensi dan pemanfaatan positif teknologi AI kepada perangkat desa, guru, atau pemuda karang taruna setempat.\r\n\r\nSasaran\r\nAnak-anak usia sekolah (TK/SD), guru sekolah, pemuda Karang Taruna (sebagai pengenalan teknologi), dan perangkat Desa Dukuh Tengah.\r\n\r\nMetode/Tahapan\r\n\r\nPengumpulan Materi & Prompt Engineering: Mewawancarai tokoh desa untuk mendapatkan cerita asli, kemudian menyusun naskah dan merancang teks perintah (prompt) yang optimal untuk dimasukkan ke dalam sistem AI.\r\n\r\nGenerasi Aset Menggunakan AI (Pre-Production): Menggunakan alat AI untuk menghasilkan karakter dan latar belakang (misalnya Midjourney/Stable Diffusion) serta menghasilkan suara narasi (AI Voice Over/Text-to-Speech seperti ElevenLabs).\r\n\r\nSintesis & Kompilasi Animasi (Production): Menggerakkan aset gambar statis menggunakan AI video generator (misalnya Runway, Pika, atau Luma Dream Machine) dan menyatukannya dalam perangkat lunak editing video.\r\n\r\nUji Coba & Implementasi (Post-Production): Melakukan evaluasi kualitas visual hasil AI, menyelenggarakan pemutaran animasi interaktif di hadapan anak-anak desa, serta memberikan edukasi singkat mengenai cara kerja AI yang digunakan.\r\n\r\nEvaluasi & Penyerahan Produk: Menyusun laporan performa teknologi yang digunakan, mengukur pemahaman anak-anak terhadap konten dongeng, serta menyerahkan arsip video dan berkas prompt kepada pihak desa.\r\n\r\nOutput/Target\r\n\r\nVideo animasi dongeng lokal berdurasi edukatif yang diproduksi dan di-render mengandalkan teknologi AI.\r\n\r\nDokumentasi daftar prompt (perintah AI) dan tools yang digunakan sebagai panduan bagi karang taruna atau desa jika ingin memproduksi konten serupa secara mandiri.\r\n\r\nPublikasi video animasi di platform digital (YouTube/Google Drive desa) sebagai aset digital Desa Dukuh Tengah.\r\n\r\nLaporan program kerja individu mengenai implementasi praktis teknologi AI untuk pemberdayaan masyarakat.\r\n\r\nWaktu Pelaksanaan\r\n5 kali pertemuan (setiap hari Minggu).\r\n\r\nPertemuan 1: Riset dongeng lokal bersama tokoh masyarakat dan menentukan alat/platform AI yang paling optimal untuk digunakan.\r\n\r\nPertemuan 2: Tahap Prompting & Generating (pembuatan aset karakter, latar visual, dan audio narasi menggunakan tools AI).\r\n\r\nPertemuan 3: Tahap Kompilasi (proses menggerakkan gambar dengan AI video, sinkronisasi audio, dan final editing).\r\n\r\nPertemuan 4: Sosialisasi, pemutaran perdana (screening) bersama anak-anak, serta demonstrasi singkat pemanfaatan AI edukatif kepada guru/pemuda desa.\r\n\r\nPertemuan 5: Evaluasi respons belajar anak, penyerahan file master video beserta modul prompt, dan penyusunan laporan akhir.', 'Guru dan anak usia sekolah(TK/SD)', 'Video animasi', NULL, '2026-07-05 22:34:22', '2026-07-05 22:34:22'),
(314, 210, 'Pendampingan Pengelolaan Pojok Literasi Berbasis Dongeng Lokal Desa Margasari', 'Menata pojok literasi, menyediakan koleksi buku dan media animasi, menyusun sistem pengelolaan, serta mendampingi guru atau pengelola dalam mengelola pojok literasi secara berkelanjutan.', 'Sekolah dasar, Perpustakaan Desa, Guru dan Siswa', 'Pojok Literasi Berbasis Dongeng Lokal, panduan pengelolaan, administrasi peminjaman, buku e-book dan video animasi', NULL, '2026-07-05 23:02:25', '2026-07-05 23:02:25'),
(315, 19, 'Pendampingan Gerakan Literasi Berbasis Dongeng Lokal Desa Dukuh Tengah melalui Festival Mendongeng Anak', 'Mendampingi sekolah dan masyarakat dalam menyelenggarakan festival mendongeng sebagai bagian dari gerakan literasi, melibatkan guru, siswa, orang tua, pemerintah desa, dan pegiat literasi, serta menyusun rencana keberlanjutan program.', 'Siswa, guru, orang tua, pemerintah desa, PKK, Karang Taruna, dan masyarakat Desa Dukuh Tengah', 'Festival mendongeng, terbentuknya gerakan literasi berbasis dongeng lokal, komitmen keberlanjutan program dan laporan evaluasi', NULL, '2026-07-05 23:04:13', '2026-07-05 23:04:13'),
(316, 94, 'Pengembangan dongeng anak berbasis potensi lokal desa dukuh tengah sebagai upaya penguatan literasi dan pelestarian kearifan lokal', 'Mengidentifikasi potensi lokal desa dukuh tengah melalui observasi dan wawancara, menyusun naskah dongeng, melakukan validasi dengan ahli dan tokoh masyarakat, serta menyusun buku dongeng anak berbasis potensi lokal. Selain itu mensosialisasikan dongeng.', 'Pemerintah desa, tokoh masyarakat, guru, dan siswa SD', 'Buku dongeng berbasis potensi loksl atau e-book dongeng Ber-ISBM', NULL, '2026-07-05 23:07:53', '2026-07-05 23:07:53'),
(317, 215, 'Pendampingan Pemanfaatan Dongeng Berbasis Potensi Lokal Desa Dukuh Tengah sebagai Media Pembelajaran di Sekolah Dasar', 'Mendampingi guru dalam memanfaatkan buku dongeng sebagai media pembelajaran melalui sosialisasi, pelatihan, praktik pembelajaran, dan evaluasi.\r\nMeningkatkan kompetensi guru dalam menggunakan dongeng sebagai media pembelajaran yang kontekstual dan menarik.', 'Guru dan siswa sekolah dasar di Desa Dukuh Tengah', 'Panduan pemanfaatan dongeng dan atau perangkat pembelajaran,', NULL, '2026-07-05 23:11:01', '2026-07-05 23:11:01'),
(318, 253, 'Pemetaan Kerusakan Jalan Desa', 'Melakukan Pendataan Jalan Desa Agar Bisa Di ketahui Kebutuhan Fasilitas Penunjang Jalan Desa', 'Melakukan survei Jalan Desa', 'Mengetahui kerusakan dan kekerangan Fasilitas penunjang jalan desa', NULL, '2026-07-11 07:35:08', '2026-07-11 07:38:37'),
(320, 49, 'Edukasi privasi online keamanan kata sandi dan pencegahan penipuan online', 'Meningkatkan pemahaman peserta tentang pentingnya melindungi data pribadi di dunia maya, cara membuat dan mengelola kata sandi yang aman', 'Anak pelajar Pengguna media sosial aktif yang sering kurang waspada terhadap data pribadi', 'Peserta memahami pentingnya menjaga data pribadi dan cara mengatur privasi akun media sosial', NULL, '2026-07-11 09:38:43', '2026-07-11 09:38:43'),
(321, 258, 'Pendampingan Penggunaan Aplikasi Digital untuk Meningkatkan Pengelolaan dan Monitoring Usaha UMKM', 'Program kerja ini bertujuan untuk membantu UMKM beradaptasi dengan perkembangan teknologi melalui pemanfaatan aplikasi digital dalam pengelolaan usaha. Kegiatan diawali dengan mengidentifikasi kebutuhan UMKM dan melakukan observasi terhadap sistem pencatatan yang selama ini digunakan. Selanjutnya, peserta akan mendampingi UMKM dalam memilih dan menginstal aplikasi yang sesuai, seperti aplikasi kasir atau pencatatan keuangan.\r\nSetelah aplikasi terpasang, pelaku UMKM akan diberikan pelatihan mengenai cara mencatat transaksi penjualan, pengeluaran, mengelola stok barang, serta memantau omzet dan laba melalui aplikasi. Pendampingan dilakukan hingga pelaku usaha mampu menggunakan aplikasi secara mandiri dalam kegiatan operasional sehari-hari.\r\nMelalui program ini, diharapkan UMKM dapat mengelola usahanya dengan lebih efektif, memperoleh data usaha yang lebih akurat, serta memantau perkembangan bisnis secara mudah melalui smartphone sehingga dapat mendukung pengambilan keputusan dan meningkatkan daya saing usaha.', '1 pelaku UMKM', 'UMKM dapat memantau omzet, laba/rugi, arus kas, dan stok barang melalui aplikasi.', NULL, '2026-07-11 09:56:32', '2026-07-16 14:08:39'),
(322, 212, 'Sosialisasi bahaya nya penggunaan hp berlebihan pada anak sekolah dasar', '​1. Sesi Pembukaan & Ice Breaking (15 Menit) ​Registrasi peserta (siswa dan orang tua/guru). ​Pembukaan oleh MC dan sambutan dari Kepala Sekolah. ​Ice breaking singkat (game interaktif tanpa HP) untuk menarik perhatian siswa dan mencairkan suasana. \r\n​2. Sarian Materi Utama (30 Menit) Penyampaian materi oleh psikolog anak atau praktisi pendidikan menggunakan media visual yang menarik (animasi/komik) agar mudah dipahami anak-anak. Materi meliputi: ​\r\nDampak Fisik: Kerusakan mata (radiasi), kurang tidur, dan gangguan postur tubuh.\r\n ​Dampak Mental & Sosial: Penurunan konsentrasi belajar, kecanduan (game/medsos), serta berkurangnya interaksi sosial di dunia nyata.\r\n ​Bahaya Digital: Paparan konten negatif (kekerasan/pornografi) dan cyberbullying.\r\n ​3. Pemutaran Video Edukasi & Simulasi (15 Menit) ​Menampilkan video pendek tentang perbedaan kehidupan anak yang kecanduan HP vs anak yang aktif bermain di luar rumah. ​\r\nSimulasi interaktif: Mengajak anak-anak menghitung berapa jam waktu yang terbuang sia-sia hanya untuk menatap layar HP dalam sehari.\r\n ​4. Sesi Diskusi & Komitmen Bersama (20 Menit) ​Tanya jawab antara pemateri, siswa, dan orang tua. ​Penyusunan \"Kontrak Digital Keluarga\" (kesepakatan antara anak dan orang tua mengenai batasan jam bermain HP, misalnya maksimal 1 jam sehari setelah belajar). ​\r\n5. Penutup & Deklarasi \"Bebas HP saat Sekolah\" (10 Menit) ​Foto bersama sambil membawa poster kampanye bijak gadget. ​Pembagian souvenir berupa buku cerita atau mainan edukatif tradisional sebagai alternatif hiburan di rumah.', 'SD Kelas tinggi', 'Meningkatkan kesadaran/ kewaspadaan anak sekolah dasar pada hal penggunaan hp yang memiliki dampak negatif jika di gunakan secara berlebihan dan tidak bijak', NULL, '2026-07-11 14:37:25', '2026-07-11 14:37:25'),
(323, 26, 'Pelaksanaan gerakan literasi anak dipojok baca desa dukuh tengah', '1. Sosialisasi gerakan literasi anak \r\n2. Membaca bersama di perpustakaan desa\r\n3. storytelling', 'Anak-anak usia 6-12 tahun (SD)', 'Terbentuknya gerakan literasi anak yang aktif di perpustakaan desa', NULL, '2026-07-11 21:22:12', '2026-07-11 21:22:12'),
(324, 44, 'Pelatihan Digitalisasi Pemasaran UMKM Berbasis  WhatsApp Business dan Sosial  media', 'Desa ini memiliki potensi UMKM yang cukup beragam, terutama \r\nproduk olahan makanan dan kerajinan, namun pemasarannya masih \r\nterbatas pada lingkup sekitar dan mengandalkan komunikasi \r\nWhatsApp pribadi serta informasi dari mulut ke mulut. Akibatnya, \r\njangkauan pembeli sulit berkembang ke luar wilayah desa, padahal \r\npotensi pasar produk tersebut cukup besar apabila dikenal lebih luas. \r\nSelain itu, sebagian pelaku UMKM belum terbiasa memanfaatkan \r\nmedia sosial dan WhatsApp Business sebagai sarana promosi yang \r\nlebih profesional. Oleh karena itu, diperlukan pendampingan \r\ndigitalisasi pemasaran berupa pembuatan akun WhatsApp Business \r\ndan konten promosi di media sosial, sehingga produk UMKM dapat \r\ndikenal oleh lebih banyak calon pembeli sekaligus mendukung \r\nkemandirian pelaku usaha dalam memasarkan produknya secara \r\nberkelanjutan.', 'Pelaku UMKM di desa, khususnya yang bergerak di bidang produk  olahan makanan dan kerajinan, dengan jumlah sasaran 3-5 pelaku  usaha.', 'Pembelajaran mengenai wa bisnis dan akun instagram untuk memasarkan produk', NULL, '2026-07-12 16:33:42', '2026-07-12 16:33:42'),
(325, 15, 'Pendampingan Akses Permodalan Perbankan bagi UMKM untuk Mendukung Ekonomi Desa yang Mandiri dan Berdaya Saing', 'Mahasiswa KKN memberikan pendampingan kepada pemilik UMKM tentang cara mendapatkan modal dari bank. Kegiatan ini mencakup penyuluhan tentang produk pembiayaan, penjelasan tentang syarat dan cara mengajukan pinjaman, serta membantu menyiapkan dokumen yang dibutuhkan.\r\nPelaksanaan dimulai dengan mencari tahu pemilik UMKM yang memerlukan modal tambahan. Lalu, dilakukan penyuluhan tentang berbagai jenis pembiayaan dari bank, manfaatnya, syarat, dan cara mengajukan kredit. Setelah itu, mahasiswa menemani peserta untuk melengkapi dokumen yang perlu, seperti identitas, legalitas usaha, dan laporan keuangan sederhana. Jika perlu, mahasiswa juga membantu berkomunikasi atau berkonsultasi dengan pihak bank agar pemilik UMKM mendapatkan informasi yang tepat tentang proses pengajuan pembiayaan.\r\nPemilik UMKM menjadi lebih paham tentang cara akses pembiayaan dari bank, bisa menyiapkan dokumen pengajuan kredit dengan benar, dan lebih siap untuk mengajukan pembiayaan sesuai aturan yang ada. Dengan bertambahnya akses ke modal, diharapkan usaha yang dijalankan bisa tumbuh, produktivitas jadi lebih tinggi, dan dapat membantu menciptakan ekonomi desa yang mandiri dan kompetitif.', 'Pelaku UMKM di desa Margasari yang membutuhkan akses pembiayaan untuk pengembangan usaha', '1. Meningkatnya literasi keuangan dan akses pembiayaan formal 2. Dokumentasi administrasi pengajuan pembiayaan siap di gunakan  3. Terjadinya komunikasi atau kemitraan dengan lembaga perbankan atau lembaga pembiayaan  4. Meningkatnya kesiapan UMKM dalam mengajukan pembiayaan usaha 5. Dokumentasi kegiatan', NULL, '2026-07-12 18:59:55', '2026-07-22 10:53:43'),
(327, 135, 'Digitalisasi informasi lokasi umkm  melalui Google Maps mendukung pengembangan usaha lokal', 'Perkembangan teknologi digital telah mengubah perilaku masyarakat dalam mencari informasi mengenai produk maupun lokasi usaha. Sebagian besar konsumen memanfaatkan Google Maps untuk menemukan UMKM terdekat, melihat jam operasional, membaca ulasan pelanggan, serta memperoleh petunjuk arah. Namun, masih banyak UMKM yang belum memiliki lokasi usaha yang terdaftar di Google Maps sehingga sulit ditemukan oleh calon pelanggan.\r\n\r\nMembantu UMKM memiliki lokasi usaha yang terdaftar di Google Maps. Meningkatkan kemudahan konsumen dalam menemukan lokasi UMKM. Meningkatkan promosi dan eksistensi UMKM di era digital\r\nDental tahapan kegiatan:\r\n1. Observasi\r\n2.edukasi\r\n3.monitoring dan evaluasi', 'Menyesuaikan umkm', 'pelatihan/ workshop', NULL, '2026-07-12 22:03:42', '2026-07-12 22:04:29'),
(328, 217, 'Pendampingan Pembukuan Sederhana bagi pelaku UMKM di Desa', 'Melakukan pendampingan dan pelatihan mandiri setiap UMKM dalam pencatatan buku kas penjualan harian. Kegiatan Program kerja individu ini diharapkan dapat meningkatkan literasi keuangan masyarakat.', '30 UMKM', 'Buku Tulis, Buku Kas Penjualan, ATK, Dompet ATK', NULL, '2026-07-12 23:44:34', '2026-07-12 23:44:34'),
(329, 144, 'Pendampingan Pengolahan Jagung Menjadi Produk Olahan Bernilai Tambah dan Penghitungan Harga Pokok Produksi bagi UMKM Desa Margasari', 'Program kerja ini dilaksanakan dalam bentuk pendampingan mengenai pengolahan jagung menjadi produk olahan yang memiliki nilai tambah ekonomi. Kegiatan diawali dengan pengisian pre-test untuk mengukur tingkat pemahaman peserta. Selanjutnya, peserta diberikan materi mengenai potensi pengolahan jagung menjadi produk olahan bernilai tambah serta konsep Harga Pokok Produksi (HPP) sebagai dasar dalam menentukan harga jual produk. Setelah penyampaian materi, peserta mengikuti praktik langsung pembuatan produk olahan jagung secara sederhana. Selain itu, peserta juga diberikan pendampingan dalam menghitung Harga Pokok Produksi (HPP) agar mampu menentukan harga jual yang tepat dan memperoleh keuntungan yang optimal. Pada sesi akhir, peserta mengerjakan post-test sebagai bentuk evaluasi terhadap pemahaman setelah mengikuti kegiatan. Melalui program ini diharapkan peserta mampu mengolah jagung menjadi produk bernilai tambah, memahami cara menghitung HPP sebagai dasar penentuan harga jual, serta terdorong untuk mengembangkan peluang usaha berbasis potensi lokal.', 'UMKM, kelompok tani, dan masyarakat pengolah hasil pertanian di Desa Dukuh Tengah.', '1. Produk olahan jagung inovatif.2. Dokumen perhitungan Harga Pokok Produksi (HPP).3. Peningkatan keterampilan pengolahan hasil pertanian.', NULL, '2026-07-13 21:56:43', '2026-07-20 11:03:58'),
(330, 133, 'Pembuatan sistem buku tamu digital desa luwung gede berbasis web', 'Pencatatan tamu yang berkunjung ke kantor desa luwung gede masih di lakukan secara manual menggunakan buku tamu.metode tersebut beresiko menyebabkan data kunjungan tidak terdokumentasi dengan baik,sulit di cari ,serta rentan mengalami kehilangan atau kerusakan, oleh karena itu di perlukan sistem buku tamu digital berbasis web untuk mempermudah proses pencatatan penyimpanan dan pengelolaaan data kunjungan secara lebih efektif dan terorganisir.', 'Pemerintah desa luwung gede sebagai pengelola data kunjungan serta masyarakat yang berkunjung ke kantor desa luwung gede', 'Tersedia sistem buku tamu digital berbasis web untuk mendukung pencatatan kunjungan ke kantor desa luwung gede', NULL, '2026-07-14 23:28:02', '2026-07-14 23:28:02'),
(331, 193, 'PHBS(Pengenalan Hidup Bersih dan Sehat)', 'Melakukan edukasi mengenai PHBS kepada anak sekolah dasar dii desa tersebut dan melakukan praktik langsung mengenai hidup bersih dan sehat', 'Siswa sekolah dasar', 'Modul Pelatihan', NULL, '2026-07-15 22:27:04', '2026-07-15 22:27:04'),
(332, 50, 'Gerakan Literasi Digital dan Pengenalan Komputer', 'Perkembangan teknologi informasi telah mengubah cara masyarakat belajar, bekerja, dan berkomunikasi. Oleh karena itu, kemampuan literasi digital dan penguasaan dasar komputer menjadi keterampilan yang penting untuk dimiliki oleh semua kalangan. Namun, masih banyak anak-anak di tingkat sekolah, yang belum memiliki pemahaman dan keterampilan dasar dalam memanfaatkan teknologi secara optimal.', 'Anak sekolah dari tingkat SD Kelas 6', 'Modul Ajar,Dokumentasi', NULL, '2026-07-19 17:32:25', '2026-07-23 12:50:02');

-- --------------------------------------------------------

--
-- Table structure for table `kkn_proker_kelompok`
--

CREATE TABLE `kkn_proker_kelompok` (
  `id` int NOT NULL,
  `dpl_id` int NOT NULL,
  `input_by` int NOT NULL COMMENT 'mahasiswa_id yang menginput',
  `judul` varchar(500) DEFAULT NULL,
  `deskripsi` text,
  `target` text,
  `target_luaran` text,
  `sasaran` varchar(200) DEFAULT NULL,
  `created_at` datetime DEFAULT CURRENT_TIMESTAMP,
  `updated_at` datetime DEFAULT CURRENT_TIMESTAMP ON UPDATE CURRENT_TIMESTAMP
) ENGINE=InnoDB DEFAULT CHARSET=utf8mb4 COLLATE=utf8mb4_0900_ai_ci;

--
-- Dumping data for table `kkn_proker_kelompok`
--

INSERT INTO `kkn_proker_kelompok` (`id`, `dpl_id`, `input_by`, `judul`, `deskripsi`, `target`, `target_luaran`, `sasaran`, `created_at`, `updated_at`) VALUES
(7, 6, 31, 'Pengenalan Digital Marketing dan Sosialisasi NIB serta Sertifikasi Halal', 'Kegiatan ini berupa pendampingan kepada pelaku UMKM di Desa Kalirahayu dalam memahami dan melengkapi persyaratan sertifikasi halal serta Nomor Induk Berusaha (NIB). Pelaksanaan dilakukan melalui sosialisasi, identifikasi kelengkapan dokumen, konsultasi, dan pendampingan proses pendaftaran. Kegiatan ini bertujuan meningkatkan pemahaman pelaku UMKM mengenai pentingnya legalitas usaha sehingga dapat meningkatkan kepercayaan konsumen, memperluas peluang pemasaran, dan memperkuat daya saing produk UMKM di pasar.', 'UMKM Desa Kalirahayu', 'Pelatihan/Workshop', NULL, '2026-06-23 20:03:41', '2026-06-23 20:03:41'),
(11, 6, 31, 'Bimbingan Belajar Gratis Siswa Sekolah Dasar', 'Program Bimbingan Belajar Gratis merupakan kegiatan pendampingan pendidikan bagi siswa sekolah dasar di Desa Kalirahayu. Kegiatan ini bertujuan membantu peserta didik memahami materi pelajaran sekaligus meningkatkan kemampuan membaca, menulis, dan berhitung. Pelaksanaan bimbingan dilakukan secara berkelompok dengan menyesuaikan kebutuhan dan tingkat kemampuan masing masing siswa. Kegiatan meliputi pengenalan kemampuan awal, penyampaian materi, pendampingan tugas sekolah, latihan literasi dan numerasi, serta permainan edukatif yang menarik. Metode yang digunakan bersifat interaktif sehingga menciptakan suasana belajar yang menyenangkan. Melalui program ini diharapkan kemampuan akademik, motivasi belajar, dan minat siswa terhadap pendidikan dapat meningkat secara optimal.', 'Siswa Sekolah Dasar Desa Kalirahayu', 'Terlaksananya program bimbingan belajar gatis untuk meningkatkan kemampuan literasi dan numerasi siswa Sekolah Dasar', NULL, '2026-06-23 20:51:23', '2026-06-23 20:51:23'),
(12, 25, 43, 'Pemanfaatan Limbah Plastik Menjadi Eco Brick untuk Instalasi Estetik Gapura Desa Rancawuluh', 'Kegiatan ini bertujuan mengurangi limbah anorganik di Desa Rancawuluh melalui pembuatan Eco Brick. Kami mengumpulkan botol kosong dan sampah plastik kering dari warga sekitar. Sampah plastik dipotong kecil, dikeringkan, dan dipadatkan ke dalam botol hingga keras. Selanjutnya, botol-botol Eco Brick ini dirakit dan dipasang sebagai instalasi fisik di area dekat gapura pintu masuk desa. Hasil yang diharapkan dari program ini adalah berkurangnya volume sampah plastik rumah tangga, meningkatnya kesadaran lingkungan warga, serta terciptanya dekorasi gapura desa yang estetik dan ramah lingkungan.', 'Lingkungan desa dan seluruh warga masyarakat Desa Rancawuluh.', 'Terpasangnya 1 instalasi fisik Eco Brick yang fungsional dan estetik di area gapura pintu masuk desa, serta berkurangnya penumpukan sampah plastik.', NULL, '2026-06-23 21:22:20', '2026-07-05 20:42:41'),
(13, 25, 43, 'Rancawuluh Pintar: Bimbingan Belajar Calistung Interaktif', 'Kegiatan ini merupakan program bimbingan belajar tambahan di luar jam sekolah yang berfokus pada penguatan dasar literasi (membaca, menulis) dan numerasi (menghitung). Pelaksanaannya dilakukan melalui pendekatan luar ruang yang menyenangkan, didukung dengan modul visual, permainan edukatif, dan instrumen belajar yang ramah anak. Hasil yang diharapkan dari program ini adalah meningkatnya kemampuan dasar calistung, tumbuhnya minat baca yang tinggi, serta terbangunnya kebiasaan belajar yang disiplin pada anak-anak', 'Anak-anak usia Sekolah Dasar (SD) di lingkungan Desa Rancawuluh', 'Meningkatnya kemampuan dasar membaca, menulis, dan berhitung anak, serta tersedianya modul pembelajaran bimbel.', NULL, '2026-06-23 21:39:32', '2026-07-05 08:39:34'),
(14, 25, 43, 'Inovasi Hijau: Pembangunan Rumah Hidroponik Percontohan di Area Balai Desa', 'Kegiatan ini merupakan inisiatif pengenalan teknologi pertanian lahan sempit melalui pembuatan instalasi hidroponik percontohan di area balai desa. Pelaksanaannya mencakup tahap perancangan konstruksi, perakitan pipa, penyemaian bibit sayuran, hingga edukasi tata cara perawatan kepada perangkat desa dan warga setempat. Diharapkan kegiatan ini dapat menghasilkan fasilitas edukasi yang nyata, meningkatkan wawasan warga terkait kemandirian pangan, serta mendorong pemanfaatan pekarangan rumah untuk budidaya sayuran sehat bernilai ekonomi.', 'Pemerintah Desa dan perwakilan warga masyarakat Desa Rancawuluh', 'Beroperasinya 1 unit instalasi rumah hidroponik, tersedianya Standar Operasional Prosedur (SOP) penyemaian hingga panen, dan warga memahami konsep pertanian modern.', NULL, '2026-06-23 21:40:20', '2026-07-05 08:41:51'),
(15, 25, 43, 'Inovasi Energi Alternatif: Pembuatan Arang Briket dari Limbah Sekam Padi', 'Kegiatan ini merupakan pengolahan limbah pertanian sekam padi menjadi energi alternatif berupa arang briket yang ramah lingkungan dan bernilai ekonomis. Pelaksanaannya meliputi tahap pengumpulan limbah gabah, proses pembakaran tidak sempurna (karbonisasi), pencampuran dengan perekat alami, hingga pencetakan dan pengeringan briket bersama warga desa. Melalui kegiatan ini, diharapkan masyarakat mampu mengelola limbah pertanian secara mandiri, mengurangi pencemaran lingkungan, serta menciptakan peluang usaha mikro baru berbasis potensi lokal untuk meningkatkan perekonomian desa.', 'Kelompok Tani dan masyarakat Desa Cipelem', 'Terciptanya produk arang briket dari sekam padi, berkurangnya tumpukan limbah pertanian, dan meningkatnya keterampilan warga dalam pengolahan energi alternatif mandiri.', NULL, '2026-06-23 21:41:14', '2026-07-05 08:54:12'),
(16, 25, 43, 'Cipelem Cerdas: Bimbingan Belajar Calistung Interaktif', 'Kegiatan ini merupakan kelas bimbingan belajar tambahan yang difokuskan pada peningkatan kemampuan dasar membaca, menulis, dan berhitung (calistung) bagi anak-anak di luar jam sekolah. Pelaksanaannya dilakukan melalui metode pembelajaran yang interaktif dan menyenangkan, menggunakan alat peraga visual serta permainan edukatif agar anak tidak mudah bosan. Hasil yang diharapkan dari program ini adalah meningkatnya pemahaman literasi dan numerasi dasar anak-anak, tumbuhnya motivasi belajar yang tinggi, serta terbangunnya kebiasaan belajar yang positif di lingkungan desa.', 'Anak-anak usia Sekolah Dasar (SD) di lingkungan Desa Cipelem', 'Anak-anak mampu menguasai kemampuan dasar membaca, menulis, dan berhitung dengan lebih baik, serta tersedianya media belajar pendukung yang edukatif.', NULL, '2026-06-23 21:41:59', '2026-07-05 08:55:42'),
(17, 25, 43, 'Pusat Informasi Desa: Pembuatan Papan Mading Interaktif Cipelem', 'Kegiatan ini merupakan pembuatan fasilitas papan informasi desa bergaya majalah dinding (mading) sebagai pusat penyebaran informasi publik dan edukasi warga. Pelaksanaannya mencakup perancangan struktur fisik papan, penempatan di area strategis desa, serta pengisian konten awal berupa infografis kesehatan, transparansi program desa, dan edukasi masyarakat yang dikemas secara visual. Diharapkan fasilitas ini dapat mempermudah akses informasi bagi warga, meningkatkan budaya membaca masyarakat setempat, serta menjadi media komunikasi yang efektif antara perangkat desa dan masyarakat.', 'Pemerintah Desa dan seluruh warga masyarakat Desa Cipelem', 'Berdirinya 1 unit papan informasi (mading) di lokasi strategis, tersedianya media literasi visual warga, dan terdistribusinya informasi desa dengan lebih transparan.', NULL, '2026-06-23 21:43:05', '2026-07-05 08:57:03'),
(18, 3, 145, 'Pembuatan Video Sejarah Desa Babakan Gebang', 'Program kerja ini dilakukan melalui pembuatan video sejarah Desa Babakan Gebang sebagai media dokumentasi dan publikasi untuk mengenalkan sejarah desa kepada masyarakat, khususnya generasi muda. Pelaksanaannya diawali dengan pengumpulan data melalui observasi, wawancara dengan tokoh masyarakat dan perangkat desa, serta pengumpulan dokumentasi pendukung, kemudian dilanjutkan dengan penyusunan naskah, proses pengambilan video, editing, hingga publikasi melalui website dan YouTube desa. Setelah itu, diadakan penyerahan vidio sejarah desa Babakan Gebang kepada pihak desa untuk dipublikasikan pada laman web desa. Hasil yang diharapkan adalah tersusunnya video sejarah desa yang informatif, meningkatnya pemahaman masyarakat terhadap sejarah Desa Babakan Gebang, serta tersedianya media digital yang dapat dimanfaatkan sebagai sarana dokumentasi dan publikasi sejarah desa secara berkelanjutan.', 'Masyarakat Desa Babakan Gebang,  pelajar dan perangkat desa.', 'Tersusunnya vidio sejarah desa berdurasi belasan menit yang diunggah ke website dan YouTube desa serta terlaksananya kegiatan nobar untuk meningkatkan pemahaman masyarakat tentang sejarah desa.', NULL, '2026-06-25 13:24:09', '2026-07-12 17:22:20'),
(19, 3, 145, 'Edukasi  dan penyediaan pengelolaan  Sampah Berbasis Masyarakat sebagai Upaya Mewujudkan Desa Karangwangun yang Bersih dan Berkelanjutan', 'Program Edukasi dan Penyediaan Pengelolaan Sampah Berbasis Masyarakat sebagai Upaya Mewujudkan Desa Karangwangun yang Bersih dan Berkelanjutan dilaksanakan dengan memberikan edukasi kepada masyarakat mengenai pentingnya pengelolaan sampah yang benar, pemilahan sampah organik dan anorganik, serta penerapan prinsip 3R. Selain itu, tim KKN menyediakan sarana pendukung berupa tempat sampah terpilah dan media edukasi sebagai penunjang penerapan pengelolaan sampah di lingkungan desa. Pelaksanaan kegiatan dilakukan melalui sosialisasi, penyuluhan, demonstrasi cara memilah sampah, serta pendampingan kepada masyarakat agar mampu menerapkan pengelolaan sampah secara mandiri. Hasil yang diharapkan dari kegiatan ini adalah meningkatnya pengetahuan, kesadaran, dan partisipasi masyarakat dalam mengelola sampah dengan baik, berkurangnya pencemaran lingkungan akibat sampah, serta terciptanya lingkungan Desa Karangwangun yang lebih bersih, sehat, dan berkelanjutan.', 'masyarakat', 'Output yang diharapkan dari program ini adalah meningkatnya kesadaran dan berubahnya pola pikir masyarakat bahwa sampah bukan hanya limbah yang harus dibuang, tetapi juga memiliki nilai ekonomis apabila dikelola dengan baik. Selain itu, program ini menghasilkan tersedianya tempat pemilahan sampah organik dan anorganik sebagai sarana pendukung pengelolaan sampah di lingkungan desa. Melalui pemilahan dan pengelolaan sampah yang tepat, masyarakat diharapkan dapat mengolah atau mengumpulkan sampah yang bernilai jual untuk dipasarkan kepada bank sampah atau pengepul sehingga dapat memberikan tambahan penghasilan dan meningkatkan kesejahteraan masyarakat.', NULL, '2026-06-25 13:35:34', '2026-07-05 18:47:46'),
(20, 6, 170, 'Rumah Ide Anak Desa', 'Program Rumah Ide Anak Desa merupakan kegiatan pengembangan zona edukasi yang bertujuan meningkatkan motivasi belajar, minat baca, dan kreativitas anak-anak. Kegiatan dilaksanakan melalui penyediaan pojok baca, bimbingan belajar, permainan edukatif, mading cita-cita, serta pemutaran video pembelajaran. Program ini diharapkan menjadi wadah belajar yang menyenangkan sehingga dapat mendukung perkembangan literasi dan karakter anak-anak di Desa Mulyasari.', 'Anak-anak usia SD dan SMP Desa Mulyasari', 'Terbentuknya Rumah Ide Anak Desa sebagai sarana edukasi, literasi, dan pengembangan kreativitas anak.', NULL, '2026-06-25 19:06:08', '2026-06-25 19:06:08'),
(21, 6, 170, 'Lomba Edukatif dan Kreativitas Anak', 'Program ini merupakan kegiatan kompetisi edukatif yang bertujuan meningkatkan semangat belajar, kreativitas, dan kepercayaan diri anak-anak. Kegiatan dilaksanakan melalui lomba mewarnai, menggambar, membaca, cerdas cermat, dan permainan edukatif lainnya. Melalui kegiatan ini diharapkan anak-anak dapat belajar dengan suasana yang menyenangkan sekaligus mengembangkan potensi dan bakat yang dimiliki.', 'Anak-anak usia SD dan SMP Desa Mulyasari', 'Terlaksananya kegiatan lomba edukatif yang mampu meningkatkan kreativitas, motivasi belajar, dan partisipasi anak-anak dalam kegiatan pendidikan.', NULL, '2026-06-25 19:07:34', '2026-06-25 19:07:34'),
(22, 6, 31, 'Penyuluhan Kesehatan Tentang Kurangi Minuman Manis', 'Penyuluhan Kesehatan bertema \"Kurangi Minuman Manis\" merupakan kegiatan edukasi yang bertujuan meningkatkan pengetahuan siswa Sekolah Dasar mengenai dampak konsumsi minuman tinggi gula terhadap kesehatan. Kegiatan dilaksanakan melalui penyampaian materi secara interaktif, diskusi, permainan edukatif, serta penyampaian contoh pilihan minuman yang lebih sehat. Melalui kegiatan ini, diharapkan peserta memahami pentingnya membatasi minuman manis dan mulai menerapkan kebiasaan memilih minuman yang lebih sehat dalam kehidupan sehari-hari', 'Siswa Sekolah Dasar Desa Kalirahayu', 'Meningkatkan pengetahuan dan kesadaran siswa mengenai pentingnya membatasi konsumsi tinggi gula', NULL, '2026-06-26 22:26:45', '2026-06-26 22:26:45'),
(23, 6, 31, 'Minggu Produktif', 'Minggu Produktif merupakan kegiatan pemberdaayaan masyarakat yang menggabungkan aktivitas olahraga, kepedulian lingkungan, daan dukungan terhadap UMKM desa. Kegiatan diawali dengan senam bersama ibu-ibu PKK dan masyarakat, dilanjutkan aksi bersih-bersih di area kegiatan serta melibatkan UMKM lokal untuk memasarkan produknya. Melalui kegiatan ini, diharapkan tercipta pola hidup sehat, meningkatkan kepedulian masyarakat terhadap kebersihan lingkungan, serta bertambahnya kesempatan promosi bagi UMKM di Desa Kalirahayu', 'Warga Masyarakat, ibu-ibu PKK, serta UMKM Desa Kaliahayu', 'Terselenggaranya kegiatan senam dan kerja bakti bersama masyarakat serta menciptakan suasana Minggu yang produktif', NULL, '2026-06-26 22:35:25', '2026-06-26 22:35:25'),
(24, 6, 31, 'Pembuatan Papan Informasi Dinding sebagai Media Penyebaran Informasi Desa', 'Papan Informasi Dinding merupakan program pembuatan media informasi yang ditempatkan di Balai Desa Kalirahayu sebagai sarana penyampaian informasi kepada masyarakat. Kegiatan dilakukan melalui perancangan desain, pembuatan papan, serta pemasangan di lokasi yang mudah diakses. papan informasi digunakan untuk menampilkan pengumuman, jadwal kegiatan, dan informasi penting desa. Melalui program ini diharapkan penyebaran informasi menjadi lebih efektif, mudah diakses, serta meningkatkan keterbukaan informasi bagi masyarakat', 'Perangkat Desa Kalirahayu dan Masyarakat Desa Kaliahayu', '1 Unit Papan Informasi Dinding yang terpasang di Balai Desa Kaliahayu sebagai Media Informasi Desa', NULL, '2026-06-26 22:45:27', '2026-06-26 22:45:27'),
(25, 6, 31, 'Pembuatan Tempat Pembakaran Sampah Minim Asap sebagai Upaya Pengelolaan Sampah yang lebih Ramah Lingkungan', 'Program pembuatan tempat pembakaran sampah minim asap bertujuan menyediakan sarana pengelolaan sampah yang lebih aman dan ramah lingkungan bagi masyarakat. Kegiatan dilaksanakan melalui perancangan, pembuatan, dan pemasangan tempat pembakaran sampah dengan desain yang membantu mengurangi penyebaran asap saat proses pembakaran. Melalui program ini diharapkan masyarakat memiliki fasilitas pengelolaan sampah yang lebih baik, menjaga kebersihan lingkungan, serta meminimalkan gangguan akibat asap pembakaran', 'Masyarakat Desa Kalirahayu dan Pemerintah Desa Kalirahayu', '1 Unit Tempat Pembakar Sampah Minim Asap yang terpasang dan siap digunakan', NULL, '2026-06-26 22:57:37', '2026-06-26 22:57:37'),
(26, 9, 53, 'Rumah belajar Calistung : Bersama mewujudkan generasi cerdas Literasi dan Numerasi.', 'Kegiatan dilaksanakan secara bertahap melalui pendampingan belajar dalam kelompok kecil maupun secara individu. Materi yang diberikan meliputi pengenalan huruf dan suku kata, latihan membaca, menulis kata dan kalimat sederhana, pengenalan angka, operasi hitung dasar, serta penyelesaian soal-soal sederhana yang disesuaikan dengan tingkat kemampuan peserta. Proses pembelajaran didukung dengan media edukatif, permainan, kartu huruf dan angka, lembar kerja, serta aktivitas yang mendorong siswa belajar secara aktif.', 'Remaja dan Anak-Anak', 'Modul atau lembar kerja (LKPD) Calistung. Media pembelajaran sederhana (kartu huruf, kartu angka, atau permainan edukatif). Peningkatan kemampuan dasar membaca, menulis, dan berhitung peserta. Dokumentasi kegiatan dan laporan pelaksanaan program KKN.', NULL, '2026-06-28 06:23:25', '2026-06-28 06:23:25'),
(28, 9, 53, 'Trash Barrier: Inovasi Pengendalian Sampah Sungai untuk Mewujudkan Lingkungan Bersih dan Peduli Lingkungan', 'Kegiatan ini berupa pembuatan dan pemasangan trash barrier pada aliran sungai atau saluran air untuk menahan sampah sebelum terbawa ke hilir. Program dilaksanakan melalui survei lokasi, pembuatan alat menggunakan bahan yang mudah diperoleh, pemasangan bersama masyarakat, serta edukasi mengenai pentingnya menjaga kebersihan lingkungan. Diharapkan kegiatan ini dapat mengurangi penumpukan sampah di sungai, meningkatkan kepedulian masyarakat, dan menciptakan lingkungan yang lebih bersih dan sehat.', 'Warga Sekitar sungai, pemerintah desa,petangkat lingkungan dan karang Taruna', '1 unit trash barrier terpasang pada lokasi yang telah ditentukan. Panduan sederhana perawatan dan penggunaan trash barrier. Meningkatnya kesadaran masyarakat dalam menjaga kebersihan sungai. Dokumentasi kegiatan dan laporan pelaksanaan program KKN. Berkurangnya sampah yang mengalir di saluran air atau sungai pada lokasi pemasangan.', NULL, '2026-06-28 06:46:38', '2026-06-28 06:46:38'),
(29, 9, 53, 'Katalog UMKM Desa: Digitalisasi Produk untuk Meningkatkan Promosi dan Daya Saing Usaha Lokal', 'Kegiatan ini berupa pendataan, dokumentasi, dan penyusunan katalog UMKM yang memuat informasi profil usaha, produk, harga, serta kontak pelaku usaha. Pelaksanaan dilakukan melalui survei, wawancara, pengambilan foto produk, dan penyusunan katalog dalam bentuk cetak maupun digital. Program ini bertujuan membantu pelaku UMKM mempromosikan produknya secara lebih luas, meningkatkan daya saing usaha, serta memudahkan masyarakat dan calon konsumen dalam memperoleh informasi mengenai produk unggulan desa.', 'Pelaku UMKM di desa. Pemerintah desa. Masyarakat setempat. Calon konsumen dan mitra usaha.', 'Katalog UMKM desa dalam bentuk digital (PDF) dan/atau cetak. Database pelaku UMKM beserta informasi produk yang diperbarui. Dokumentasi foto produk UMKM yang siap digunakan untuk promosi. Meningkatnya promosi dan visibilitas produk UMKM desa. Laporan pelaksanaan kegiatan KKN beserta dokumentasi program.', NULL, '2026-06-28 06:56:48', '2026-06-28 06:56:48'),
(30, 5, 274, 'Saung Cerdas (Pendampingan belajar Interaksi bagi Anak Sekolah Dasar)', 'Melaksanakan pendampinganan belajar bagi anak sd/paud untuk meningkatkan kemampuan literasi dan numerasi. Pelaksanaan dilakukan melalui kelas belajar rutin di posko setiap hari selasa dan kamis dengan metode belajar interaktif, permainan edukatif serta pendampingan mengerjakan tugas sekolah. Diharapkan kemampuan membaca, menulis, berhitung,dan semangat belajar anak meningkat.', 'Anak Sd/Paud', 'Terselenggaranya kegiatan literasi numerasi dan pendampingan pembelajaran yang interaktif', NULL, '2026-06-28 07:59:07', '2026-06-28 14:37:58'),
(31, 5, 274, 'Sosialisasi Tata Cara Penyembelihan Hewan Sesuai Syariat', 'Melaksanakan sosialisasi dan praktik tata cara penyembelihan hewan sesuai syariat islam dan standar kebersihan Kepada masyarakat. Pelaksanaan dilakukan melalui penyampaian materi, demontrasi penyembelihan yang benar,serta sesi tanya jawab dan praktik Langsung. Diharapkan masyarakat memiliki pengetahuan dan ketrampilan yang baik dalam melakukan penyembelihan hewan sesuai syariat islam dan prinsip kebersihan.', '10 masyarakat desa cibuyur', 'Meningkatnya wawasan dan ketrampilan masyarakat dalam tata cara penyembelihan hewan sesuai syariat islam', NULL, '2026-06-28 08:02:46', '2026-06-28 08:02:46'),
(32, 5, 274, 'Optimalisasi potensi pangan lokal melalui produk olahan sebagai progam PMT untuk pencegahan stunting', 'Melakukan sosialisasi gizi dan pelatihan pembuatan PMT berbahan jagung atau ubi kepada ibu balita dan kader PKK. Pelaksanaan dilakukan melalui penyuluhan, demonstrasi, pembuatan produk, praktik bersama,dan pembagian modul resep. Diharapkan pengetahuan gizi meningkat serta pangan lokal dapat dimanfaatkan sebagai PMT untuk membantu pencegahan stunting', '20 balita atau ibu PKK', 'Penurunan target stunting dan modul gizi lokal', NULL, '2026-06-28 08:06:04', '2026-06-28 14:39:38'),
(33, 5, 274, 'Pembuatan Vidio Profil Desa Digital', 'Membuat vidio profil desa yang menampilkan potensi, kegiatan,dan fasilitas desa. Pelaksanaan dilakukan melalui observasi, pengambilan gambar, penyutingan video, dan publikasi melalui media digital desa. Diharapkan tersedia media informasi dan promosi desa yang menarik serta mudah diakses masyarakat.', 'Pemdes, masyarakat luas', 'Profil video desa bisa aktif dan bisa diakses oleh masyarakat', NULL, '2026-06-28 08:08:40', '2026-06-28 08:08:40'),
(34, 5, 274, 'UMKM Beridentitas: Pendampingan Banner dan Foto Produk', 'Membantu pelaku UMKM di Desa Mereng memiliki identitas usaha yang lebih jelas dan profesional melalui pembuatan banner sebagai media promosi. Dengan adanya banner, lokasi usaha menjadi lebih mudah dikenali oleh masyarakat maupun calon konsumen, sehingga dapat meningkatkan daya tarik, memperkuat citra usaha, serta mendukung perluasan jangkauan pemasaran.', '5 UMKM desa', '5 UMKM mempunyai banner dan foto produk.', NULL, '2026-06-28 08:12:09', '2026-07-23 19:04:34'),
(35, 2, 186, 'GUMUS (Gerakan Mengelola Sampah Oleh Mahasiswa Umus)', 'Program GUMUS merupakan kegiatan edukasi dan aksi pengelolaan sampah yang dilaksanakan melalui sosialisasi pemilahan sampah, pembuatan tong sampah, serta kampanye kebersihan lingkungan bersama masyarakat Desa Moga dan Desa Banyumudal. Kegiatan dilakukan secara kolaboratif antara mahasiswa KKN, pemerintah desa, dan warga. Program ini diharapkan dapat meningkatkan kesadaran masyarakat terhadap pentingnya pengelolaan sampah, menciptakan lingkungan yang lebih bersih, serta mendorong terbentuknya kebiasaan menjaga kebersihan secara berkelanjutan.', 'Masyarakat Desa Moga dan Desa Banyumudal (±100 warga/menyesuaikan kondisi lapangan).', 'Tong sampah, Media edukasi pengelolaan sampah, Dokumentasi kegiatan, Serta Lingkungan desa yang lebih bersih dan meningkatnya kesadaran masyarakat.', NULL, '2026-06-28 20:40:37', '2026-06-28 20:40:37'),
(36, 2, 186, 'EKONAS (Ekonomi Kreatif dari Limbah Nanas)', 'Program EKONAS merupakan kegiatan pelatihan pemanfaatan limbah kulit nanas menjadi produk yang bernilai guna, seperti pupuk organik cair, pakan fermentasi, atau produk rumah tangga lainnya. Kegiatan diawali dengan sosialisasi mengenai potensi limbah kulit nanas, dilanjutkan praktik pengolahan bersama masyarakat. Program ini bertujuan meningkatkan pengetahuan masyarakat dalam mengelola limbah menjadi produk bermanfaat sekaligus mendukung terciptanya ekonomi kreatif berbasis potensi lokal di Desa Banyumudal.', 'Masyarakat Desa Banyumudal, khususnya ibu rumah tangga, kelompok tani, dan pelaku UMKM (±50 peserta).', 'Produk olahan limbah kulit nanas, Dokumentasi kegiatan, serta Peningkatan pengetahuan masyarakat mengenai pemanfaatan limbah.', NULL, '2026-06-28 20:44:16', '2026-06-28 20:44:16'),
(40, 12, 86, 'DESA CERDAS, DIGITAL, DAN BERDAYA (DCDB) Penguatan Pendidikan, Digitalisasi Desa, dan Pemberdayaan Masyarakat melalui Integrasi Program Literasi, UMKM, Teknologi, Kesehatan, dan Lingkungan di Desa Krasak dan Desa Pasarbatang', 'Berdasarkan hasil observasi dan identifikasi permasalahan di Desa Krasak\r\ndan Desa Pasarbatang, ditemukan beberapa isu utama yang masih\r\nmemerlukan perhatian, yaitu terbatasnya kegiatan pendampingan pendidikan\r\ndan literasi bagi anak-anak, belum optimalnya pemanfaatan teknologi\r\ninformasi dalam pelayanan dan penyebaran informasi desa, serta masih\r\nrendahnya pemanfaatan teknologi digital dalam pengembangan usaha\r\nmasyarakat. Selain itu, kesadaran masyarakat terhadap kesehatan,\r\nlingkungan, dan pengembangan kapasitas sumber daya manusia juga perlu\r\nditingkatkan.\r\nMelalui potensi yang dimiliki kedua desa serta kompetensi multidisiplin\r\nmahasiswa KKN, diperlukan sebuah program terpadu yang mampu\r\nmengintegrasikan berbagai kegiatan pendidikan, digitalisasi, pemberdayaan\r\nekonomi, kesehatan, dan lingkungan dalam satu gerakan kolaboratif yang\r\nberkelanjutan. Oleh karena itu, disusun Program Kerja Kelompok \"Desa\r\nCerdas, Digital, dan Berdaya\" sebagai upaya pemberdayaan masyarakat\r\nmelalui penguatan kualitas sumber daya manusia, pemanfaatan teknologi,\r\ndan peningkatan kemandirian masyarakat', 't  Pemerintah Desa Krasak dan Desa Pasarbatang.  Anak-anak usia sekolah.  Pelaku UMKM.  Kader PKK dan Posyandu.  Karang Taruna.  Masyarakat Desa Krasak dan Desa Pasarbatang secara umum.', 'Website desa, akun go food / shopee foodNIB UMKM, QRIS aktif, logo dan desain kemasan produk, akun Google Maps Business, akun media sosial UMKM, serta modul pelatihan digital marketing.', NULL, '2026-06-29 09:59:52', '2026-07-05 14:25:15'),
(41, 8, 134, 'Pembangunan Gapura Utama Desa Sumbarang', 'Kegiatan ini merupakan pembangunan gapura desa sumbarang yang sebelumnya ada namun kondisinya tidak cukup baik. Kegiatan ini dilakukan dengan tahapan memilih lokasi, finalisasi sketsa gapura, pembangunan gapura, dan finishing total. Kegiatan ini bertujuan untuk : \r\n1. Membangun 1 unit gapura pembatas jalan yang kokoh, aman, dan \r\npermanen di pintu masuk utama Desa Sumbarang.\r\n2. Membuat tampilan visual gerbang desa jadi lebih rapi dan estetik \r\nlewat perpaduan cat modern dan tulisan nama desa yang jelas.\r\n3. Menumbuhkan rasa gotong royong antara mahasiswa KKN, \r\nperangkat desa, dan warga dalam pembangunan infrastruktur \r\ndesa.', 'Pemerintah desa, warga desa, pengguna jalan, tamu dinas, serta masyarakat umum yang melintas', 'Bangunan gapura, dokumen RAB dan sketsa teknis (blue print), surat berita acara serah terima aset gapura desa sumbarang', NULL, '2026-06-29 11:21:45', '2026-06-29 11:21:45'),
(42, 8, 134, 'Pembuatan dan Pemasangan Plang Identitas Pedukuhan Di Desa Penyalahan', 'Kegiatan ini merupakan pembuatan plang untuk tiap pedukuhan di desa penyalahan yang berisi nama plang pedukuhan dengan tambahan aksen aksara jawa sebagai tambahan nilai estetika serta sebagai identitas suku jawa. Kegiatan ini diharapkan bermanfaat bagi masyarakat sekitar dan orang yang melintas dalam mengenali pedukuhan di desa penyalahan', 'Pemerintah desa, masyarakat desa, pendatang atau tamu yang berkunjung du desa penyalahan', 'Plang identitas pedukuhan, desain plang pedukuhan, dokumentasi pembuatan dan pemasangan plang, laporan pelaksanaan program kerja', NULL, '2026-06-29 11:34:57', '2026-07-04 19:00:55'),
(43, 1, 124, 'Program Kerja: Pembuatan Plang Jalan,  Lokasi: Desa Kebon Gede', 'Program ini bertujuan membuat dan memasang plang jalan sebagai penunjuk arah menuju dusun, RT/RW, maupun fasilitas umum di Desa Kebon Gede. Keberadaan plang jalan diharapkan memudahkan masyarakat maupun pendatang dalam menemukan lokasi tujuan serta meningkatkan keteraturan tata wilayah desa.', 'Masyarakat Desa Kebon Gede. Pengunjung atau pendatang yang memasuki wilayah desa. Pemerintah Desa Kebon Gede sebagai pengelola fasilitas umum.', 'Seluruh plang jalan yang direncanakan berhasil dipasang. Meningkatnya kemudahan akses informasi lokasi di lingkungan desa.', NULL, '2026-06-29 19:55:02', '2026-07-02 08:16:17'),
(44, 1, 124, 'Program Kerja: Pembuatan Tempat Pembakaran Sampah Lokasi: Desa Peguyangan', 'Program ini bertujuan menyediakan tempat pembakaran sampah sederhana sebagai sarana pengelolaan sampah di lingkungan desa. Program ini diharapkan membantu mengurangi penumpukan sampah serta meningkatkan kebersihan lingkungan dengan tetap memperhatikan aspek keamanan dalam penggunaannya.', 'Masyarakat Desa Peguyangan. Pemerintah Desa Peguyangan. Lingkungan permukiman yang membutuhkan fasilitas pengelolaan sampah.', 'Satu unit tempat pembakaran sampah yang dapat dimanfaatkan masyarakat. Meningkatnya kesadaran masyarakat terhadap pentingnya pengelolaan sampah.', NULL, '2026-06-29 19:56:02', '2026-06-29 19:56:02'),
(45, 6, 105, 'Pembukaan, serah terima dan sosialisasi KKN UMUS', 'pembukaan Kuliah Kerja Nyata (KKN) yang di ikuti oleh Mahasiswa yang ditugaskan untuk terjun di desa Mulyasari dan di hadiri oleh Dosen Pembimbing Lapangan, Kepala Desa dan Perangkat desa. Kegiatan ini bertujuan agar memvalidasi mahasiswa yang akan melaksanakan KKN di desa Mulyasari serta mengetahui apa saja keluh kesah yang ada di desa Mulyasari.', 'pemerintah dan masyarakat desa Mulyasari', 'daftar hadir tamu, foto', NULL, '2026-07-02 09:51:45', '2026-07-02 10:11:57'),
(46, 6, 105, 'Minggu Sehat Pagi desa Mulyasari', 'Minggu Sehat Pagi Mulyasari merupakan program kerja rutin bidang kesehatan yang bertujuan untuk meningkatkan kesadaran dan membudayakan gaya hidup sehat di kalangan masyarakat Desa Mulyasari. Kegiatan ini dilaksanakan setiap hari Minggu pagi di Lapangan desa Mulyasari dengan melibatkan seluruh lapisan masyarakat, mulai dari anak-anak, remaja, ibu-ibu PKK, hingga lansia. \r\n\r\nRangkaian kegiatan meliputi senam pagi bersama yang dipandu oleh tim KKN, dilanjutkan dengan jalan sehat keliling desa, serta penyuluhan singkat terkait isu kesehatan prioritas desa. Isu yang diangkat bersifat fleksibel dan disesuaikan dengan hasil observasi awal, contohnya: Pencegahan DBD, Stunting, Gizi Seimbang, atau Cek Kesehatan Gratis. \r\n\r\nProgram ini diharapkan dapat menjadi wadah interaksi positif antara mahasiswa KKN dengan masyarakat, sekaligus memperkuat sinergi dengan Kader Posyandu dan Karang Taruna Desa Mulyasari dalam mewujudkan desa yang sehat dan produktif.', 'Anak-anak, remaja, Ibu-ibu PKK, seluruh warga masyarakat desa', 'Terselenggaranya Minggu sehat pagi, foto bersama masyarakat desa, pemahaman tentang kesehatan', NULL, '2026-07-02 15:07:36', '2026-07-02 15:07:36'),
(47, 4, 207, 'Pembuatan Tempat Pembakaran Sampah Minim Asap sebagai Solusi Pengelolaan Sampah yang Ramah Lingkungan (Desa Randusari dan Desa Surokidul)', 'Kegiatan ini dilakukan sebagai upaya membantu mengatasi permasalahan sampah rumah tangga di Desa Randusari melalui pembuatan tempat pembakaran sampah minim asap. Pelaksanaan kegiatan diawali dengan observasi dan penentuan lokasi, dilanjutkan dengan proses pembuatan tempat pembakaran, kemudian dilakukan sosialisasi kepada masyarakat mengenai cara penggunaan alat serta pentingnya pengelolaan sampah yang lebih ramah lingkungan. Melalui kegiatan ini diharapkan masyarakat memiliki sarana yang lebih efektif untuk mengelola sampah sekaligus meningkatkan kepedulian terhadap kebersihan lingkungan.', 'Masyarakat Desa Randusari dan Desa Surokidul, khususnya rumah tangga.', '1 unit tempat pembakaran sampah minim asap yang dapat dimanfaatkan oleh masyarakat sebagai sarana pengelolaan sampah', NULL, '2026-07-05 07:05:08', '2026-07-05 07:05:08'),
(49, 5, 274, 'Pemetaan kondisi wilayah dan potensi desa cibuyur', 'Program kerja ini dilaksanakan melalui kegiatan survei lapangan, pengumpulan data, inventarisasi, serta pemetaan kondisi wilayah dan potensi Desa Cibuyur. Data yang dikumpulkan meliputi batas administrasi, penggunaan lahan, sarana dan prasarana, potensi pertanian, perkebunan, peternakan, UMKM, sumber daya alam, serta potensi unggulan pada setiap dusun. Selanjutnya, seluruh data diolah dan disusun menjadi Peta Kondisi Wilayah dan Potensi Desa serta dokumen profil potensi desa yang dapat dimanfaatkan sebagai media informasi, pendukung perencanaan pembangunan, dan acuan pengembangan potensi Desa Cibuyur secara berkelanjutan.', 'Pemerintah Desa Cibuyur', 'Peta Kondisi Wilayah dan Potensi Desa Cibuyur, Dokumen Profil Potensi Desa Cibuyur, Database potensi desa', NULL, '2026-07-05 19:50:24', '2026-07-05 19:50:24'),
(51, 6, 170, 'Partisipasi dalam Pelayanan Posyandu', 'Mahasiswa KKN berpartisipasi dalam pelaksanaan kegiatan Posyandu dengan membantu kader dalam proses pendaftaran, penimbangan berat badan, pengukuran tinggi badan, pencatatan data pertumbuhan balita, serta pendampingan kepada ibu dan anak selama kegiatan berlangsung. Kegiatan ini bertujuan mendukung kelancaran pelayanan kesehatan masyarakat sekaligus meningkatkan kepedulian terhadap pemantauan tumbuh kembang balita.', 'Balita, ibu balita, dan kader Posyandu Desa Mulyasari.', 'Terlaksananya pendampingan kegiatan posyandu sesuai jadwal', NULL, '2026-07-11 08:17:32', '2026-07-11 08:17:32'),
(52, 6, 170, 'Pendampingan Kegiatan Mengaji Anak', 'Mahasiswa KKN berpartisipasi dalam kegiatan mengaji yang rutin dilaksanakan di desa dengan mendampingi anak-anak desa Mulyasari membaca Al-Qur\'an, membantu memperbaiki bacaan, serta memberikan motivasi agar lebih semangat dalam belajar mengaji.', 'Anak-anak Desa Mulyasari jenjang SD–SMP peserta kegiatan mengaji.', 'Terlaksananya pendampingan kegiatan mengaji sesuai jadwal.', NULL, '2026-07-11 08:20:04', '2026-07-11 08:24:22'),
(53, 6, 170, 'Pembuatan Bak Sampah dari Galon Bekas', 'Mahasiswa KKN membuat bak sampah sederhana dari galon bekas yang dimodifikasi menjadi tempat pembuangan sampah. Bak sampah kemudian ditempatkan di lokasi yang membutuhkan untuk meningkatkan kebersihan lingkungan dan mendorong masyarakat membuang sampah pada tempatnya.', 'Masyarakat Desa Mulyasari dan pengunjung area yang menjadi lokasi penempatan bak sampah.', 'Meningkatnya kesadaran masyarakat untuk membuang sampah pada tempatnya.', NULL, '2026-07-11 08:22:20', '2026-07-11 08:22:20'),
(54, 6, 170, 'Partisipasi dalam Kegiatan Festival Bandeng', 'Mahasiswa KKN berpartisipasi dalam pelaksanaan Festival Bandeng dengan membantu berbagai rangkaian kegiatan, seperti persiapan, pelaksanaan, dan penataan acara sesuai kebutuhan panitia.', 'Masyarakat Desa Mulyasari, panitia pelaksana, dan pengunjung Festival Bandeng.', 'Terlaksananya partisipasi mahasiswa dalam Festival Bandeng.', NULL, '2026-07-11 08:26:43', '2026-07-11 08:26:43'),
(55, 6, 170, 'Kolaborasi dalam Kegiatan PKK Desa', 'Mahasiswa KKN berpartisipasi dan membantu pelaksanaan kegiatan rutin PKK, seperti rapat, penyuluhan, pelatihan, atau kegiatan sosial lainnya. Kehadiran mahasiswa bertujuan mendukung kelancaran kegiatan sekaligus mempererat hubungan dengan masyarakat dan pengurus PKK.', 'Kader PKK dan masyarakat yang mengikuti kegiatan PKK.', 'Meningkatnya kerja sama antara mahasiswa KKN dan kader PKK.', NULL, '2026-07-11 11:00:23', '2026-07-11 11:00:23'),
(56, 6, 170, 'Pendampingan Kegiatan Kemasyarakatan', 'Mahasiswa KKN berpartisipasi dan membantu pelaksanaan berbagai kegiatan kemasyarakatan yang diselenggarakan oleh pemerintah desa maupun organisasi masyarakat sebagai bentuk pengabdian kepada masyarakat.', 'Masyarakat Desa dan lembaga kemasyarakatan desa.', 'Terjalinnya kerja sama yang baik antara mahasiswa, pemerintah desa, dan masyarakat.', NULL, '2026-07-11 11:07:44', '2026-07-11 11:07:44'),
(57, 3, 145, 'Cerdas Finansial di Era Digital', 'kegiatan berupa seminar yang dihadiri masyarakat desa karangwangun yang memiliki pekerjaan beragam seperti UMKM, ibu rumah tangga, karyawan, pekerja lepas dll. Seminar ini memaparkan beberapa materi seperti pentingnya penggunaan Qris, Pembukaan Sederhana, Pencatatan Kas Via Google Sheet, dan Literasi Keuangan, diharapkan hasil dari kegiatan seminar tersebut adalah masyarakat desa Karangwangun menyadari bahwa kepentingan finansial harus di atur secara cerdas di era digital ini.', 'siapa pun masyarakat desa karangwangun yang tertarik hadir.', 'acara seminar finansial yang bermanfaat dan fleksibel untuk siapapun.', NULL, '2026-07-12 17:27:56', '2026-07-12 17:27:56'),
(59, 11, 144, 'PENGEMBANGAN WEBSITE PELAYANAN DESA DAN  LITERASI BERBASIS DONGENG DESA', 'Perkembangan teknologi informasi dan pentingnya peningkatan kualitas sumber daya manusia mendorong desa untuk bertransformasi menjadi desa yang cerdas, mandiri, dan berdaya saing. Namun, Desa Margasari dan Dukuh Tengah masih menghadapi beberapa tantangan, seperti belum optimalnya pemanfaatan teknologi digital dalam pelayanan publik, promosi UMKM yang masih terbatas, serta rendahnya minat literasi masyarakat, khususnya anak-anak. Di sisi lain, kedua desa memiliki potensi lokal yang besar, seperti produk UMKM, budaya, dan cerita rakyat yang dapat dikembangkan melalui inovasi berbasis digital. Oleh karena itu, Program KKN mengusung tema \"SMART MARGASARI DAN DUKUH TENGAH 2026: Membangun Desa Cerdas melalui Literasi, Digitalisasi, UMKM Berdaya, dan Infrastruktur Berkelanjutan\" dengan dua program unggulan, yaitu Desa Digital Berbasis Potensi Lokal dan Gerakan Literasi Berbasis Dongeng Desa. Program ini bertujuan meningkatkan kualitas pelayanan desa, memperkuat promosi UMKM, memperluas akses informasi, serta menumbuhkan budaya literasi melalui pemanfaatan cerita rakyat sebagai media edukasi. Melalui kedua program tersebut, diharapkan tercipta desa yang lebih cerdas, adaptif, dan berdaya saing, dengan memadukan digitalisasi, pemberdayaan ekonomi, peningkatan literasi, serta pelestarian budaya lokal secara berkelanjutan.', 'Pemerintah desa, Pelaku UMKM, Guru, Siswa, pemuda desa, dan Masyarakat di Desa Margasari dan Dukuh Tengah sebagai pengguna layanan.', 'Website pelayanan desa dan animasi digital berbasis dongeng desa', NULL, '2026-07-12 20:28:00', '2026-07-12 22:39:52'),
(60, 4, 207, 'Pendampingan Pemasaran UMKM melalui Optimalisasi Branding dan Pemasaran Digital di Desa Randusari dan Desa Surokidul', 'Pendampingan branding dan pemasaran digital bagi UMKM melalui pelatihan, pembuatan banner promosi, optimalisasi media sosial, serta penyusunan strategi pemasaran untuk meningkatkan daya saing dan memperluas jangkauan pemasaran produk di Desa Randusari dan Desa Surokidul', '7 pelaku UMKM di Desa Randusari dan SmDesa Surokidul', 'Meningkatnya kemampuan pelaku UMKM dalam membangun branding dan memanfaatkan pemasaran digital, tersedianya banner promosi sebagai media pemasaran, serta optimalnya penggunaan media sosial untuk memperluas jangkauan promosi dan meningkatkan daya saing produk UMKM di Desa Randusari dan Desa Surokidul', NULL, '2026-07-12 21:07:20', '2026-07-12 21:07:20'),
(61, 4, 207, 'Bimbingan Belajar (Bimbel) di Desa Randusari dan Desa Surokidul', 'Adapun kegiatan yang akan dilaksanakan meliputi pemberian bimbingan belajar kepada siswa sekolah dasar di dua desa sasaran sesuai dengan materi yang dipelajari di sekolah, pendampingan dalam menyelesaikan tugas sekolah, serta pemberian permainan edukatif untuk meningkatkan minat belajar. Kegiatan dilaksanakan secara berkala dengan metode belajar yang interaktif sehingga diharapkan dapat meningkatkan pemahaman materi, motivasi belajar, dan kepercayaan diri siswa', '10 - 15 Siswa Sekolah Dasar di Desa Randusari dan Desa Surokidul', 'Meningkatnya pemahaman materi pelajaran, motivasi belajar siswa, serta terselenggaranya kegiatan bimbingan belajar yang interaktif dan berkelanjutan di dua desa sasaran', NULL, '2026-07-12 21:11:46', '2026-07-12 21:13:21');

-- --------------------------------------------------------

--
-- Table structure for table `kkn_settings`
--

CREATE TABLE `kkn_settings` (
  `id` int NOT NULL,
  `setting_key` varchar(200) NOT NULL,
  `setting_value` text,
  `updated_at` datetime DEFAULT CURRENT_TIMESTAMP ON UPDATE CURRENT_TIMESTAMP
) ENGINE=InnoDB DEFAULT CHARSET=utf8mb4 COLLATE=utf8mb4_0900_ai_ci;

--
-- Dumping data for table `kkn_settings`
--

INSERT INTO `kkn_settings` (`id`, `setting_key`, `setting_value`, `updated_at`) VALUES
(1, 'kkn_sertifikat_link_global', '', '2026-06-19 01:17:12'),
(5, 'kkn_tpl_artikel_pengabdian', 'https://docs.google.com/document/d/1UuYwOk9CpAaKNS610j2URbVpvGRsse-k/edit?usp=sharing&ouid=108160763711899630093&rtpof=true&sd=true', '2026-06-22 15:02:56'),
(6, 'kkn_tpl_laporan_kelompok', 'https://docs.google.com/document/d/1ztZ5ejKqCZmGMMui8w3LYZMzMvNrR0Lm/edit?usp=drive_link&ouid=108160763711899630093&rtpof=true&sd=true', '2026-06-19 06:43:38'),
(7, 'kkn_tpl_rpk', 'https://docs.google.com/document/d/14kOpvkJ-wAnOt1f56KaqeiryYH_-ymTn/edit?usp=sharing&ouid=108160763711899630093&rtpof=true&sd=true', '2026-06-19 06:43:38'),
(17, 'kkn_tpl_laporan_kel_tegal', 'https://drive.google.com/drive/folders/1aTQdCP_Je1TZfYzeH6cTlI7S8MQeEpIn?usp=sharing', '2026-06-19 06:48:54'),
(22, 'kkn_catatan_evaluasi', '[{\"id\":\"6a38b79b5f95d\",\"isi\":\"Pendaftaran KKN terutama pembayaran, bidang keuangan tidak koordinasi dengan LPPM\",\"by\":\"Admin LPPM\",\"at\":\"2026-06-22 11:18:35\"},{\"id\":\"6a38b87936fba\",\"isi\":\"Masih ada pendaftaran susulan, meskipun panitia kkn sudah membuat timeline\",\"by\":\"Admin LPPM\",\"at\":\"2026-06-22 11:22:17\"},{\"id\":\"6a38b8f616241\",\"isi\":\"Panitia KKN harus sudah mengantongi nama desa, agar Bapperida membuat surat pengantar ke kecamatan dan desa, meskipun panitia sudah melakukan koordinasi baik luring maupun daring dengan Bapperida dan kecamatan.\",\"by\":\"Admin LPPM\",\"at\":\"2026-06-22 11:24:22\"},{\"id\":\"6a43070815088\",\"isi\":\"Sampai dengan batas waktu pengisian proker (individu dan Kelompok) 29 Juni 2026 Pukul 23.59 wib, terdapat 39 dari 271 mahasiswa belum input proker. Terjadi kendala juga server sedang down sekitar pukul 18.30 wib.\",\"by\":\"Admin LPPM\",\"at\":\"2026-06-30 07:00:08\"},{\"id\":\"6a445f5fcb6f7\",\"isi\":\"Panitia menetapkan perpanjangan pengisian proker (individu dan kelompok) sejak pelepasan mahasiswa kkn (30 Juni 2026) sampai dengan tanggal 5 Juli 2026, pukul 23.59 wib.\",\"by\":\"Admin LPPM\",\"at\":\"2026-07-01 07:29:19\"}]', '2026-07-01 07:29:19'),
(34, 'kkn_narasumber_files', '[{\"id\":\"6a3dbb1849583\",\"judul\":\"Materi Pembekalan KKN 2026 Bapperida Cirebon\",\"link\":\"https:\\/\\/drive.google.com\\/file\\/d\\/1NwtiVHAr9e5IqpPZyxYOG7joinHuH91W\\/view?usp=sharing\",\"at\":\"2026-06-26 06:34:48\"},{\"id\":\"6a3dbb2b2c5c1\",\"judul\":\"Materi Pembekalan Bapperida Brebes\",\"link\":\"https:\\/\\/drive.google.com\\/file\\/d\\/1-E0uR29gCcSAQj07cwJ0wRqnfihlfBDZ\\/view?usp=sharing\",\"at\":\"2026-06-26 06:35:07\"},{\"id\":\"6a3dbbc3a14c5\",\"judul\":\"Materi Pembekalan KKN 2026 Bapperida Pemalang\",\"link\":\"https:\\/\\/drive.google.com\\/file\\/d\\/1c2q6exj-OD8q4f76MvXpkLssy0LzXbr4\\/view?usp=sharing\",\"at\":\"2026-06-26 06:37:39\"},{\"id\":\"6a3dbbe2af976\",\"judul\":\"Materi Pembekalan Bapperida Tegal\",\"link\":\"https:\\/\\/drive.google.com\\/file\\/d\\/1WdgWTvOyiQmO3loTyJFKyvfHdGgxd-z5\\/view?usp=sharing\",\"at\":\"2026-06-26 06:38:10\"}]', '2026-06-26 06:38:10'),
(46, 'kkn_tpl_lembar_penilaian', 'https://docs.google.com/document/d/16iwPL305D8dBOCipqBnTJAfjYG57pdvt/edit?usp=sharing&ouid=108160763711899630093&rtpof=true&sd=true', '2026-06-27 08:33:04');

--
-- Indexes for dumped tables
--

--
-- Indexes for table `bima_bos`
--
ALTER TABLE `bima_bos`
  ADD PRIMARY KEY (`id`);

--
-- Indexes for table `bima_gaji`
--
ALTER TABLE `bima_gaji`
  ADD PRIMARY KEY (`id`);

--
-- Indexes for table `bima_kas`
--
ALTER TABLE `bima_kas`
  ADD PRIMARY KEY (`id`);

--
-- Indexes for table `bima_klaster`
--
ALTER TABLE `bima_klaster`
  ADD PRIMARY KEY (`id`);

--
-- Indexes for table `bima_ppdb`
--
ALTER TABLE `bima_ppdb`
  ADD PRIMARY KEY (`id`),
  ADD UNIQUE KEY `no_daftar` (`no_daftar`),
  ADD KEY `klaster_pilihan` (`klaster_pilihan`);

--
-- Indexes for table `bima_santri`
--
ALTER TABLE `bima_santri`
  ADD PRIMARY KEY (`id`),
  ADD UNIQUE KEY `nis` (`nis`),
  ADD KEY `klaster_id` (`klaster_id`);

--
-- Indexes for table `bima_spp`
--
ALTER TABLE `bima_spp`
  ADD PRIMARY KEY (`id`),
  ADD UNIQUE KEY `unique_spp` (`santri_id`,`bulan`,`tahun`);

--
-- Indexes for table `kkn_dpl`
--
ALTER TABLE `kkn_dpl`
  ADD PRIMARY KEY (`id`),
  ADD UNIQUE KEY `nidn` (`nidn`),
  ADD KEY `user_id` (`user_id`);

--
-- Indexes for table `kkn_logbook`
--
ALTER TABLE `kkn_logbook`
  ADD PRIMARY KEY (`id`),
  ADD UNIQUE KEY `unique_logbook` (`mahasiswa_id`,`minggu`,`kegiatan_no`);

--
-- Indexes for table `kkn_luaran`
--
ALTER TABLE `kkn_luaran`
  ADD PRIMARY KEY (`id`),
  ADD UNIQUE KEY `uk_mhs_jenis` (`mahasiswa_id`,`jenis`);

--
-- Indexes for table `kkn_luaran_kelompok`
--
ALTER TABLE `kkn_luaran_kelompok`
  ADD PRIMARY KEY (`id`),
  ADD UNIQUE KEY `uk_dpl_jenis` (`dpl_id`,`jenis`),
  ADD KEY `ketua_id` (`ketua_id`);

--
-- Indexes for table `kkn_mahasiswa`
--
ALTER TABLE `kkn_mahasiswa`
  ADD PRIMARY KEY (`id`),
  ADD UNIQUE KEY `nim` (`nim`),
  ADD KEY `user_id` (`user_id`),
  ADD KEY `dpl_id` (`dpl_id`);

--
-- Indexes for table `kkn_monev`
--
ALTER TABLE `kkn_monev`
  ADD PRIMARY KEY (`id`),
  ADD UNIQUE KEY `nidn` (`nidn`);

--
-- Indexes for table `kkn_monev_eval`
--
ALTER TABLE `kkn_monev_eval`
  ADD PRIMARY KEY (`id`),
  ADD UNIQUE KEY `monev_logbook` (`monev_id`,`logbook_id`);

--
-- Indexes for table `kkn_monev_eval_lapkel`
--
ALTER TABLE `kkn_monev_eval_lapkel`
  ADD PRIMARY KEY (`id`),
  ADD UNIQUE KEY `monev_dpl` (`monev_id`,`dpl_id`);

--
-- Indexes for table `kkn_monev_lapkel`
--
ALTER TABLE `kkn_monev_lapkel`
  ADD PRIMARY KEY (`id`),
  ADD UNIQUE KEY `monev_kec` (`monev_id`,`kecamatan`);

--
-- Indexes for table `kkn_monev_luaran`
--
ALTER TABLE `kkn_monev_luaran`
  ADD PRIMARY KEY (`id`),
  ADD UNIQUE KEY `monev_mhs_jenis` (`monev_id`,`mhs_id`,`jenis_luaran`);

--
-- Indexes for table `kkn_monev_mhs`
--
ALTER TABLE `kkn_monev_mhs`
  ADD PRIMARY KEY (`id`),
  ADD KEY `monev_id` (`monev_id`);

--
-- Indexes for table `kkn_nilai_desa`
--
ALTER TABLE `kkn_nilai_desa`
  ADD PRIMARY KEY (`id`),
  ADD UNIQUE KEY `unique_mhs` (`mahasiswa_id`);

--
-- Indexes for table `kkn_penilaian`
--
ALTER TABLE `kkn_penilaian`
  ADD PRIMARY KEY (`id`),
  ADD UNIQUE KEY `unique_penilaian` (`mahasiswa_id`,`dpl_id`),
  ADD KEY `dpl_id` (`dpl_id`);

--
-- Indexes for table `kkn_proker_individu`
--
ALTER TABLE `kkn_proker_individu`
  ADD PRIMARY KEY (`id`),
  ADD KEY `mahasiswa_id` (`mahasiswa_id`);

--
-- Indexes for table `kkn_proker_kelompok`
--
ALTER TABLE `kkn_proker_kelompok`
  ADD PRIMARY KEY (`id`),
  ADD KEY `dpl_id` (`dpl_id`);

--
-- Indexes for table `kkn_settings`
--
ALTER TABLE `kkn_settings`
  ADD PRIMARY KEY (`id`),
  ADD UNIQUE KEY `setting_key` (`setting_key`);

--
-- AUTO_INCREMENT for dumped tables
--

--
-- AUTO_INCREMENT for table `bima_bos`
--
ALTER TABLE `bima_bos`
  MODIFY `id` int UNSIGNED NOT NULL AUTO_INCREMENT, AUTO_INCREMENT=13;

--
-- AUTO_INCREMENT for table `bima_gaji`
--
ALTER TABLE `bima_gaji`
  MODIFY `id` int UNSIGNED NOT NULL AUTO_INCREMENT, AUTO_INCREMENT=19;

--
-- AUTO_INCREMENT for table `bima_kas`
--
ALTER TABLE `bima_kas`
  MODIFY `id` int UNSIGNED NOT NULL AUTO_INCREMENT, AUTO_INCREMENT=29;

--
-- AUTO_INCREMENT for table `bima_klaster`
--
ALTER TABLE `bima_klaster`
  MODIFY `id` tinyint UNSIGNED NOT NULL AUTO_INCREMENT, AUTO_INCREMENT=5;

--
-- AUTO_INCREMENT for table `bima_ppdb`
--
ALTER TABLE `bima_ppdb`
  MODIFY `id` int UNSIGNED NOT NULL AUTO_INCREMENT, AUTO_INCREMENT=9;

--
-- AUTO_INCREMENT for table `bima_santri`
--
ALTER TABLE `bima_santri`
  MODIFY `id` int UNSIGNED NOT NULL AUTO_INCREMENT, AUTO_INCREMENT=16;

--
-- AUTO_INCREMENT for table `bima_spp`
--
ALTER TABLE `bima_spp`
  MODIFY `id` int UNSIGNED NOT NULL AUTO_INCREMENT, AUTO_INCREMENT=31;

--
-- AUTO_INCREMENT for table `kkn_dpl`
--
ALTER TABLE `kkn_dpl`
  MODIFY `id` int NOT NULL AUTO_INCREMENT, AUTO_INCREMENT=27;

--
-- AUTO_INCREMENT for table `kkn_logbook`
--
ALTER TABLE `kkn_logbook`
  MODIFY `id` int NOT NULL AUTO_INCREMENT, AUTO_INCREMENT=35724;

--
-- AUTO_INCREMENT for table `kkn_luaran`
--
ALTER TABLE `kkn_luaran`
  MODIFY `id` int NOT NULL AUTO_INCREMENT, AUTO_INCREMENT=11;

--
-- AUTO_INCREMENT for table `kkn_luaran_kelompok`
--
ALTER TABLE `kkn_luaran_kelompok`
  MODIFY `id` int NOT NULL AUTO_INCREMENT, AUTO_INCREMENT=20;

--
-- AUTO_INCREMENT for table `kkn_mahasiswa`
--
ALTER TABLE `kkn_mahasiswa`
  MODIFY `id` int NOT NULL AUTO_INCREMENT, AUTO_INCREMENT=284;

--
-- AUTO_INCREMENT for table `kkn_monev`
--
ALTER TABLE `kkn_monev`
  MODIFY `id` int NOT NULL AUTO_INCREMENT, AUTO_INCREMENT=3;

--
-- AUTO_INCREMENT for table `kkn_monev_eval`
--
ALTER TABLE `kkn_monev_eval`
  MODIFY `id` int NOT NULL AUTO_INCREMENT;

--
-- AUTO_INCREMENT for table `kkn_monev_eval_lapkel`
--
ALTER TABLE `kkn_monev_eval_lapkel`
  MODIFY `id` int NOT NULL AUTO_INCREMENT;

--
-- AUTO_INCREMENT for table `kkn_monev_lapkel`
--
ALTER TABLE `kkn_monev_lapkel`
  MODIFY `id` int NOT NULL AUTO_INCREMENT, AUTO_INCREMENT=35;

--
-- AUTO_INCREMENT for table `kkn_monev_luaran`
--
ALTER TABLE `kkn_monev_luaran`
  MODIFY `id` int NOT NULL AUTO_INCREMENT;

--
-- AUTO_INCREMENT for table `kkn_monev_mhs`
--
ALTER TABLE `kkn_monev_mhs`
  MODIFY `id` int NOT NULL AUTO_INCREMENT, AUTO_INCREMENT=74;

--
-- AUTO_INCREMENT for table `kkn_nilai_desa`
--
ALTER TABLE `kkn_nilai_desa`
  MODIFY `id` int NOT NULL AUTO_INCREMENT;

--
-- AUTO_INCREMENT for table `kkn_penilaian`
--
ALTER TABLE `kkn_penilaian`
  MODIFY `id` int NOT NULL AUTO_INCREMENT, AUTO_INCREMENT=2;

--
-- AUTO_INCREMENT for table `kkn_proker_individu`
--
ALTER TABLE `kkn_proker_individu`
  MODIFY `id` int NOT NULL AUTO_INCREMENT, AUTO_INCREMENT=333;

--
-- AUTO_INCREMENT for table `kkn_proker_kelompok`
--
ALTER TABLE `kkn_proker_kelompok`
  MODIFY `id` int NOT NULL AUTO_INCREMENT, AUTO_INCREMENT=62;

--
-- AUTO_INCREMENT for table `kkn_settings`
--
ALTER TABLE `kkn_settings`
  MODIFY `id` int NOT NULL AUTO_INCREMENT, AUTO_INCREMENT=51;

--
-- Constraints for dumped tables
--

--
-- Constraints for table `bima_ppdb`
--
ALTER TABLE `bima_ppdb`
  ADD CONSTRAINT `bima_ppdb_ibfk_1` FOREIGN KEY (`klaster_pilihan`) REFERENCES `bima_klaster` (`id`);

--
-- Constraints for table `bima_santri`
--
ALTER TABLE `bima_santri`
  ADD CONSTRAINT `bima_santri_ibfk_1` FOREIGN KEY (`klaster_id`) REFERENCES `bima_klaster` (`id`) ON DELETE RESTRICT;

--
-- Constraints for table `bima_spp`
--
ALTER TABLE `bima_spp`
  ADD CONSTRAINT `bima_spp_ibfk_1` FOREIGN KEY (`santri_id`) REFERENCES `bima_santri` (`id`) ON DELETE CASCADE;

--
-- Constraints for table `kkn_dpl`
--
ALTER TABLE `kkn_dpl`
  ADD CONSTRAINT `kkn_dpl_ibfk_1` FOREIGN KEY (`user_id`) REFERENCES `kkn_users` (`id`) ON DELETE SET NULL;

--
-- Constraints for table `kkn_logbook`
--
ALTER TABLE `kkn_logbook`
  ADD CONSTRAINT `kkn_logbook_ibfk_1` FOREIGN KEY (`mahasiswa_id`) REFERENCES `kkn_mahasiswa` (`id`) ON DELETE CASCADE;

--
-- Constraints for table `kkn_luaran`
--
ALTER TABLE `kkn_luaran`
  ADD CONSTRAINT `kkn_luaran_ibfk_1` FOREIGN KEY (`mahasiswa_id`) REFERENCES `kkn_mahasiswa` (`id`) ON DELETE CASCADE;

--
-- Constraints for table `kkn_luaran_kelompok`
--
ALTER TABLE `kkn_luaran_kelompok`
  ADD CONSTRAINT `kkn_luaran_kelompok_ibfk_1` FOREIGN KEY (`dpl_id`) REFERENCES `kkn_dpl` (`id`) ON DELETE CASCADE,
  ADD CONSTRAINT `kkn_luaran_kelompok_ibfk_2` FOREIGN KEY (`ketua_id`) REFERENCES `kkn_mahasiswa` (`id`) ON DELETE CASCADE;

--
-- Constraints for table `kkn_mahasiswa`
--
ALTER TABLE `kkn_mahasiswa`
  ADD CONSTRAINT `kkn_mahasiswa_ibfk_1` FOREIGN KEY (`user_id`) REFERENCES `kkn_users` (`id`) ON DELETE SET NULL,
  ADD CONSTRAINT `kkn_mahasiswa_ibfk_2` FOREIGN KEY (`dpl_id`) REFERENCES `kkn_dpl` (`id`) ON DELETE SET NULL;

--
-- Constraints for table `kkn_penilaian`
--
ALTER TABLE `kkn_penilaian`
  ADD CONSTRAINT `kkn_penilaian_ibfk_1` FOREIGN KEY (`mahasiswa_id`) REFERENCES `kkn_mahasiswa` (`id`) ON DELETE CASCADE,
  ADD CONSTRAINT `kkn_penilaian_ibfk_2` FOREIGN KEY (`dpl_id`) REFERENCES `kkn_dpl` (`id`) ON DELETE CASCADE;
COMMIT;

